000
CXUS55 KVEF 260940
CF6EED
PRELIMINARY LOCAL CLIMATOLOGICAL DATA (WS FORM: F-6)

                                          STATION:   NEEDLES CA
                                          MONTH:     FEBRUARY
                                          YEAR:      2017
                                          LATITUDE:   34 46 N
                                          LONGITUDE: 114 37 W

  TEMPERATURE IN F:       :PCPN:    SNOW:  WIND      :SUNSHINE: SKY     :PK WND
================================================================================
1   2   3   4   5  6A  6B    7    8   9   10  11  12  13   14  15   16   17  18
                                     12Z  AVG MX 2MIN
DY MAX MIN AVG DEP HDD CDD  WTR  SNW DPTH SPD SPD DIR MIN PSBL S-S WX    SPD DR
================================================================================

 1  74  44  59   3   6   0 0.00  0.0    0  3.6 10 250   M    M   0        12 250
 2  74  51  63   7   2   0 0.00  0.0    0  5.4 12 250   M    M   0        13 260
 3  77  53  65   9   0   0 0.00  0.0    0  5.5 17 210   M    M   1        21 200
 4  75  52  64   8   1   0 0.00  0.0    0  5.6 13 140   M    M   0        16 190
 5  74  48  61   5   4   0 0.00  0.0    0  4.4 13 210   M    M   0        16 190
 6  71  57  64   7   1   0 0.00  0.0    0  6.1 16 210   M    M   3        20 220
 7  81  60  71  14   0   6 0.00  0.0    0  8.5 28 180   M    M   2        32 180
 8  80  60  70  13   0   5 0.00  0.0    0  4.5 10 110   M    M   0        13 100
 9  83  56  70  13   0   5 0.00  0.0    0  3.8 10 250   M    M   0        12 130
10  83  62  73  16   0   8 0.00  0.0    0  5.3 14 270   M    M   0        17 280
11  73  60  67   9   0   2    T  0.0    0  8.3 22  20   M    M   4        29  30
12  71  57  64   6   1   0 0.00  0.0    0 17.0 31  20   M    M   2        39  30
13  77  60  69  11   0   4 0.00  0.0    0 13.2 25  30   M    M   0        33  10
14  77  56  67   9   0   2 0.00  0.0    0 11.5 28  10   M    M   0        35  20
15  79  57  68  10   0   3 0.00  0.0    0  5.8 12 250   M    M   0        14  10
16  80  50  65   7   0   0 0.00  0.0    0  4.8 17 220   M    M   0        22 190
17  76  65  71  12   0   6    T  0.0    0 13.2 29 160   M    M   5        35 160
18  67  54  61   2   4   0 0.81  0.0    0  9.3 28 160   M    M  10 1      35 150
19  66  54  60   1   5   0 0.04  0.0    0  4.8 13 180   M    M   8 1      17 190
20  69  54  62   3   3   0 0.00  0.0    0  5.2 14 160   M    M   6        17 130
21  73  54  64   5   1   0    T  0.0    0  3.4 15 140   M    M   1        17 140
22  75  55  65   5   0   0 0.00  0.0    0  9.8 28 300   M    M   0        35 300
23  64  47  56  -4   9   0 0.00  0.0    0  8.6 23 290   M    M   0        29 360
24  63  41  52  -8  13   0 0.00  0.0    0  3.8 12  30   M    M   0        14  20
25  68  41  55  -5  10   0 0.00  0.0    0  4.1 17 190   M    M   1        21 190
================================================================================
SM 1850 1348        60  41  0.85     0.0 175.5          M       43
================================================================================
AV 74.0 53.9                               7.0 FASTST   M    M   2    MAX(MPH)
                                 MISC ---->  # 31  20               # 39   30
================================================================================
NOTES:
# LAST OF SEVERAL OCCURRENCES

COLUMN 17 PEAK WIND IN M.P.H.

PRELIMINARY LOCAL CLIMATOLOGICAL DATA (WS FORM: F-6) , PAGE 2

                                          STATION:  NEEDLES CA
                                          MONTH:    FEBRUARY
                                          YEAR:     2017
                                          LATITUDE:   34 46 N
                                          LONGITUDE: 114 37 W

[TEMPERATURE DATA]      [PRECIPITATION DATA]       SYMBOLS USED IN COLUMN 16

AVERAGE MONTHLY: 64.0   TOTAL FOR MONTH:   0.85    1 = FOG OR MIST
DPTR FM NORMAL:   6.0   DPTR FM NORMAL:    0.14    2 = FOG REDUCING VISIBILITY
HIGHEST:    83 ON 10, 9 GRTST 24HR  0.84 ON 18-19      TO 1/4 MILE OR LESS
LOWEST:     41 ON 25,24                            3 = THUNDER
                        SNOW, ICE PELLETS, HAIL    4 = ICE PELLETS
                        TOTAL MONTH:   0.0 INCH    5 = HAIL
                        GRTST 24HR     0.0         6 = FREEZING RAIN OR DRIZZLE
                        GRTST DEPTH:   0           7 = DUSTSTORM OR SANDSTORM:
                                                       VSBY 1/2 MILE OR LESS
                                                   8 = SMOKE OR HAZE
[NO. OF DAYS WITH]      [WEATHER - DAYS WITH]      9 = BLOWING SNOW
                                                   X = TORNADO
MAX 32 OR BELOW:   0    0.01 INCH OR MORE:   2
MAX 90 OR ABOVE:   0    0.10 INCH OR MORE:   1
MIN 32 OR BELOW:   0    0.50 INCH OR MORE:   1
MIN  0 OR BELOW:   0    1.00 INCH OR MORE:   0

[HDD (BASE 65) ]
TOTAL THIS MO.    60    CLEAR  (SCALE 0-3)  20
DPTR FM NORMAL  -123    PTCLDY (SCALE 4-7)   4
TOTAL FM JUL 1   711    CLOUDY (SCALE 8-10)  1
DPTR FM NORMAL  -329

[CDD (BASE 65) ]
TOTAL THIS MO.    41
DPTR FM NORMAL    37    [PRESSURE DATA]
TOTAL FM JAN 1    41    HIGHEST SLP M ON M
DPTR FM NORMAL    36    LOWEST  SLP 29.45 ON 18

[REMARKS]
