000
CXUS55 KVEF 210940
CF6EED
PRELIMINARY LOCAL CLIMATOLOGICAL DATA (WS FORM: F-6)

                                          STATION:   NEEDLES CA
                                          MONTH:     JANUARY
                                          YEAR:      2017
                                          LATITUDE:   34 46 N
                                          LONGITUDE: 114 37 W

  TEMPERATURE IN F:       :PCPN:    SNOW:  WIND      :SUNSHINE: SKY     :PK WND
================================================================================
1   2   3   4   5  6A  6B    7    8   9   10  11  12  13   14  15   16   17  18
                                     12Z  AVG MX 2MIN
DY MAX MIN AVG DEP HDD CDD  WTR  SNW DPTH SPD SPD DIR MIN PSBL S-S WX    SPD DR
================================================================================

 1  63  48  56   3   9   0 0.62    M    0  7.0 20 290   M    M   5 1      24 290
 2  58  50  54   1  11   0 0.00  0.0    0  7.3 20 200   M    M   4        27 200
 3  59  48  54   1  11   0 0.00  0.0    0  4.1 10 250   M    M   2        11 250
 4  65  44  55   2  10   0 0.00  0.0    0  5.7 15 220   M    M   2        17 220
 5  72  53  63  10   2   0 0.00  0.0    0 10.4 28 310   M    M   5        45 300
 6  61  44  53   0  12   0 0.00  0.0    0 16.6 30 360   M    M   0        38 360
 7  55  41  48  -5  17   0    T    M    0  3.4  9 330   M    M   4        12 360
 8  64  44  54   1  11   0 0.00  0.0    0  3.5  9 250   M    M   0        10 330
 9  66  51  59   5   6   0 0.01  0.0    0  5.4 14 150   M    M   3        17 140
10  70  49  60   6   5   0 0.00  0.0    0  7.1 17 220   M    M   0        21 150
11  70  51  61   7   4   0 0.00  0.0    0  7.1 17 200   M    M   1        23 200
12  64  53  59   5   6   0    T  0.0    0  5.9 14 200   M    M   3        18 180
13  69  52  61   7   4   0    T  0.0    0 10.5 22  10   M    M   4        26  10
14  62  56  59   5   6   0 0.03  0.0    0 15.2 29  10   M    M   6        36  10
15  67  49  58   4   7   0 0.00  0.0    0  8.2 16  20   M    M   3        20 360
16  62  47  55   1  10   0 0.00  0.0    0 10.6 28  30   M    M   0        34  20
17  64  47  56   2   9   0 0.00  0.0    0 10.5 25  20   M    M   0        31  20
18  66  39  53  -1  12   0 0.00  0.0    0  3.6 10 250   M    M   0        12 250
19  59  50  55   0  10   0 0.23  0.0    0  5.1 16 210   M    M   8 1      20 210
20  58  49  54  -1  11   0 0.06    M    0  7.2 24 200   M    M   7        31 210
================================================================================
SM 1274  965       173   0  0.95     0.0 154.4          M       57
================================================================================
AV 63.7 48.3                               7.7 FASTST   M    M   3    MAX(MPH)
                                 MISC ---->  # 30 360               # 45  300
================================================================================
NOTES:
# LAST OF SEVERAL OCCURRENCES

COLUMN 17 PEAK WIND IN M.P.H.

PRELIMINARY LOCAL CLIMATOLOGICAL DATA (WS FORM: F-6) , PAGE 2

                                          STATION:  NEEDLES CA
                                          MONTH:    JANUARY
                                          YEAR:     2017
                                          LATITUDE:   34 46 N
                                          LONGITUDE: 114 37 W

[TEMPERATURE DATA]      [PRECIPITATION DATA]       SYMBOLS USED IN COLUMN 16

AVERAGE MONTHLY: 56.0   TOTAL FOR MONTH:   0.95    1 = FOG OR MIST
DPTR FM NORMAL:   2.3   DPTR FM NORMAL:    0.47    2 = FOG REDUCING VISIBILITY
HIGHEST:    72 ON  5    GRTST 24HR  0.62 ON  1- 1      TO 1/4 MILE OR LESS
LOWEST:     39 ON 18                               3 = THUNDER
                        SNOW, ICE PELLETS, HAIL    4 = ICE PELLETS
                        TOTAL MONTH:   0.0 INCH    5 = HAIL
                        GRTST 24HR     0.0         6 = FREEZING RAIN OR DRIZZLE
                        GRTST DEPTH:   0           7 = DUSTSTORM OR SANDSTORM:
                                                       VSBY 1/2 MILE OR LESS
                                                   8 = SMOKE OR HAZE
[NO. OF DAYS WITH]      [WEATHER - DAYS WITH]      9 = BLOWING SNOW
                                                   X = TORNADO
MAX 32 OR BELOW:   0    0.01 INCH OR MORE:   5
MAX 90 OR ABOVE:   0    0.10 INCH OR MORE:   2
MIN 32 OR BELOW:   0    0.50 INCH OR MORE:   1
MIN  0 OR BELOW:   0    1.00 INCH OR MORE:   0

[HDD (BASE 65) ]
TOTAL THIS MO.   173    CLEAR  (SCALE 0-3)  11
DPTR FM NORMAL   -54    PTCLDY (SCALE 4-7)   9
TOTAL FM JUL 1   538    CLOUDY (SCALE 8-10)  0
DPTR FM NORMAL  -212

[CDD (BASE 65) ]
TOTAL THIS MO.     0
DPTR FM NORMAL     0    [PRESSURE DATA]
TOTAL FM JAN 1     0    HIGHEST SLP M ON M
DPTR FM NORMAL     0    LOWEST  SLP 29.38 ON 20

[REMARKS]
