000
CXUS55 KVEF 210940
CF6EED
PRELIMINARY LOCAL CLIMATOLOGICAL DATA (WS FORM: F-6)

                                          STATION:   NEEDLES CA
                                          MONTH:     SEPTEMBER
                                          YEAR:      2014
                                          LATITUDE:   34 46 N
                                          LONGITUDE: 114 37 W

  TEMPERATURE IN F:       :PCPN:    SNOW:  WIND      :SUNSHINE: SKY     :PK WND
================================================================================
1   2   3   4   5  6A  6B    7    8   9   10  11  12  13   14  15   16   17  18
                                     12Z  AVG MX 2MIN
DY MAX MIN AVG DEP HDD CDD  WTR  SNW DPTH SPD SPD DIR MIN PSBL S-S WX    SPD DR
================================================================================

 1 109  85  97   5   0  32 0.00  0.0    0  8.0 18 220   M    M   0        27 150
 2 110  80  95   3   0  30 0.00  0.0    0  6.2 21 170   M    M   0        24 170
 3 109  81  95   3   0  30 0.00  0.0    0  8.0 21 200   M    M   0        24 200
 4 108  82  95   3   0  30 0.00  0.0    0 10.3 26 200   M    M   1        36 200
 5 103  84  94   3   0  29 0.00  0.0    0  8.0 20 210   M    M   0        25 200
 6 107  83  95   4   0  30 0.00  0.0    0  5.3 16 250   M    M   0        21 190
 7 106  81  94   3   0  29    T  0.0    0  8.5 30  30   M    M   3 3      36  20
 8  92  76  84  -6   0  19 0.38  0.0    0  4.1 18 260   M    M   5 13     23 260
 9  96  77  87  -3   0  22 0.00  0.0    0  5.3 16 220   M    M   5        20 220
10 101  75  88  -2   0  23 0.00  0.0    0  3.1 10 250   M    M   0        12 260
11 105  76  91   2   0  26 0.00  0.0    0  4.3 14 250   M    M   0        15 250
12 108  77  93   4   0  28 0.00  0.0    0  4.6 17  10   M    M   0        21  20
13 106  77  92   3   0  27 0.00  0.0    0  4.8 12 250   M    M   0        17 160
14 108  83  96   8   0  31 0.00  0.0    0  5.0 13 250   M    M   0        15 250
15 110  83  97   9   0  32 0.00  0.0    0  3.3 10 360   M    M   0        14  10
16 104  78  91   3   0  26 0.49  0.0    0  9.0 40  80   M    M   1 38     55  80
17  98  79  89   2   0  24 0.00  0.0    0  3.6 13 140   M    M   0        17 140
18 102  82  92   5   0  27 0.00  0.0    0  4.6 18 190   M    M   1        23 190
19 101  81  91   5   0  26 0.00  0.0    0  7.5 15 220   M    M   0        20 220
20 102  78  90   4   0  25 0.00  0.0    0  6.1 17 220   M    M   1        23 240
================================================================================
SM 2085 1598         0 546  0.87     0.0 119.6          M       17
================================================================================
AV104.2 79.9                               6.0 FASTST   M    M   1    MAX(MPH)
                                 MISC ---->  # 40  80               # 55   80
================================================================================
NOTES:
# LAST OF SEVERAL OCCURRENCES

COLUMN 17 PEAK WIND IN M.P.H.

PRELIMINARY LOCAL CLIMATOLOGICAL DATA (WS FORM: F-6) , PAGE 2

                                          STATION:  NEEDLES CA
                                          MONTH:    SEPTEMBER
                                          YEAR:     2014
                                          LATITUDE:   34 46 N
                                          LONGITUDE: 114 37 W

[TEMPERATURE DATA]      [PRECIPITATION DATA]       SYMBOLS USED IN COLUMN 16

AVERAGE MONTHLY: 92.1   TOTAL FOR MONTH:   0.87    1 = FOG OR MIST
DPTR FM NORMAL:   2.7   DPTR FM NORMAL:    0.54    2 = FOG REDUCING VISIBILITY
HIGHEST:   110 ON 15, 2 GRTST 24HR  0.49 ON 16-16      TO 1/4 MILE OR LESS
LOWEST:     75 ON 10                               3 = THUNDER
                        SNOW, ICE PELLETS, HAIL    4 = ICE PELLETS
                        TOTAL MONTH:   0.0 INCH    5 = HAIL
                        GRTST 24HR     0.0         6 = FREEZING RAIN OR DRIZZLE
                        GRTST DEPTH:   0           7 = DUSTSTORM OR SANDSTORM:
                                                       VSBY 1/2 MILE OR LESS
                                                   8 = SMOKE OR HAZE
[NO. OF DAYS WITH]      [WEATHER - DAYS WITH]      9 = BLOWING SNOW
                                                   X = TORNADO
MAX 32 OR BELOW:   0    0.01 INCH OR MORE:   2
MAX 90 OR ABOVE:  20    0.10 INCH OR MORE:   2
MIN 32 OR BELOW:   0    0.50 INCH OR MORE:   0
MIN  0 OR BELOW:   0    1.00 INCH OR MORE:   0

[HDD (BASE 65) ]
TOTAL THIS MO.     0    CLEAR  (SCALE 0-3)  18
DPTR FM NORMAL     0    PTCLDY (SCALE 4-7)   2
TOTAL FM JUL 1     0    CLOUDY (SCALE 8-10)  0
DPTR FM NORMAL     0

[CDD (BASE 65) ]
TOTAL THIS MO.   546
DPTR FM NORMAL    58    [PRESSURE DATA]
TOTAL FM JAN 1  4421    HIGHEST SLP M ON M
DPTR FM NORMAL   430    LOWEST  SLP 29.45 ON  3

[REMARKS]
