000
CXUS55 KGJT 181000
CF6EEO
PRELIMINARY LOCAL CLIMATOLOGICAL DATA (WS FORM: F-6)

                                          STATION:   MEEKER CO
                                          MONTH:     NOVEMBER
                                          YEAR:      2017
                                          LATITUDE:   40  2 N
                                          LONGITUDE: 107 53 W

  TEMPERATURE IN F:       :PCPN:    SNOW:  WIND      :SUNSHINE: SKY     :PK WND
================================================================================
1   2   3   4   5  6A  6B    7    8   9   10  11  12  13   14  15   16   17  18
                                     12Z  AVG MX 2MIN
DY MAX MIN AVG DEP HDD CDD  WTR  SNW DPTH SPD SPD DIR MIN PSBL S-S WX    SPD DR
================================================================================

 1  60  29  45   7  20   0 0.00    M    M 11.3 23 230   M    M   1        31 210
 2  64  42  53  15  12   0 0.00    M    M 11.2 24 240   M    M   2        37 220
 3  61  32  47   9  18   0 0.00    M    M  7.7 28 220   M    M   4        33 260
 4  55  33  44   7  21   0 0.14    M    M 14.2 35 230   M    M   6 1      47 220
 5  53  36  45   8  20   0 0.23    M    M  5.8 24 240   M    M   7 13     33 220
 6  55  32  44   8  21   0 0.01    M    M  9.6 30 220   M    M   7 1      43 240
 7  43  26  35  -1  30   0 0.01    M    M  3.5 16  30   M    M   8 18     20  30
 8  45  17  31  -4  34   0 0.00    M    M  2.3  8  70   M    M   0        10  80
 9  57  24  41   6  24   0 0.00    M    M  5.3 23 240   M    M   0        29 250
10  59  26  43   9  22   0 0.00    M    M  4.6 22 240   M    M   0        27 240
11  53  22  38   4  27   0 0.00    M    M  3.6 18 320   M    M   0        24 330
12  58  19  39   5  26   0 0.00    M    M  2.3 14 230   M    M   0        17 240
13  65  25  45  12  20   0 0.00    M    M  6.1 24 230   M    M   1        29 240
14  62  24  43  10  22   0 0.00    M    M  5.7 25 300   M    M   1        35 300
15  60  19  40   8  25   0 0.00    M    M  4.7 23 220   M    M   0        32 220
16  61  32  47  15  18   0 0.00    M    M 12.3 28 200   M    M   2        40 210
17  61  25  43  12  22   0 0.29    M    M 23.6 41 230   M    M   9 1      51 230
================================================================================
SM  972  463       382   0  0.68    M    133.8          M       48
================================================================================
AV 57.2 27.2                               7.9 FASTST   M    M   3    MAX(MPH)
                                 MISC ---->  # 41 230               # 51  230
================================================================================
NOTES:
# LAST OF SEVERAL OCCURRENCES

COLUMN 17 PEAK WIND IN M.P.H.

PRELIMINARY LOCAL CLIMATOLOGICAL DATA (WS FORM: F-6) , PAGE 2

                                          STATION:  MEEKER CO
                                          MONTH:    NOVEMBER
                                          YEAR:     2017
                                          LATITUDE:   40  2 N
                                          LONGITUDE: 107 53 W

[TEMPERATURE DATA]      [PRECIPITATION DATA]       SYMBOLS USED IN COLUMN 16

AVERAGE MONTHLY: 42.2   TOTAL FOR MONTH:   0.68    1 = FOG OR MIST
DPTR FM NORMAL:   7.3   DPTR FM NORMAL:   -0.24    2 = FOG REDUCING VISIBILITY
HIGHEST:    65 ON 13    GRTST 24HR  0.29 ON 17-17      TO 1/4 MILE OR LESS
LOWEST:     17 ON  8                               3 = THUNDER
                        SNOW, ICE PELLETS, HAIL    4 = ICE PELLETS
                        TOTAL MONTH:    M          5 = HAIL
                        GRTST 24HR    M  ON   M    6 = FREEZING RAIN OR DRIZZLE
                        GRTST DEPTH:  M  ON   M    7 = DUSTSTORM OR SANDSTORM:
                                                       VSBY 1/2 MILE OR LESS
                                                   8 = SMOKE OR HAZE
[NO. OF DAYS WITH]      [WEATHER - DAYS WITH]      9 = BLOWING SNOW
                                                   X = TORNADO
MAX 32 OR BELOW:   0    0.01 INCH OR MORE:   5
MAX 90 OR ABOVE:   0    0.10 INCH OR MORE:   3
MIN 32 OR BELOW:  14    0.50 INCH OR MORE:   0
MIN  0 OR BELOW:   0    1.00 INCH OR MORE:   0

[HDD (BASE 65) ]
TOTAL THIS MO.   382    CLEAR  (SCALE 0-3)  11
DPTR FM NORMAL  -131    PTCLDY (SCALE 4-7)   5
TOTAL FM JUL 1  1255    CLOUDY (SCALE 8-10)  1
DPTR FM NORMAL  -202

[CDD (BASE 65) ]
TOTAL THIS MO.     0
DPTR FM NORMAL     0    [PRESSURE DATA]
TOTAL FM JAN 1   321    HIGHEST SLP M ON M
DPTR FM NORMAL   149    LOWEST  SLP 29.43 ON 17

[REMARKS]
