000
CXUS55 KGJT 171000
CF6EEO
PRELIMINARY LOCAL CLIMATOLOGICAL DATA (WS FORM: F-6)

                                          STATION:   MEEKER CO
                                          MONTH:     JANUARY
                                          YEAR:      2018
                                          LATITUDE:   40  2 N
                                          LONGITUDE: 107 53 W

  TEMPERATURE IN F:       :PCPN:    SNOW:  WIND      :SUNSHINE: SKY     :PK WND
================================================================================
1   2   3   4   5  6A  6B    7    8   9   10  11  12  13   14  15   16   17  18
                                     12Z  AVG MX 2MIN
DY MAX MIN AVG DEP HDD CDD  WTR  SNW DPTH SPD SPD DIR MIN PSBL S-S WX    SPD DR
================================================================================

 1  39  12  26   6  39   0 0.00    M    M  1.6  8  60   M    M   4        10 110
 2  38   5  22   2  43   0 0.00    M    M  2.9  9  70   M    M   0        11 210
 3  45   3  24   4  41   0 0.00    M    M  1.4  8 230   M    M   0        11 230
 4  47   5  26   6  39   0 0.00    M    M  2.6  8  90   M    M   0        13 110
 5  50  12  31  11  34   0 0.00    M    M  2.6  7  60   M    M   2         9  90
 6  48  18  33  13  32   0 0.39    M    M  2.6 21 220   M    M   7 1      27 220
 7  39  20  30  10  35   0    T    M    M  3.1  9  40   M    M   5 12     10  40
 8  45  16  31  11  34   0    T    M    M  4.3 22 220   M    M   2        31 210
 9  50  33  42  22  23   0    T    M    M  4.6 16 250   M    M  10        20 190
10  42  22  32  12  33   0 0.48    M    M  3.6 20 330   M    M   8 1      25 330
11  35  15  25   5  40   0 0.00    M    M  2.7 12 220   M    M   5        16 200
12  41  24  33  13  32   0 0.01    M    M  5.0 16 280   M    M   7 1      22 260
13  43  19  31  11  34   0 0.00    M    M  2.4 13 140   M    M   3        16 130
14  47  19  33  13  32   0 0.00    M    M  2.7 14 130   M    M   0        18 130
15  36  16  26   6  39   0 0.00    M    M  6.6 23  20   M    M   2        27  30
16  36   7  22   2  43   0 0.00    M    M  2.2 10 110   M    M   0        13  70
================================================================================
SM  681  246       573   0  0.88    M     50.9          M       55
================================================================================
AV 42.6 15.4                               3.2 FASTST   M    M   3    MAX(MPH)
                                 MISC ---->  # 23  20               # 31  210
================================================================================
NOTES:
# LAST OF SEVERAL OCCURRENCES

COLUMN 17 PEAK WIND IN M.P.H.

PRELIMINARY LOCAL CLIMATOLOGICAL DATA (WS FORM: F-6) , PAGE 2

                                          STATION:  MEEKER CO
                                          MONTH:    JANUARY
                                          YEAR:     2018
                                          LATITUDE:   40  2 N
                                          LONGITUDE: 107 53 W

[TEMPERATURE DATA]      [PRECIPITATION DATA]       SYMBOLS USED IN COLUMN 16

AVERAGE MONTHLY: 29.0   TOTAL FOR MONTH:   0.88    1 = FOG OR MIST
DPTR FM NORMAL:   9.0   DPTR FM NORMAL:    0.36    2 = FOG REDUCING VISIBILITY
HIGHEST:    50 ON  9, 5 GRTST 24HR  0.48 ON 10-10      TO 1/4 MILE OR LESS
LOWEST:      3 ON  3                               3 = THUNDER
                        SNOW, ICE PELLETS, HAIL    4 = ICE PELLETS
                        TOTAL MONTH:    M          5 = HAIL
                        GRTST 24HR    M  ON   M    6 = FREEZING RAIN OR DRIZZLE
                        GRTST DEPTH:  M  ON   M    7 = DUSTSTORM OR SANDSTORM:
                                                       VSBY 1/2 MILE OR LESS
                                                   8 = SMOKE OR HAZE
[NO. OF DAYS WITH]      [WEATHER - DAYS WITH]      9 = BLOWING SNOW
                                                   X = TORNADO
MAX 32 OR BELOW:   0    0.01 INCH OR MORE:   3
MAX 90 OR ABOVE:   0    0.10 INCH OR MORE:   2
MIN 32 OR BELOW:  15    0.50 INCH OR MORE:   0
MIN  0 OR BELOW:   0    1.00 INCH OR MORE:   0

[HDD (BASE 65) ]
TOTAL THIS MO.   573    CLEAR  (SCALE 0-3)   9
DPTR FM NORMAL  -150    PTCLDY (SCALE 4-7)   6
TOTAL FM JUL 1  3270    CLOUDY (SCALE 8-10)  1
DPTR FM NORMAL  -742

[CDD (BASE 65) ]
TOTAL THIS MO.     0
DPTR FM NORMAL     0    [PRESSURE DATA]
TOTAL FM JAN 1     0    HIGHEST SLP M ON M
DPTR FM NORMAL     0    LOWEST  SLP 29.39 ON 10

[REMARKS]
