000
CXUS55 KGJT 281000
CF6EEO
PRELIMINARY LOCAL CLIMATOLOGICAL DATA (WS FORM: F-6)

                                          STATION:   MEEKER CO
                                          MONTH:     JULY
                                          YEAR:      2015
                                          LATITUDE:   40  2 N
                                          LONGITUDE: 107 53 W

  TEMPERATURE IN F:       :PCPN:    SNOW:  WIND      :SUNSHINE: SKY     :PK WND
================================================================================
1   2   3   4   5  6A  6B    7    8   9   10  11  12  13   14  15   16   17  18
                                     12Z  AVG MX 2MIN
DY MAX MIN AVG DEP HDD CDD  WTR  SNW DPTH SPD SPD DIR MIN PSBL S-S WX    SPD DR
================================================================================

 1  88  53  71   6   0   6 0.00    M    M  3.8 13 150   M    M   1        17 150
 2  91  55  73   8   0   8 0.00    M    M  5.5 15  60   M    M   0        25  70
 3  89  55  72   7   0   7 0.00    M    M  3.7 12  50   M    M   2 3      18  70
 4  89  55  72   7   0   7    T    M    M  5.7 29 310   M    M   1        35 320
 5  72  54  63  -3   2   0 0.27    M    M  4.8 21 320   M    M   5 13     27 310
 6  78  54  66   0   0   1 0.04    M    M  4.1 18  50   M    M   5 13     27  60
 7  68  56  62  -4   3   0 0.13    M    M  3.6 12 330   M    M   7 13     15 330
 8  68  53  61  -5   4   0 0.11    M    M  3.1 20  10   M    M   7 13     24  40
 9  76  47  62  -4   3   0 0.18    M    M  4.3 29 260   M    M   4 3      39 270
10  75  53  64  -2   1   0 0.07    M    M  7.4 21 210   M    M   5 13     27 190
11  79  47  63  -4   2   0 0.01    M    M  8.0 38 230   M    M   3 3      50 230
12  85  49  67   0   0   2 0.00    M    M  8.1 25 210   M    M   1        32 220
13  84  53  69   2   0   4    T    M    M  4.5 18 290   M    M   1 3      31  90
14  83  50  67   0   0   2 0.10    M    M  5.2 23 250   M    M   3 13     30 240
15  80  49  65  -2   0   0 0.17    M    M  5.3 29 230   M    M   1 3      33 230
16  83  45  64  -4   1   0    T    M    M  5.8 18 210   M    M   1 3      24 220
17  86  50  68   0   0   3 0.02    M    M  8.5 29 250   M    M   1 3      50 240
18  80  49  65  -3   0   0 0.37    M    M  7.9 39 260   M    M   4 3      51 270
19  75  51  63  -5   2   0 0.01    M    M  2.5 13 100   M    M   5        16 100
20  83  49  66  -2   0   1    T    M    M  4.4 12  60   M    M   3        15 240
21  70  53  62  -6   3   0 0.14    M    M  4.9 23 230   M    M   7 13     28 230
22  83  51  67  -1   0   2    T    M    M  6.5 31 280   M    M   3 3      46 260
23  87  49  68   0   0   3 0.00    M    M  8.2 26 210   M    M   0        35 250
24  87  47  67  -1   0   2 0.00    M    M  6.5 16 120   M    M   1        26 100
25  87  48  68   0   0   3 0.00    M    M  6.1 18 220   M    M   1        26 220
26  90  45  68   0   0   3 0.00    M    M  7.0 20 210   M    M   0        31 210
27  88  51  70   2   0   5 0.00    M    M 11.7 35 210   M    M   1        48 240
================================================================================
SM 2204 1371        21  59  1.62    M    157.1          M       73
================================================================================
AV 81.6 50.8                               5.8 FASTST   M    M   3    MAX(MPH)
                                 MISC ---->  # 39 260               # 51  270
================================================================================
NOTES:
# LAST OF SEVERAL OCCURRENCES

COLUMN 17 PEAK WIND IN M.P.H.

PRELIMINARY LOCAL CLIMATOLOGICAL DATA (WS FORM: F-6) , PAGE 2

                                          STATION:  MEEKER CO
                                          MONTH:    JULY
                                          YEAR:     2015
                                          LATITUDE:   40  2 N
                                          LONGITUDE: 107 53 W

[TEMPERATURE DATA]      [PRECIPITATION DATA]       SYMBOLS USED IN COLUMN 16

AVERAGE MONTHLY: 66.2   TOTAL FOR MONTH:   1.62    1 = FOG OR MIST
DPTR FM NORMAL:  -0.7   DPTR FM NORMAL:    0.65    2 = FOG REDUCING VISIBILITY
HIGHEST:    91 ON  2    GRTST 24HR  0.38 ON 18-19      TO 1/4 MILE OR LESS
LOWEST:     45 ON 26,16                            3 = THUNDER
                        SNOW, ICE PELLETS, HAIL    4 = ICE PELLETS
                        TOTAL MONTH:    M          5 = HAIL
                        GRTST 24HR    M  ON   M    6 = FREEZING RAIN OR DRIZZLE
                        GRTST DEPTH:  M  ON   M    7 = DUSTSTORM OR SANDSTORM:
                                                       VSBY 1/2 MILE OR LESS
                                                   8 = SMOKE OR HAZE
[NO. OF DAYS WITH]      [WEATHER - DAYS WITH]      9 = BLOWING SNOW
                                                   X = TORNADO
MAX 32 OR BELOW:   0    0.01 INCH OR MORE:  13
MAX 90 OR ABOVE:   2    0.10 INCH OR MORE:   8
MIN 32 OR BELOW:   0    0.50 INCH OR MORE:   0
MIN  0 OR BELOW:   0    1.00 INCH OR MORE:   0

[HDD (BASE 65) ]
TOTAL THIS MO.    21    CLEAR  (SCALE 0-3)  18
DPTR FM NORMAL     5    PTCLDY (SCALE 4-7)   9
TOTAL FM JUL 1    21    CLOUDY (SCALE 8-10)  0
DPTR FM NORMAL     5

[CDD (BASE 65) ]
TOTAL THIS MO.    59
DPTR FM NORMAL   -10    [PRESSURE DATA]
TOTAL FM JAN 1   138    HIGHEST SLP M ON M
DPTR FM NORMAL    51    LOWEST  SLP 29.69 ON 27

[REMARKS]
