000
CXUS55 KGJT 211000
CF6EEO
PRELIMINARY LOCAL CLIMATOLOGICAL DATA (WS FORM: F-6)

                                          STATION:   MEEKER CO
                                          MONTH:     SEPTEMBER
                                          YEAR:      2017
                                          LATITUDE:   40  2 N
                                          LONGITUDE: 107 53 W

  TEMPERATURE IN F:       :PCPN:    SNOW:  WIND      :SUNSHINE: SKY     :PK WND
================================================================================
1   2   3   4   5  6A  6B    7    8   9   10  11  12  13   14  15   16   17  18
                                     12Z  AVG MX 2MIN
DY MAX MIN AVG DEP HDD CDD  WTR  SNW DPTH SPD SPD DIR MIN PSBL S-S WX    SPD DR
================================================================================

 1  85  46  66   4   0   1 0.00    M    M  4.6 15  50   M    M   1        20  30
 2  90  45  68   6   0   3 0.00    M    M  5.0 12  10   M    M   0        14  20
 3  93  46  70   8   0   5 0.00    M    M  5.9 16  20   M    M   0        20 250
 4  93  45  69   8   0   4 0.00    M    M  6.3 18 360   M    M   0        22 360
 5  85  42  64   3   1   0 0.00    M    M  6.0 17 240   M    M   0 8      21 240
 6  87  40  64   4   1   0 0.00    M    M  4.1 15 260   M    M   0 8      20 270
 7  88  44  66   6   0   1 0.00    M    M  4.5 17 310   M    M   0 8      25 290
 8  84  50  67   7   0   2    T    M    M  5.4 21 240   M    M   1        39 260
 9  85  47  66   7   0   1 0.02    M    M  5.3 25 150   M    M   3 13     32 140
10  83  49  66   7   0   1    T    M    M  4.3 21 100   M    M   2 3      31 100
11  86  51  69  10   0   4 0.06    M    M  6.0 21 340   M    M   2 3      26 330
12  86  47  67   9   0   2 0.00    M    M  6.0 23 210   M    M   1 3      29 220
13  84  49  67   9   0   2 0.03    M    M  5.5 23 190   M    M   2 3      30 330
14  79  42  61   4   4   0 0.07    M    M  7.1 37 270   M    M   3 138    50 270
15  63  46  55  -2  10   0 0.28    M    M  8.6 23 280   M    M   9 13     32 270
16  67  40  54  -3  11   0 0.01    M    M  4.7 18 280   M    M   2        24 280
17  72  35  54  -2  11   0 0.00    M    M  5.8 22 290   M    M   4        29 310
18  76  36  56   0   9   0 0.00    M    M  6.6 22 190   M    M   1        27 230
19  74  41  58   3   7   0 0.02    M    M 13.8 37  30   M    M   3        47  30
20  75  37  56   1   9   0 0.00    M    M  6.9 28 220   M    M   5        38 210
================================================================================
SM 1635  878        63  26  0.49    M    122.4          M       39
================================================================================
AV 81.8 43.9                               6.1 FASTST   M    M   2    MAX(MPH)
                                 MISC ---->  # 37 270               # 50  270
================================================================================
NOTES:
# LAST OF SEVERAL OCCURRENCES

COLUMN 17 PEAK WIND IN M.P.H.

PRELIMINARY LOCAL CLIMATOLOGICAL DATA (WS FORM: F-6) , PAGE 2

                                          STATION:  MEEKER CO
                                          MONTH:    SEPTEMBER
                                          YEAR:     2017
                                          LATITUDE:   40  2 N
                                          LONGITUDE: 107 53 W

[TEMPERATURE DATA]      [PRECIPITATION DATA]       SYMBOLS USED IN COLUMN 16

AVERAGE MONTHLY: 62.8   TOTAL FOR MONTH:   0.49    1 = FOG OR MIST
DPTR FM NORMAL:   4.1   DPTR FM NORMAL:   -0.67    2 = FOG REDUCING VISIBILITY
HIGHEST:    93 ON  4, 3 GRTST 24HR  0.28 ON 15-15      TO 1/4 MILE OR LESS
LOWEST:     35 ON 17                               3 = THUNDER
                        SNOW, ICE PELLETS, HAIL    4 = ICE PELLETS
                        TOTAL MONTH:    M          5 = HAIL
                        GRTST 24HR    M  ON   M    6 = FREEZING RAIN OR DRIZZLE
                        GRTST DEPTH:  M  ON   M    7 = DUSTSTORM OR SANDSTORM:
                                                       VSBY 1/2 MILE OR LESS
                                                   8 = SMOKE OR HAZE
[NO. OF DAYS WITH]      [WEATHER - DAYS WITH]      9 = BLOWING SNOW
                                                   X = TORNADO
MAX 32 OR BELOW:   0    0.01 INCH OR MORE:   7
MAX 90 OR ABOVE:   3    0.10 INCH OR MORE:   1
MIN 32 OR BELOW:   0    0.50 INCH OR MORE:   0
MIN  0 OR BELOW:   0    1.00 INCH OR MORE:   0

[HDD (BASE 65) ]
TOTAL THIS MO.    63    CLEAR  (SCALE 0-3)  17
DPTR FM NORMAL   -66    PTCLDY (SCALE 4-7)   2
TOTAL FM JUL 1    72    CLOUDY (SCALE 8-10)  1
DPTR FM NORMAL  -111

[CDD (BASE 65) ]
TOTAL THIS MO.    26
DPTR FM NORMAL    26    [PRESSURE DATA]
TOTAL FM JAN 1   321    HIGHEST SLP M ON M
DPTR FM NORMAL   153    LOWEST  SLP 29.49 ON 19

[REMARKS]
