000
CXUS54 KBMX 301216
CF6EET
PRELIMINARY LOCAL CLIMATOLOGICAL DATA (WS FORM: F-6)

                                          STATION:   SHELBY COUNTY AIRPORT
                                          MONTH:     JULY
                                          YEAR:      2016
                                          LATITUDE:   33 10 N
                                          LONGITUDE:  86 47 W

  TEMPERATURE IN F:       :PCPN:    SNOW:  WIND      :SUNSHINE: SKY     :PK WND
================================================================================
1   2   3   4   5  6A  6B    7    8   9   10  11  12  13   14  15   16   17  18
                                     12Z  AVG MX 2MIN
DY MAX MIN AVG DEP HDD CDD  WTR  SNW DPTH SPD SPD DIR MIN PSBL S-S WX    SPD DR
================================================================================

 1  94  63  79  -1   0  14 0.00  0.0    0  2.6 12 310   M    M   0        15 340
 2  97  71  84   4   0  19 0.00  0.0    0  3.1 10 310   M    M   0        17  20
 3  95  73  84   4   0  19 0.00  0.0    0  4.3 13 210   M    M   0        19 230
 4  95  76  86   6   0  21 0.00  0.0    0  7.4 16 200   M    M   2 1      23 200
 5  93  76  85   5   0  20    T  0.0    0  6.5 23 300   M    M   2 138    31 300
 6  93  74  84   4   0  19    T  0.0    0  6.0 15 200   M    M   1 1      23 170
 7  95  74  85   5   0  20 0.00  0.0    0  6.5 15 290   M    M   3 18     23 210
 8  96  77  87   7   0  22 0.00  0.0    0  4.0 14 200   M    M   2        20 200
 9  99  73  86   5   0  21    T  0.0    0  4.5 18 180   M    M   2 38     31 190
10  93  70  82   1   0  17    T  0.0    0  3.5 17 170   M    M   2 138    23 180
11  93  70  82   1   0  17 0.00  0.0    0  4.2 15 180   M    M   3 18     26 180
12  93  69  81   0   0  16 0.45  0.0    0  4.6 18 180   M    M   4 13     23 170
13  93  69  81   0   0  16 0.00  0.0    0  2.6 21 170   M    M   2 3      28 170
14  93  70  82   1   0  17 0.00  0.0    0  3.8 16 310   M    M   2 13     26 310
15  91  68  80  -1   0  15 0.00  0.0    0  2.7 10 200   M    M   1        14 210
16  92  71  82   1   0  17 0.00  0.0    0  2.5 14 170   M    M   1 138    19 150
17  94  72  83   2   0  18 0.00  0.0    0  4.5 16 170   M    M   1 1      23 160
18  95  73  84   3   0  19 0.44  0.0    0  2.8 12  50   M    M   2 138    18 350
19  91  74  83   2   0  18    T  0.0    0  2.2  9 190   M    M   1 13     13 350
20  93  74  84   3   0  19 0.02  0.0    0  2.1 14 170   M    M   1 138    19 170
21  96  74  85   4   0  20 0.57  0.0    0  3.2 16 220   M    M   2 138    21 230
22  93  73  83   2   0  18 0.00  0.0    0  2.7 10 160   M    M   3 138    13 110
23  94  76  85   4   0  20 0.00  0.0    0  2.3 10 210   M    M   1 18     14 210
24  95  76  86   5   0  21 0.00  0.0    0  2.9 12 170   M    M   1 18     16 150
25  96  74  85   4   0  20 0.06  0.0    0  3.4 13 140   M    M   2 1      22 120
26  95  73  84   3   0  19 0.00  0.0    0  4.7 14 210   M    M   1        18 120
27  89  74  82   1   0  17 0.09  0.0    0  6.6 17 220   M    M   6 38     27 210
28  89  73  81   0   0  16 0.08  0.0    0  5.0 17 240   M    M   6 13     32 230
29  90  73  82   1   0  17    T  0.0    0  3.7 15 200   M    M   4 1      20 190
================================================================================
SM 2715 2103         0 532  1.71     0.0 114.9          M       58
================================================================================
AV 93.6 72.5                               4.0 FASTST   M    M   2    MAX(MPH)
                                 MISC ---->  # 23 300               # 32  230
================================================================================
NOTES:
# LAST OF SEVERAL OCCURRENCES

COLUMN 17 PEAK WIND IN M.P.H.

PRELIMINARY LOCAL CLIMATOLOGICAL DATA (WS FORM: F-6) , PAGE 2

                                          STATION:  SHELBY COUNTY AIRPORT
                                          MONTH:    JULY
                                          YEAR:     2016
                                          LATITUDE:   33 10 N
                                          LONGITUDE:  86 47 W

[TEMPERATURE DATA]      [PRECIPITATION DATA]       SYMBOLS USED IN COLUMN 16

AVERAGE MONTHLY: 83.1   TOTAL FOR MONTH:   1.71    1 = FOG OR MIST
DPTR FM NORMAL:   2.3   DPTR FM NORMAL:   -2.73    2 = FOG REDUCING VISIBILITY
HIGHEST:    99 ON  9    GRTST 24HR  0.57 ON 21-21      TO 1/4 MILE OR LESS
LOWEST:     63 ON  1                               3 = THUNDER
                        SNOW, ICE PELLETS, HAIL    4 = ICE PELLETS
                        TOTAL MONTH:   0.0 INCH    5 = HAIL
                        GRTST 24HR     0.0         6 = FREEZING RAIN OR DRIZZLE
                        GRTST DEPTH:   0           7 = DUSTSTORM OR SANDSTORM:
                                                       VSBY 1/2 MILE OR LESS
                                                   8 = SMOKE OR HAZE
[NO. OF DAYS WITH]      [WEATHER - DAYS WITH]      9 = BLOWING SNOW
                                                   X = TORNADO
MAX 32 OR BELOW:   0    0.01 INCH OR MORE:   7
MAX 90 OR ABOVE:  27    0.10 INCH OR MORE:   3
MIN 32 OR BELOW:   0    0.50 INCH OR MORE:   1
MIN  0 OR BELOW:   0    1.00 INCH OR MORE:   0

[HDD (BASE 65) ]
TOTAL THIS MO.     0    CLEAR  (SCALE 0-3)  24
DPTR FM NORMAL     0    PTCLDY (SCALE 4-7)   5
TOTAL FM JUL 1     0    CLOUDY (SCALE 8-10)  0
DPTR FM NORMAL     0

[CDD (BASE 65) ]
TOTAL THIS MO.   532
DPTR FM NORMAL    76    [PRESSURE DATA]
TOTAL FM JAN 1  1291    HIGHEST SLP M ON M
DPTR FM NORMAL   192    LOWEST  SLP 29.94 ON 26

[REMARKS]
