000
CXUS56 KEKA 281230
CF6EKA
PRELIMINARY LOCAL CLIMATOLOGICAL DATA (WS FORM: F-6)

                                          STATION:   EUREKA CA
                                          MONTH:     MARCH
                                          YEAR:      2017
                                          LATITUDE:   40 47 N
                                          LONGITUDE: 124 10 W

  TEMPERATURE IN F:       :PCPN:    SNOW:  WIND      :SUNSHINE: SKY     :PK WND
================================================================================
1   2   3   4   5  6A  6B    7    8   9   10  11  12  13   14  15   16   17  18
                                     12Z  AVG MX 2MIN
DY MAX MIN AVG DEP HDD CDD  WTR  SNW DPTH SPD SPD DIR MIN PSBL S-S WX    SPD DR
================================================================================

 1  53  33  43  -6  22   0 0.00  0.0    0  4.7 12  10   M    M   1 1      18 360
 2  52  40  46  -3  19   0 0.00  0.0    0  5.0 12 360   M    M  10        14  M
 3  55  41  48  -1  17   0 0.02    M    0  2.5  8 320   M    M  10        12  M
 4  55  42  49   0  16   0 0.78    M    0  7.6 17 240   M    M  10 1      25 240
 5  47  37  42  -7  23   0 0.46    T    0 11.2 18 270   M    M  10 5      28 270
 6  49  40  45  -4  20   0 0.35    M    0  6.5 10 160   M    M  10        16  M
 7  54  46  50   0  15   0 0.24    M    0  7.1 12 170   M    M  10 1      20  M
 8  59  50  55   5  10   0 0.30  0.0    0  2.5  8 180   M    M  10 1      15  M
 9  54  48  51   1  14   0 0.12    M    0  2.8  8 260   M    M  10 1       9  M
10  57  47  52   2  13   0 0.02  0.0    0  1.8  6  30   M    M   9 2      12  M
11  61  45  53   3  12   0    T  0.0    0  3.0 10 270   M    M   9 2      15  M
12  58  47  53   3  12   0 0.00  0.0    0  1.5  6 340   M    M   8 2      12  M
13  61  45  53   3  12   0 0.00  0.0    0  3.3  9 280   M    M   4 2      14  M
14  61  48  55   5  10   0 0.00  0.0    0  2.9 10 280   M    M   9 2      10  M
15  58  49  54   4  11   0 0.33  0.0    0  6.2 12 360   M    M  10 2      23  M
16  55  45  50   0  15   0 0.00  0.0    0  7.6 13  30   M    M  10        16  M
17  59  43  51   1  14   0    T    M    0  3.0  8  50   M    M  10        10  M
18  59  49  54   4  11   0 1.16  0.0    0  7.7 14 360   M    M  10        16  M
19  58  49  54   4  11   0 0.16  0.0    0  3.1  8 360   M    M  10 1       9  M
20  61  53  57   7   8   0 0.59  0.0    0  6.4 12 170   M    M  10 1      28 170
21  63  50  57   7   8   0 0.92  0.0    0  8.3 20 180   M    M  10 1      23  M
22  55  47  51   1  14   0 0.07  0.0    0  5.9 12 330   M    M   9        14  M
23  61  41  51   1  14   0 0.14    M    0  9.3 24 160   M    M  10        43  M
24  60  47  54   4  11   0 0.99    M    0  8.0 17 200   M    M   6        38 180
25  57  47  52   2  13   0 0.28    M    0  3.5 10 320   M    M   9        14  M
26  57  45  51   1  14   0 0.25    M    0  8.0 17 150   M    M  10        30 150
27  56  45  51   1  14   0 0.18    M    0  6.1 14 340   M    M   6        15 360
================================================================================
SM 1535 1219       373   0  7.36    T    145.5          M      240
================================================================================
AV 56.9 45.2                               5.4 FASTST   M    M   9    MAX(MPH)
                                 MISC ---->    24   M                 43    M
================================================================================
NOTES:
# LAST OF SEVERAL OCCURRENCES

COLUMN 17 PEAK WIND IN M.P.H.

PRELIMINARY LOCAL CLIMATOLOGICAL DATA (WS FORM: F-6) , PAGE 2

                                          STATION:  EUREKA CA
                                          MONTH:    MARCH
                                          YEAR:     2017
                                          LATITUDE:   40 47 N
                                          LONGITUDE: 124 10 W

[TEMPERATURE DATA]      [PRECIPITATION DATA]       SYMBOLS USED IN COLUMN 16

AVERAGE MONTHLY: 51.0   TOTAL FOR MONTH:   7.36    1 = FOG OR MIST
DPTR FM NORMAL:   1.2   DPTR FM NORMAL:    2.65    2 = FOG REDUCING VISIBILITY
HIGHEST:    63 ON 21    GRTST 24HR  1.16 ON 18-18      TO 1/4 MILE OR LESS
LOWEST:     33 ON  1                               3 = THUNDER
                        SNOW, ICE PELLETS, HAIL    4 = ICE PELLETS
                        TOTAL MONTH:    T          5 = HAIL
                        GRTST 24HR    T  ON  5- 5  6 = FREEZING RAIN OR DRIZZLE
                        GRTST DEPTH:   0           7 = DUSTSTORM OR SANDSTORM:
                                                       VSBY 1/2 MILE OR LESS
                                                   8 = SMOKE OR HAZE
[NO. OF DAYS WITH]      [WEATHER - DAYS WITH]      9 = BLOWING SNOW
                                                   X = TORNADO
MAX 32 OR BELOW:   0    0.01 INCH OR MORE:  19
MAX 90 OR ABOVE:   0    0.10 INCH OR MORE:  16
MIN 32 OR BELOW:   0    0.50 INCH OR MORE:   5
MIN  0 OR BELOW:   0    1.00 INCH OR MORE:   1

[HDD (BASE 65) ]
TOTAL THIS MO.   373    CLEAR  (SCALE 0-3)   1
DPTR FM NORMAL   -40    PTCLDY (SCALE 4-7)   4
TOTAL FM JUL 1  3262    CLOUDY (SCALE 8-10) 22
DPTR FM NORMAL   -73

[CDD (BASE 65) ]
TOTAL THIS MO.     0
DPTR FM NORMAL     0    [PRESSURE DATA]
TOTAL FM JAN 1     0    HIGHEST SLP M ON M
DPTR FM NORMAL     0    LOWEST  SLP M ON M

[REMARKS]
