000
CXUS51 KRLX 181400
CF6EKN
PRELIMINARY LOCAL CLIMATOLOGICAL DATA (WS FORM: F-6)

                                          STATION:   ELKINS WV
                                          MONTH:     APRIL
                                          YEAR:      2014
                                          LATITUDE:   38 52 N
                                          LONGITUDE:  79 51 W

  TEMPERATURE IN F:       :PCPN:    SNOW:  WIND      :SUNSHINE: SKY     :PK WND
================================================================================
1   2   3   4   5  6A  6B    7    8   9   10  11  12  13   14  15   16   17  18
                                     12Z  AVG MX 2MIN
DY MAX MIN AVG DEP HDD CDD  WTR  SNW DPTH SPD SPD DIR MIN PSBL S-S WX    SPD DR
================================================================================

 1  74  27  51   6  14   0 0.00  0.0    0  5.3 22 280   M    M   1        33 310
 2  69  36  53   7  12   0    T  0.0    0  3.6 13 330   M    M   4        19 310
 3  72  48  60  14   5   0 0.10  0.0    0  4.4 15 220   M    M   7        21 180
 4  73  46  60  14   5   0 0.08  0.0    0  8.8 25 250   M    M   4 1      37 250
 5  49  27  38  -8  27   0 0.00  0.0    0  8.1 22 290   M    M   6        32 310
 6  67  21  44  -3  21   0 0.00  0.0    0  4.5 16 150   M    M   0        24 240
 7  59  47  53   6  12   0 0.02  0.0    0  9.0 23 160   M    M   7        30 170
 8  63  38  51   3  14   0    T  0.0    0  7.9 25 240   M    M   9        40 250
 9  58  28  43  -5  22   0 0.02  0.0    0  4.3 18 310   M    M   5        26 290
10  72  26  49   1  16   0 0.00  0.0    0  7.1 18 260   M    M   0        27 270
11  73  45  59  11   6   0 0.09  0.0    0  8.4 21 300   M    M   4 1      29 280
12  77  41  59  10   6   0 0.00  0.0    0  5.6 15 160   M    M   5 12     21 140
13  85  47  66  17   0   1 0.00  0.0    0  8.7 20 190   M    M   1        30 220
14  73  58  66  17   0   1 0.01  0.0    0 10.2 20 200   M    M   3        31 210
15  61  25  43  -7  22   0 0.19  0.2    0  9.0 28 300   M    M  10 1      35 290
16  50  20  35 -15  30   0    T  0.0    0  5.2 15 150   M    M   3        19 140
17  66  26  46  -4  19   0 0.00  0.0    0  6.2 18 140   M    M   0        23 150
================================================================================
SM 1141  606       231   2  0.51     0.2 116.3          M       69
================================================================================
AV 67.1 35.6                               6.8 FASTST   M    M   4    MAX(MPH)
                                 MISC ---->  # 28 300               # 40  250
================================================================================
NOTES:
# LAST OF SEVERAL OCCURRENCES

COLUMN 17 PEAK WIND IN M.P.H.

PRELIMINARY LOCAL CLIMATOLOGICAL DATA (WS FORM: F-6) , PAGE 2

                                          STATION:  ELKINS WV
                                          MONTH:    APRIL
                                          YEAR:     2014
                                          LATITUDE:   38 52 N
                                          LONGITUDE:  79 51 W

[TEMPERATURE DATA]      [PRECIPITATION DATA]       SYMBOLS USED IN COLUMN 16

AVERAGE MONTHLY: 51.4   TOTAL FOR MONTH:   0.51    1 = FOG OR MIST
DPTR FM NORMAL:   3.6   DPTR FM NORMAL:   -1.61    2 = FOG REDUCING VISIBILITY
HIGHEST:    85 ON 13    GRTST 24HR  0.20 ON 14-15      TO 1/4 MILE OR LESS
LOWEST:     20 ON 16                               3 = THUNDER
                        SNOW, ICE PELLETS, HAIL    4 = ICE PELLETS
                        TOTAL MONTH:   0.2 INCH    5 = HAIL
                        GRTST 24HR   0.2 ON   M    6 = FREEZING RAIN OR DRIZZLE
                        GRTST DEPTH:   0           7 = DUSTSTORM OR SANDSTORM:
                                                       VSBY 1/2 MILE OR LESS
                                                   8 = SMOKE OR HAZE
[NO. OF DAYS WITH]      [WEATHER - DAYS WITH]      9 = BLOWING SNOW
                                                   X = TORNADO
MAX 32 OR BELOW:   0    0.01 INCH OR MORE:   7
MAX 90 OR ABOVE:   0    0.10 INCH OR MORE:   2
MIN 32 OR BELOW:   8    0.50 INCH OR MORE:   0
MIN  0 OR BELOW:   0    1.00 INCH OR MORE:   0

[HDD (BASE 65) ]
TOTAL THIS MO.   231    CLEAR  (SCALE 0-3)   6
DPTR FM NORMAL   -64    PTCLDY (SCALE 4-7)   9
TOTAL FM JUL 1  5651    CLOUDY (SCALE 8-10)  2
DPTR FM NORMAL   255

[CDD (BASE 65) ]
TOTAL THIS MO.     2
DPTR FM NORMAL     2    [PRESSURE DATA]
TOTAL FM JAN 1     2    HIGHEST SLP M ON M
DPTR FM NORMAL     2    LOWEST  SLP 29.42 ON  7

[REMARKS]
