000
CXUS54 KSHV 241300
CF6ELD
PRELIMINARY LOCAL CLIMATOLOGICAL DATA (WS FORM: F-6)

                                          STATION:   EL DORADO
                                          MONTH:     OCTOBER
                                          YEAR:      2014
                                          LATITUDE:   33 13 N
                                          LONGITUDE:  92 49 W

  TEMPERATURE IN F:       :PCPN:    SNOW:  WIND      :SUNSHINE: SKY     :PK WND
================================================================================
1   2   3   4   5  6A  6B    7    8   9   10  11  12  13   14  15   16   17  18
                                     12Z  AVG MX 2MIN
DY MAX MIN AVG DEP HDD CDD  WTR  SNW DPTH SPD SPD DIR MIN PSBL S-S WX    SPD DR
================================================================================

 1  90  71  81  12   0  16 0.00  0.0    0  6.8 17 150   M    M   3        21 160
 2  86  66  76   8   0  11 0.75  0.0    0  7.8 23 310   M    M   4 138    33 290
 3  77  54  66  -2   0   1 0.00  0.0    0  7.8 18 310   M    M   4        23 300
 4  73  44  59  -9   6   0 0.00  0.0    0  4.2 14 260   M    M   0        16 270
 5  81  48  65  -2   0   0 0.00  0.0    0  8.4 22 200   M    M   0        27 200
 6  81  60  71   4   0   6    T  0.0    0  5.8 21 340   M    M   1        29 350
 7  86  59  73   6   0   8 0.00  0.0    0  6.0 15 190   M    M   2 1      20 190
 8  87  63  75   9   0  10 0.00  0.0    0  2.3 10 200   M    M   2 12     15 200
 9  86  62  74   8   0   9 0.00  0.0    0  2.6 12 150   M    M   1 1      16 160
10  89  67  78  12   0  13    T  0.0    0  6.1 15 210   M    M   5 13     19 200
11  73  65  69   4   0   4 0.34  0.0    0  3.8 22 320   M    M   9 13     29 310
12  71  64  68   3   0   3 0.11  0.0    0  5.5 21 160   M    M   8 13     28 170
13  75  57  66   1   0   1 1.71  0.0    0  9.9 23 300   M    M   9 13     32 300
14  72  48  60  -4   5   0 0.00  0.0    0  8.8 22 280   M    M   2        33 280
15  75  45  60  -4   5   0 0.00  0.0    0  5.4 17 290   M    M   0        23 290
16  81  43  62  -2   3   0 0.00  0.0    0  3.6 12 160   M    M   0        15 150
17  84  53  69   6   0   4 0.00  0.0    0  3.5 16 200   M    M   0 1      19 200
18  75  51  63   0   2   0 0.00  0.0    0  5.0 14  40   M    M   1        18  30
19  71  45  58  -5   7   0 0.00  0.0    0  2.0 14 100   M    M   0 1      18 110
20  76  45  61  -1   4   0 0.00  0.0    0  1.0  9 300   M    M   0        11 310
21  80  53  67   5   0   2 0.00  0.0    0  1.9 10 350   M    M   3 1      14 340
22  76  48  62   0   3   0 0.00  0.0    0  3.8 16  50   M    M   0 1      20  60
23  68  45  57  -5   8   0 0.00  0.0    0  2.3  8 360   M    M   0        11  20
================================================================================
SM 1813 1256        43  88  2.91     0.0 114.3          M       54
================================================================================
AV 78.8 54.6                               5.0 FASTST   M    M   2    MAX(MPH)
                                 MISC ---->  # 23 310               # 33  290
================================================================================
NOTES:
# LAST OF SEVERAL OCCURRENCES

COLUMN 17 PEAK WIND IN M.P.H.

PRELIMINARY LOCAL CLIMATOLOGICAL DATA (WS FORM: F-6) , PAGE 2

                                          STATION:  EL DORADO
                                          MONTH:    OCTOBER
                                          YEAR:     2014
                                          LATITUDE:   33 13 N
                                          LONGITUDE:  92 49 W

[TEMPERATURE DATA]      [PRECIPITATION DATA]       SYMBOLS USED IN COLUMN 16

AVERAGE MONTHLY: 66.7   TOTAL FOR MONTH:   2.91    1 = FOG OR MIST
DPTR FM NORMAL:   1.7   DPTR FM NORMAL:   -0.93    2 = FOG REDUCING VISIBILITY
HIGHEST:    90 ON  1    GRTST 24HR  1.77 ON 12-13      TO 1/4 MILE OR LESS
LOWEST:     43 ON 16                               3 = THUNDER
                        SNOW, ICE PELLETS, HAIL    4 = ICE PELLETS
                        TOTAL MONTH:   0.0 INCH    5 = HAIL
                        GRTST 24HR     0.0         6 = FREEZING RAIN OR DRIZZLE
                        GRTST DEPTH:   0           7 = DUSTSTORM OR SANDSTORM:
                                                       VSBY 1/2 MILE OR LESS
                                                   8 = SMOKE OR HAZE
[NO. OF DAYS WITH]      [WEATHER - DAYS WITH]      9 = BLOWING SNOW
                                                   X = TORNADO
MAX 32 OR BELOW:   0    0.01 INCH OR MORE:   4
MAX 90 OR ABOVE:   1    0.10 INCH OR MORE:   4
MIN 32 OR BELOW:   0    0.50 INCH OR MORE:   2
MIN  0 OR BELOW:   0    1.00 INCH OR MORE:   1

[HDD (BASE 65) ]
TOTAL THIS MO.    43    CLEAR  (SCALE 0-3)  17
DPTR FM NORMAL   -27    PTCLDY (SCALE 4-7)   4
TOTAL FM JUL 1    46    CLOUDY (SCALE 8-10)  2
DPTR FM NORMAL   -36

[CDD (BASE 65) ]
TOTAL THIS MO.    88
DPTR FM NORMAL    17    [PRESSURE DATA]
TOTAL FM JAN 1  1866    HIGHEST SLP M ON M
DPTR FM NORMAL  -232    LOWEST  SLP 29.65 ON 13

[REMARKS]
