000
CXUS54 KSHV 211300
CF6ELD
PRELIMINARY LOCAL CLIMATOLOGICAL DATA (WS FORM: F-6)

                                          STATION:   EL DORADO
                                          MONTH:     JANUARY
                                          YEAR:      2017
                                          LATITUDE:   33 13 N
                                          LONGITUDE:  92 49 W

  TEMPERATURE IN F:       :PCPN:    SNOW:  WIND      :SUNSHINE: SKY     :PK WND
================================================================================
1   2   3   4   5  6A  6B    7    8   9   10  11  12  13   14  15   16   17  18
                                     12Z  AVG MX 2MIN
DY MAX MIN AVG DEP HDD CDD  WTR  SNW DPTH SPD SPD DIR MIN PSBL S-S WX    SPD DR
================================================================================

 1  53  48  51   7  14   0 0.00  0.0    0  6.4 12  40   M    M  10 12     14  50
 2  65  48  57  13   8   0 0.38  0.0    0  5.1 25 190   M    M   8 123    38 190
 3  69  47  58  14   7   0 0.00  0.0    0  5.7 20 320   M    M   4 12     25 330
 4  48  30  39  -5  26   0    T  0.0    0  6.5 16 320   M    M   4 1      20 320
 5  38  32  35  -9  30   0 0.00  0.0    0  5.7 16  40   M    M   8 1      23  40
 6  32  19  26 -18  39   0    T    T    T  9.9 18 350   M    M   8 48     23 350
 7  36  14  25 -19  40   0 0.00  0.0    0  4.1 15  40   M    M   0        21  60
 8  40  16  28 -16  37   0 0.00  0.0    0  4.5 12 140   M    M   0        15 160
 9  55  24  40  -4  25   0 0.00  0.0    0  7.0 18 170   M    M   6        27 140
10  72  55  64  20   1   0    T  0.0    0 12.3 26 200   M    M   9        34 200
11  77  64  71  27   0   6    T  0.0    0 14.6 28 200   M    M   7 8      39 180
12  78  57  68  24   0   3 0.00  0.0    0  7.9 18 190   M    M   7 128    27 160
13  70  54  62  18   3   0 0.00  0.0    0  5.7 12  50   M    M  10 12     13  50
14  72  50  61  17   4   0 0.00  0.0    0  4.7 10  50   M    M   7 1      11  50
15  62  51  57  13   8   0 0.00  0.0    0  7.0 10  60   M    M   9 12     12  90
16  73  57  65  21   0   0 0.69  0.0    0  8.3 17 180   M    M   8 13     25 130
17  57  52  55  11  10   0 0.06  0.0    0  2.2  9 290   M    M   7 1      12 270
18  53  48  51   7  14   0 2.19  0.0    0  7.2 21 110   M    M  10 12     23 110
19  60  49  55  11  10   0 0.02  0.0    0  4.4 16 120   M    M   9 1      23 280
20  72  55  64  20   1   0 0.00  0.0    0  8.1 21 190   M    M   4        26 220
================================================================================
SM 1182  870       277   9  3.34    T    137.3          M      135
================================================================================
AV 59.1 43.5                               6.9 FASTST   M    M   7    MAX(MPH)
                                 MISC ---->  # 28 200               # 39  180
================================================================================
NOTES:
# LAST OF SEVERAL OCCURRENCES

COLUMN 17 PEAK WIND IN M.P.H.

PRELIMINARY LOCAL CLIMATOLOGICAL DATA (WS FORM: F-6) , PAGE 2

                                          STATION:  EL DORADO
                                          MONTH:    JANUARY
                                          YEAR:     2017
                                          LATITUDE:   33 13 N
                                          LONGITUDE:  92 49 W

[TEMPERATURE DATA]      [PRECIPITATION DATA]       SYMBOLS USED IN COLUMN 16

AVERAGE MONTHLY: 51.3   TOTAL FOR MONTH:   3.34    1 = FOG OR MIST
DPTR FM NORMAL:   7.3   DPTR FM NORMAL:    0.67    2 = FOG REDUCING VISIBILITY
HIGHEST:    78 ON 12    GRTST 24HR  2.19 ON 18-18      TO 1/4 MILE OR LESS
LOWEST:     14 ON  7                               3 = THUNDER
                        SNOW, ICE PELLETS, HAIL    4 = ICE PELLETS
                        TOTAL MONTH:    T          5 = HAIL
                        GRTST 24HR    T  ON  6- 6  6 = FREEZING RAIN OR DRIZZLE
                        GRTST DEPTH:   T           7 = DUSTSTORM OR SANDSTORM:
                                                       VSBY 1/2 MILE OR LESS
                                                   8 = SMOKE OR HAZE
[NO. OF DAYS WITH]      [WEATHER - DAYS WITH]      9 = BLOWING SNOW
                                                   X = TORNADO
MAX 32 OR BELOW:   1    0.01 INCH OR MORE:   5
MAX 90 OR ABOVE:   0    0.10 INCH OR MORE:   3
MIN 32 OR BELOW:   6    0.50 INCH OR MORE:   2
MIN  0 OR BELOW:   0    1.00 INCH OR MORE:   1

[HDD (BASE 65) ]
TOTAL THIS MO.   277    CLEAR  (SCALE 0-3)   2
DPTR FM NORMAL  -152    PTCLDY (SCALE 4-7)  11
TOTAL FM JUL 1  1070    CLOUDY (SCALE 8-10)  7
DPTR FM NORMAL  -446

[CDD (BASE 65) ]
TOTAL THIS MO.     9
DPTR FM NORMAL     9    [PRESSURE DATA]
TOTAL FM JAN 1     9    HIGHEST SLP M ON M
DPTR FM NORMAL     9    LOWEST  SLP 29.65 ON 20

[REMARKS]
