000
CXUS56 KOTX 300900
CF6EPH
PRELIMINARY LOCAL CLIMATOLOGICAL DATA (WS FORM: F-6)

                                          STATION:   EPHRATA WA AIRPORT
                                          MONTH:     MARCH
                                          YEAR:      2017
                                          LATITUDE:   47 18 N
                                          LONGITUDE: 119 31 W

  TEMPERATURE IN F:       :PCPN:    SNOW:  WIND      :SUNSHINE: SKY     :PK WND
================================================================================
1   2   3   4   5  6A  6B    7    8   9   10  11  12  13   14  15   16   17  18
                                     12Z  AVG MX 2MIN
DY MAX MIN AVG DEP HDD CDD  WTR  SNW DPTH SPD SPD DIR MIN PSBL S-S WX    SPD DR
================================================================================

 1  51  32  42   4  23   0 0.00    M    M  8.7 23 220   M    M   1        30 220
 2  43  31  37  -1  28   0    T    M    M  5.1 13 200   M    M   4        14 200
 3  50  30  40   1  25   0 0.00    M    M  8.3 18 180   M    M   4        22 180
 4  46  29  38  -1  27   0 0.00    M    M  6.2 16 290   M    M   3        20 280
 5  45  28  37  -2  28   0 0.02    M    M  9.1 23 200   M    M   6 128    28 200
 6  46  26  36  -4  29   0 0.00  0.0    M 12.8 24 230   M    M   0        29 220
 7  37  24  31  -9  34   0 0.16    M    M  7.2 15 300   M    M   7 18     17 310
 8  49  25  37  -3  28   0 0.00  0.0    M  5.9 16 240   M    M   5 128    20 240
 9  42  35  39  -2  26   0 0.09    M    M  5.8 13 300   M    M  10 128    15 310
10  63  35  49   8  16   0 0.00    M    M  9.0 22 280   M    M   4 12     27 280
11  50  30  40  -2  25   0 0.02    M    M  7.1 15 170   M    M   2 18     18 180
12  55  32  44   2  21   0 0.00    M    M  4.2 13 210   M    M   3        15 220
13  52  39  46   4  19   0 0.06    M    0  5.4  9 310   M    M   8        11 310
14  63  42  53  11  12   0 0.03    M    M  6.1 16 210   M    M   8 128    20 210
15  63  42  53  10  12   0    T    M    M  9.6 22 210   M    M   6        29 210
16  54  34  44   1  21   0 0.00    M    M 11.1 28 290   M    M   0        34 290
17  48  29  39  -5  26   0    T    M    M  7.3 16 340   M    M   5        19 340
18  61  38  50   6  15   0    T    M    M 10.6 30 260   M    M   3        35 280
19  52  29  41  -3  24   0 0.00    M    M  5.8 13 360   M    M   0        17 350
20  48  31  40  -4  25   0    T    M    M 13.9 24 320   M    M   7        30 330
21  50  34  42  -3  23   0 0.12    M    M  9.6 24 360   M    M   9 18     28 360
22  56  35  46   1  19   0 0.07    M    M  5.9 18 190   M    M   7 1238   22 200
23  54  28  41  -4  24   0 0.00    M    M  7.0 16 140   M    M   2        24 150
24  50  38  44  -2  21   0 0.30    M    M  5.9 14  10   M    M   8 1      16 230
25  58  30  44  -2  21   0 0.00    M    M  6.2 16 230   M    M   1        20 220
26  46  33  40  -6  25   0 0.05    M    M  4.4 12 360   M    M   7        13 360
27  59  32  46   0  19   0 0.00  0.0    M  7.4 16 250   M    M   4 128    19 260
28  56  36  46   0  19   0    T    M    M  8.6 21 210   M    M   8        24 220
29  54  42  48   1  17   0 0.20    M    M  8.4 16 160   M    M   7 1      20 260
================================================================================
SM 1501  949       652   0  1.12     0.0 222.6          M      139
================================================================================
AV 51.8 32.7                               7.7 FASTST   M    M   5    MAX(MPH)
                                 MISC ---->  # 30 260               # 35  280
================================================================================
NOTES:
# LAST OF SEVERAL OCCURRENCES

COLUMN 17 PEAK WIND IN M.P.H.

PRELIMINARY LOCAL CLIMATOLOGICAL DATA (WS FORM: F-6) , PAGE 2

                                          STATION:  EPHRATA WA AIRPORT
                                          MONTH:    MARCH
                                          YEAR:     2017
                                          LATITUDE:   47 18 N
                                          LONGITUDE: 119 31 W

[TEMPERATURE DATA]      [PRECIPITATION DATA]       SYMBOLS USED IN COLUMN 16

AVERAGE MONTHLY: 42.2   TOTAL FOR MONTH:   1.12    1 = FOG OR MIST
DPTR FM NORMAL:  -0.4   DPTR FM NORMAL:    0.48    2 = FOG REDUCING VISIBILITY
HIGHEST:    63 ON 15,14 GRTST 24HR  0.30 ON 24-24      TO 1/4 MILE OR LESS
LOWEST:     24 ON  7                               3 = THUNDER
                        SNOW, ICE PELLETS, HAIL    4 = ICE PELLETS
                        TOTAL MONTH:   0.0 INCH    5 = HAIL
                        GRTST 24HR     0.0         6 = FREEZING RAIN OR DRIZZLE
                        GRTST DEPTH:   0           7 = DUSTSTORM OR SANDSTORM:
                                                       VSBY 1/2 MILE OR LESS
                                                   8 = SMOKE OR HAZE
[NO. OF DAYS WITH]      [WEATHER - DAYS WITH]      9 = BLOWING SNOW
                                                   X = TORNADO
MAX 32 OR BELOW:   0    0.01 INCH OR MORE:  11
MAX 90 OR ABOVE:   0    0.10 INCH OR MORE:   4
MIN 32 OR BELOW:  16    0.50 INCH OR MORE:   0
MIN  0 OR BELOW:   0    1.00 INCH OR MORE:   0

[HDD (BASE 65) ]
TOTAL THIS MO.   652    CLEAR  (SCALE 0-3)  10
DPTR FM NORMAL     4    PTCLDY (SCALE 4-7)  15
TOTAL FM JUL 1  5430    CLOUDY (SCALE 8-10)  4
DPTR FM NORMAL   209

[CDD (BASE 65) ]
TOTAL THIS MO.     0
DPTR FM NORMAL     0    [PRESSURE DATA]
TOTAL FM JAN 1     0    HIGHEST SLP M ON M
DPTR FM NORMAL     0    LOWEST  SLP 29.48 ON  5

[REMARKS]
