000
CXUS51 KCLE 010604
CF6ERI
PRELIMINARY LOCAL CLIMATOLOGICAL DATA (WS FORM: F-6)

                                          STATION:   ERIE PA
                                          MONTH:     FEBRUARY
                                          YEAR:      2015
                                          LATITUDE:   42  4 N
                                          LONGITUDE:  80 11 W

  TEMPERATURE IN F:       :PCPN:    SNOW:  WIND      :SUNSHINE: SKY     :PK WND
================================================================================
1   2   3   4   5  6A  6B    7    8   9   10  11  12  13   14  15   16   17  18
                                     12Z  AVG MX 2MIN
DY MAX MIN AVG DEP HDD CDD  WTR  SNW DPTH SPD SPD DIR MIN PSBL S-S WX    SPD DR
================================================================================

 1  30  21  26  -1  39   0 0.54  9.0    5  9.5 22  60   M    M  10 18     27  60
 2  21   9  15 -12  50   0 0.10  2.2   13 12.2 28  40   M    M   9 189    36  40
 3  27   5  16 -11  49   0    T    T   13 11.6 21 210   M    M   7 18     27 190
 4  35  20  28   1  37   0 0.32  4.7   15 12.3 21 190   M    M  10 128    28 180
 5  20   2  11 -16  54   0 0.02  0.4   15  8.6 16 250   M    M   4 18     21 250
 6  26   6  16 -11  49   0    T    T   14 12.2 23 210   M    M   7 8      32 200
 7  43  25  34   7  31   0 0.00  0.0   13 10.4 20 200   M    M   8        24 200
 8  45  17  31   4  34   0 0.09  0.3   11 10.8 24  50   M    M   9 168    30  50
 9  19  15  17 -10  48   0 0.09  0.7   11 14.2 22  40   M    M  10 18     29  50
10  22  16  19  -9  46   0 0.01  0.3   11  8.2 13  40   M    M  10 18     16  30
11  34  17  26  -2  39   0 0.04  0.4   11  8.3 17 290   M    M   8 18     24 240
12  30   6  18 -10  47   0 0.07  1.0   12 12.1 20 290   M    M  10 18     29 290
13  19   0  10 -18  55   0    T  0.2   11  9.4 28 200   M    M   6 8      37 190
14  25   1  13 -15  52   0 0.23  4.2   11 15.7 25 190   M    M  10 128    34 180
15   1  -9  -4 -32  69   0 0.00  0.0   12  9.4 17 310   M    M   2 8      23 320
16   5 -18  -6 -34  71   0 0.00  0.0   12  4.0  9  70   M    M   2 8      11  70
17  18 -10   4 -24  61   0 0.00  0.0   12  4.7 17 200   M    M   4        23 200
18  17   8  13 -16  52   0 0.12  2.8   12 10.8 22 260   M    M  10 128    31 260
19   8 -10  -1 -30  66   0    T    T   13 10.0 22 270   M    M   6 8      32 260
20  11 -17  -3 -32  68   0 0.00  0.0   13  6.6 22 170   M    M   1        28 170
21  28  11  20  -9  45   0 0.27  3.4   12  8.8 23 160   M    M  10 128    34 180
22  30  13  22  -7  43   0 0.02  0.3   15  6.2 15 260   M    M  10 18     23 260
23  12  -8   2 -28  63   0    T    T   15  8.2 14 260   M    M   3 8      19 330
24  23  -6   9 -21  56   0    T    T   14 14.0 28 210   M    M   3 8      36 190
25  24   5  15 -15  50   0 0.05  1.1   15  8.7 18 210   M    M   4 18     26 270
26  14   7  11 -19  54   0 0.05  0.7   14  8.9 20  50   M    M  10 8      25  40
27  12  -9   2 -28  63   0    T    T   14  5.5 14 280   M    M   3 18     17 270
28  21  -2  10 -21  55   0 0.00  0.0    0  5.5 10 180   M    M   0 8      14 180
================================================================================
SM  620  115      1446   0  2.02    31.7 266.8          M      186
================================================================================
AV 22.1  4.1                               9.5 FASTST   M    M   7    MAX(MPH)
                                 MISC ---->  # 28  40               # 37  190
================================================================================
NOTES:
# LAST OF SEVERAL OCCURRENCES

COLUMN 17 PEAK WIND IN M.P.H.

PRELIMINARY LOCAL CLIMATOLOGICAL DATA (WS FORM: F-6) , PAGE 2

                                          STATION:  ERIE PA
                                          MONTH:    FEBRUARY
                                          YEAR:     2015
                                          LATITUDE:   42  4 N
                                          LONGITUDE:  80 11 W

[TEMPERATURE DATA]      [PRECIPITATION DATA]       SYMBOLS USED IN COLUMN 16

AVERAGE MONTHLY: 13.1   TOTAL FOR MONTH:   2.02    1 = FOG OR MIST
DPTR FM NORMAL: -15.2   DPTR FM NORMAL:   -0.37    2 = FOG REDUCING VISIBILITY
HIGHEST:    45 ON  8    GRTST 24HR  0.85 ON  1- 2      TO 1/4 MILE OR LESS
LOWEST:    -18 ON 16                               3 = THUNDER
                        SNOW, ICE PELLETS, HAIL    4 = ICE PELLETS
                        TOTAL MONTH:  31.7 INCHES  5 = HAIL
                        GRTST 24HR   9.0 ON  1- 1  6 = FREEZING RAIN OR DRIZZLE
                        GRTST DEPTH:  15 ON 25,23  7 = DUSTSTORM OR SANDSTORM:
                                                       VSBY 1/2 MILE OR LESS
                                                   8 = SMOKE OR HAZE
[NO. OF DAYS WITH]      [WEATHER - DAYS WITH]      9 = BLOWING SNOW
                                                   X = TORNADO
MAX 32 OR BELOW:  24    0.01 INCH OR MORE:  15
MAX 90 OR ABOVE:   0    0.10 INCH OR MORE:   6
MIN 32 OR BELOW:  28    0.50 INCH OR MORE:   1
MIN  0 OR BELOW:  10    1.00 INCH OR MORE:   0

[HDD (BASE 65) ]
TOTAL THIS MO.  1446    CLEAR  (SCALE 0-3)   7
DPTR FM NORMAL   419    PTCLDY (SCALE 4-7)   9
TOTAL FM JUL 1  4876    CLOUDY (SCALE 8-10) 12
DPTR FM NORMAL   511

[CDD (BASE 65) ]
TOTAL THIS MO.     0
DPTR FM NORMAL     0    [PRESSURE DATA]
TOTAL FM JAN 1     0    HIGHEST SLP M ON M
DPTR FM NORMAL     0    LOWEST  SLP 29.47 ON  2

[REMARKS]
#FINAL-02-15#
