271
CXUS51 KCLE 300800
CF6ERI
PRELIMINARY LOCAL CLIMATOLOGICAL DATA (WS FORM: F-6)

                                          STATION:   ERIE PA
                                          MONTH:     MARCH
                                          YEAR:      2017
                                          LATITUDE:   42  4 N
                                          LONGITUDE:  80 11 W

  TEMPERATURE IN F:       :PCPN:    SNOW:  WIND      :SUNSHINE: SKY     :PK WND
================================================================================
1   2   3   4   5  6A  6B    7    8   9   10  11  12  13   14  15   16   17  18
                                     12Z  AVG MX 2MIN
DY MAX MIN AVG DEP HDD CDD  WTR  SNW DPTH SPD SPD DIR MIN PSBL S-S WX    SPD DR
================================================================================

 1  63  37  50  19  15   0 0.15  0.0    0 21.1 37 250   M    M   9 1      55 260
 2  37  26  32   1  33   0 0.02  0.4    0 13.5 31 260   M    M  10 1      45 250
 3  28  21  25  -6  40   0 0.09  1.8    1 10.0 22 310   M    M  10 128    32 300
 4  26  15  21 -11  44   0    T    T    1  7.7 20 310   M    M   6 8      28 310
 5  43  14  29  -3  36   0 0.00  0.0    0  8.9 22 160   M    M   1        30 150
 6  58  40  49  17  16   0 0.16  0.0    0 16.4 23 180   M    M  10 1      31 200
 7  59  43  51  19  14   0 0.73  0.0    0 18.1 33 180   M    M   9 13     49 170
 8  53  37  45  12  20   0 0.00  0.0    0 20.3 37 240   M    M   2        52 220
 9  43  32  38   5  27   0 0.00  0.0    0  9.0 28 260   M    M   9        42 260
10  34  17  26  -7  39   0 0.03  0.7    0 12.8 26 330   M    M  10 18     37 320
11  24  17  21 -13  44   0    T  0.1    T 15.8 22 290   M    M  10 8      32 280
12  25  20  23 -11  42   0 0.10  0.2    T  8.6 16 330   M    M  10 8      25 310
13  28  17  23 -11  42   0 0.12  1.2    0 12.0 24  50   M    M   9 18     32  50
14  22  17  20 -15  45   0 0.24  5.3    3 17.5 29  40   M    M  10 12     37  40
15  28  17  23 -12  42   0    T    T    4 19.3 28 300   M    M   9 8      39 300
16  32  23  28  -8  37   0    T    T    3 12.9 22 280   M    M   6        29 300
17  44  21  33  -3  32   0 0.00  0.0    2  7.1 16 200   M    M   2        19 190
18  39  32  36   0  29   0 0.18  0.1    0  5.5 10 180   M    M  10 12     14 190
19  35  32  34  -2  31   0 0.00  0.0    0  4.9 12  50   M    M  10 12     16  10
20  46  32  39   2  26   0    T  0.0    0  5.1 14 200   M    M  10        17 220
21  48  30  39   2  26   0 0.00  0.0    0  8.3 18 320   M    M   5 18     25 330
22  30  21  26 -12  39   0 0.00  0.0    0 10.4 21  10   M    M   3        29 350
23  43  18  31  -7  34   0 0.00  0.0    0  5.6 18 170   M    M   0        25 170
24  73  41  57  19   8   0 0.01  0.0    0 16.1 30 200   M    M   7        39 200
25  52  36  44   5  21   0 0.00  0.0    0 11.9 24  50   M    M   8 18     31  50
26  68  36  52  13  13   0 0.14  0.0    0 11.6 22 150   M    M   5        29 150
27  57  47  52  12  13   0 0.05  0.0    0  8.9 21 160   M    M   7 1      29 160
28  51  39  45   5  20   0 0.01  0.0    0  4.3 15  40   M    M  10 12     19  50
29  49  34  42   2  23   0 0.00  0.0    0  5.8 17  60   M    M   2 1      21  70
================================================================================
SM 1238  812       851   0  2.03     9.8 329.4          M      209
================================================================================
AV 42.7 28.0                              11.4 FASTST   M    M   7    MAX(MPH)
                                 MISC ---->  # 37 250               # 55  260
================================================================================
NOTES:
# LAST OF SEVERAL OCCURRENCES

COLUMN 17 PEAK WIND IN M.P.H.

PRELIMINARY LOCAL CLIMATOLOGICAL DATA (WS FORM: F-6) , PAGE 2

                                          STATION:  ERIE PA
                                          MONTH:    MARCH
                                          YEAR:     2017
                                          LATITUDE:   42  4 N
                                          LONGITUDE:  80 11 W

[TEMPERATURE DATA]      [PRECIPITATION DATA]       SYMBOLS USED IN COLUMN 16

AVERAGE MONTHLY: 35.3   TOTAL FOR MONTH:   2.03    1 = FOG OR MIST
DPTR FM NORMAL:   0.1   DPTR FM NORMAL:   -0.71    2 = FOG REDUCING VISIBILITY
HIGHEST:    73 ON 24    GRTST 24HR  0.73 ON  7- 7      TO 1/4 MILE OR LESS
LOWEST:     14 ON  5                               3 = THUNDER
                        SNOW, ICE PELLETS, HAIL    4 = ICE PELLETS
                        TOTAL MONTH:   9.8 INCHES  5 = HAIL
                        GRTST 24HR   5.3 ON   M    6 = FREEZING RAIN OR DRIZZLE
                        GRTST DEPTH:   4 ON 15     7 = DUSTSTORM OR SANDSTORM:
                                                       VSBY 1/2 MILE OR LESS
                                                   8 = SMOKE OR HAZE
[NO. OF DAYS WITH]      [WEATHER - DAYS WITH]      9 = BLOWING SNOW
                                                   X = TORNADO
MAX 32 OR BELOW:   9    0.01 INCH OR MORE:  14
MAX 90 OR ABOVE:   0    0.10 INCH OR MORE:   8
MIN 32 OR BELOW:  19    0.50 INCH OR MORE:   1
MIN  0 OR BELOW:   0    1.00 INCH OR MORE:   0

[HDD (BASE 65) ]
TOTAL THIS MO.   851    CLEAR  (SCALE 0-3)   5
DPTR FM NORMAL   -12    PTCLDY (SCALE 4-7)   8
TOTAL FM JUL 1  4355    CLOUDY (SCALE 8-10) 16
DPTR FM NORMAL  -873

[CDD (BASE 65) ]
TOTAL THIS MO.     0
DPTR FM NORMAL     0    [PRESSURE DATA]
TOTAL FM JAN 1     0    HIGHEST SLP M ON M
DPTR FM NORMAL     0    LOWEST  SLP 29.44 ON  1

[REMARKS]
