000
CXUS54 KEWX 230910
CF6ERV
PRELIMINARY LOCAL CLIMATOLOGICAL DATA (WS FORM: F-6)

                                          STATION:   KERRVILLE
                                          MONTH:     OCTOBER
                                          YEAR:      2014
                                          LATITUDE:   29 58 N
                                          LONGITUDE:  99  5 W

  TEMPERATURE IN F:       :PCPN:    SNOW:  WIND      :SUNSHINE: SKY     :PK WND
================================================================================
1   2   3   4   5  6A  6B    7    8   9   10  11  12  13   14  15   16   17  18
                                     12Z  AVG MX 2MIN
DY MAX MIN AVG DEP HDD CDD  WTR  SNW DPTH SPD SPD DIR MIN PSBL S-S WX    SPD DR
================================================================================

 1  89  72  81   M   0  16 0.00    M    M  7.7 12 140   M    M   5        16 170
 2  90  73  82   M   0  17 0.00    M    M  9.1 14 180   M    M   6        18 180
 3  83  54  69   M   0   4 0.00    M    M  5.6 12  20   M    M   0        16 350
 4  79  49  64   M   1   0 0.00    M    M  5.6 12 170   M    M   0        23 160
 5  84  63  74   M   0   9 0.00    M    M 11.0 15 170   M    M   6        21 190
 6  89  72  81   M   0  16 0.00    M    M  6.9 12 170   M    M   5         M  M
 7  92  72  82   M   0  17 0.00    M    M  7.3 13 170   M    M   3        18 170
 8  88  72  80   M   0  15    T    M    M 10.5 17 150   M    M   6 1      22 160
 9  89  72  81   M   0  16 0.00    M    M 12.7 20 160   M    M   5        25 180
10  89  72  81   M   0  16 0.00    M    M 11.4 18 170   M    M   7        23 160
11  76  59  68   M   0   3 1.01    M    M  8.4 13 360   M    M  10 3      18 330
12  74  59  67   M   0   2 0.00    M    M  4.8 20 160   M    M   9 1      27 160
13  74  53  64   M   1   0 0.01    M    M 12.8 23 340   M    M   2        30 320
14  76  41  59   M   6   0 0.00    M    M  4.1 13 320   M    M   0        18 320
15  83  42  63   M   2   0 0.00    M    M  2.5  8 160   M    M   0         M  M
16  84  43  64   M   1   0 0.00    M    M  4.2 15 170   M    M   0        30 170
17  85  46  66   M   0   1 0.00    M    M  2.6  9 180   M    M   0         M  M
18  84  57  71   M   0   6 0.00    M    M  3.0 10  90   M    M   5 1      16 100
19  80  59  70   M   0   5 0.00    M    M  4.0 10 100   M    M   2 1      17  90
20  80  57  69   M   0   4 0.00    M    M  3.2  8 100   M    M   3         M  M
21  79  52  66   M   0   1 0.00    M    M  3.0  7  90   M    M   0 1       M  M
22  80  54  67   M   0   2 0.02    M    M  2.7 10 170   M    M   1        16 110
================================================================================
SM 1827 1293        11 150  1.04    M    143.1          M       75
================================================================================
AV 83.0 58.8                               6.5 FASTST   M    M   3    MAX(MPH)
                                 MISC ---->  # 23 340                 30    M
================================================================================
NOTES:
# LAST OF SEVERAL OCCURRENCES

COLUMN 17 PEAK WIND IN M.P.H.

PRELIMINARY LOCAL CLIMATOLOGICAL DATA (WS FORM: F-6) , PAGE 2

                                          STATION:  KERRVILLE
                                          MONTH:    OCTOBER
                                          YEAR:     2014
                                          LATITUDE:   29 58 N
                                          LONGITUDE:  99  5 W

[TEMPERATURE DATA]      [PRECIPITATION DATA]       SYMBOLS USED IN COLUMN 16

AVERAGE MONTHLY: 70.9   TOTAL FOR MONTH:   1.04    1 = FOG OR MIST
DPTR FM NORMAL:     M   DPTR FM NORMAL:       M    2 = FOG REDUCING VISIBILITY
HIGHEST:    92 ON  7    GRTST 24HR  1.01 ON 11-11      TO 1/4 MILE OR LESS
LOWEST:     41 ON 14                               3 = THUNDER
                        SNOW, ICE PELLETS, HAIL    4 = ICE PELLETS
                        TOTAL MONTH:    M          5 = HAIL
                        GRTST 24HR    M  ON   M    6 = FREEZING RAIN OR DRIZZLE
                        GRTST DEPTH:  M  ON   M    7 = DUSTSTORM OR SANDSTORM:
                                                       VSBY 1/2 MILE OR LESS
                                                   8 = SMOKE OR HAZE
[NO. OF DAYS WITH]      [WEATHER - DAYS WITH]      9 = BLOWING SNOW
                                                   X = TORNADO
MAX 32 OR BELOW:   0    0.01 INCH OR MORE:   3
MAX 90 OR ABOVE:   2    0.10 INCH OR MORE:   1
MIN 32 OR BELOW:   0    0.50 INCH OR MORE:   1
MIN  0 OR BELOW:   0    1.00 INCH OR MORE:   1

[HDD (BASE 65) ]
TOTAL THIS MO.    11    CLEAR  (SCALE 0-3)  12
DPTR FM NORMAL     M    PTCLDY (SCALE 4-7)   8
TOTAL FM JUL 1    14    CLOUDY (SCALE 8-10)  2
DPTR FM NORMAL     M

[CDD (BASE 65) ]
TOTAL THIS MO.   150
DPTR FM NORMAL     M    [PRESSURE DATA]
TOTAL FM JAN 1  2516    HIGHEST SLP M ON M
DPTR FM NORMAL     M    LOWEST  SLP M ON M

[REMARKS]
