000
CXUS53 KPAH 290635
CF6EVV
PRELIMINARY LOCAL CLIMATOLOGICAL DATA (WS FORM: F-6)

                                          STATION:   EVANSVILLE IN
                                          MONTH:     JULY
                                          YEAR:      2015
                                          LATITUDE:   38  2 N
                                          LONGITUDE:  87 32 W

  TEMPERATURE IN F:       :PCPN:    SNOW:  WIND      :SUNSHINE: SKY     :PK WND
================================================================================
1   2   3   4   5  6A  6B    7    8   9   10  11  12  13   14  15   16   17  18
                                     12Z  AVG MX 2MIN
DY MAX MIN AVG DEP HDD CDD  WTR  SNW DPTH SPD SPD DIR MIN PSBL S-S WX    SPD DR
================================================================================

 1  83  68  76  -2   0  11 0.17  0.0    0  6.1 15 210   M    M   6 138    19 210
 2  82  70  76  -2   0  11 0.22  0.0    0  5.2 14 240   M    M   7 138    17 240
 3  83  69  76  -2   0  11 0.62  0.0    0  3.9 12  50   M    M   6 138    17 320
 4  83  66  75  -3   0  10 0.00  0.0    0  4.2  9  20   M    M   3 18     14  30
 5  85  70  78   0   0  13 0.00  0.0    0  2.4 10  90   M    M   2 18     13  90
 6  87  68  78   0   0  13    T  0.0    0  7.4 17 220   M    M   3 18     21 220
 7  79  68  74  -4   0   9 1.47  0.0    0  9.5 20 200   M    M   9 1238   23 240
 8  84  62  73  -5   0   8 0.16  0.0    0  6.1 25 230   M    M   7 138    32 220
 9  82  70  76  -2   0  11 0.23  0.0    0  7.6 22 230   M    M   6 13     29 230
10  82  68  75  -3   0  10 0.66  0.0    0  5.6 16 240   M    M   7 138    20 340
11  88  68  78   0   0  13 0.00  0.0    0  3.6 10 210   M    M   3 18     17 110
12  92  77  85   7   0  20 0.00  0.0    0  4.5 13 230   M    M   2 18     16 210
13  94  75  85   7   0  20    T  0.0    0  9.9 20 210   M    M   1 1      26 210
14  94  77  86   8   0  21 0.00  0.0    0  8.8 17 260   M    M   3        23 280
15  85  69  77  -1   0  12 0.00  0.0    0  5.8 14  50   M    M   1 18     17  40
16  87  68  78   0   0  13 0.00  0.0    0  4.6 13 170   M    M   0 18     18 190
17  93  75  84   6   0  19 0.00  0.0    0  9.2 20 220   M    M   2        24 220
18  95  75  85   7   0  20 0.00  0.0    0  7.6 17 220   M    M   2        22 220
19  94  73  84   6   0  19 0.08  0.0    0  6.1 13 350   M    M   2 1      18 300
20  85  73  79   1   0  14 0.48  0.0    0  4.0 17 350   M    M   6 13     22 350
21  88  72  80   2   0  15 0.00  0.0    0  5.5 13 350   M    M   4 18     17 350
22  86  65  76  -2   0  11 0.00  0.0    0  6.3 10  80   M    M   3        16 130
23  87  71  79   1   0  14    T  0.0    0  5.2 10  50   M    M   6        13  60
24  89  65  77  -1   0  12 0.00  0.0    0  2.7  9  80   M    M   2 18     12  90
25  89  66  78   0   0  13 0.00  0.0    0  1.8 10 130   M    M   0 18     15 110
26  87  72  80   2   0  15 0.11  0.0    0  4.5 14 360   M    M   5 18     19 360
27  90  74  82   4   0  17 0.34  0.0    0  3.4 18 260   M    M   4 138    23 250
28  94  73  84   6   0  19 0.00  0.0    0  4.8 22 260   M    M   1 138    28 250
================================================================================
SM 2447 1967         0 394  4.54     0.0 156.3          M      103
================================================================================
AV 87.4 70.2                               5.6 FASTST   M    M   4    MAX(MPH)
                                 MISC ---->  # 25 230               # 32  220
================================================================================
NOTES:
# LAST OF SEVERAL OCCURRENCES

COLUMN 17 PEAK WIND IN M.P.H.

PRELIMINARY LOCAL CLIMATOLOGICAL DATA (WS FORM: F-6) , PAGE 2

                                          STATION:  EVANSVILLE IN
                                          MONTH:    JULY
                                          YEAR:     2015
                                          LATITUDE:   38  2 N
                                          LONGITUDE:  87 32 W

[TEMPERATURE DATA]      [PRECIPITATION DATA]       SYMBOLS USED IN COLUMN 16

AVERAGE MONTHLY: 78.8   TOTAL FOR MONTH:   4.54    1 = FOG OR MIST
DPTR FM NORMAL:   0.8   DPTR FM NORMAL:    0.95    2 = FOG REDUCING VISIBILITY
HIGHEST:    95 ON 18    GRTST 24HR  1.47 ON  7- 7      TO 1/4 MILE OR LESS
LOWEST:     62 ON  8                               3 = THUNDER
                        SNOW, ICE PELLETS, HAIL    4 = ICE PELLETS
                        TOTAL MONTH:   0.0 INCH    5 = HAIL
                        GRTST 24HR     0.0         6 = FREEZING RAIN OR DRIZZLE
                        GRTST DEPTH:   0           7 = DUSTSTORM OR SANDSTORM:
                                                       VSBY 1/2 MILE OR LESS
                                                   8 = SMOKE OR HAZE
[NO. OF DAYS WITH]      [WEATHER - DAYS WITH]      9 = BLOWING SNOW
                                                   X = TORNADO
MAX 32 OR BELOW:   0    0.01 INCH OR MORE:  11
MAX 90 OR ABOVE:   8    0.10 INCH OR MORE:  10
MIN 32 OR BELOW:   0    0.50 INCH OR MORE:   3
MIN  0 OR BELOW:   0    1.00 INCH OR MORE:   1

[HDD (BASE 65) ]
TOTAL THIS MO.     0    CLEAR  (SCALE 0-3)  16
DPTR FM NORMAL     0    PTCLDY (SCALE 4-7)  11
TOTAL FM JUL 1     0    CLOUDY (SCALE 8-10)  1
DPTR FM NORMAL     0

[CDD (BASE 65) ]
TOTAL THIS MO.   394
DPTR FM NORMAL    30    [PRESSURE DATA]
TOTAL FM JAN 1   937    HIGHEST SLP M ON M
DPTR FM NORMAL   140    LOWEST  SLP 29.63 ON 14

[REMARKS]
