057
CXUS56 KSLC 241301
CF6EVW
PRELIMINARY LOCAL CLIMATOLOGICAL DATA (WS FORM: F-6)

                                          STATION:   EVANSTON WY
                                          MONTH:     JULY
                                          YEAR:      2017
                                          LATITUDE:   41 16 N
                                          LONGITUDE: 111  2 W

  TEMPERATURE IN F:       :PCPN:    SNOW:  WIND      :SUNSHINE: SKY     :PK WND
================================================================================
1   2   3   4   5  6A  6B    7    8   9   10  11  12  13   14  15   16   17  18
                                     12Z  AVG MX 2MIN
DY MAX MIN AVG DEP HDD CDD  WTR  SNW DPTH SPD SPD DIR MIN PSBL S-S WX    SPD DR
================================================================================

 1  81  44  63   0   2   0 0.00  0.0    0  7.1 23 230   M    M   0        29 230
 2  86  53  70   7   0   5 0.00  0.0    0  8.5 21 260   M    M   0        27 250
 3  86  58  72   8   0   7 0.00  0.0    0 10.3 26 250   M    M   0        34 250
 4  89  54  72   8   0   7 0.00  0.0    0  7.1 22 270   M    M   0        28 280
 5  90  58  74  10   0   9 0.00  0.0    0  7.3 28 170   M    M   0        35 220
 6  92  57  75  10   0  10 0.00  0.0    0  8.3 22 240   M    M   0        28 240
 7  91  57  74   9   0   9 0.00  0.0    0  7.4 20 310   M    M   1        26 290
 8  89  57  73   8   0   8    T  0.0    0  8.6 28 290   M    M   0 3      32 290
 9  89  57  73   7   0   8 0.00  0.0    0  8.3 20 260   M    M   2 3      25 240
10  84  60  72   6   0   7    T  0.0    0  9.6 21 240   M    M   3        26 230
11  84  56  70   4   0   5 0.00  0.0    0  9.9 22 270   M    M   1        29 300
12  87  53  70   4   0   5 0.00  0.0    0  8.3 22 250   M    M   1        27 290
13  88  54  71   5   0   6 0.00  0.0    0  7.9 28 160   M    M   0        36 160
14  89  56  73   6   0   8    T  0.0    0  6.6 23  20   M    M   2        30  20
15  87  60  74   7   0   9    T  0.0    0  7.5 20  90   M    M   1        27 160
16  90  57  74   7   0   9 0.00  0.0    0  8.1 24  10   M    M   0        28 360
17  82  57  70   3   0   5 0.10  0.0    0 10.1 41 250   M    M   2 3      52 250
18  89  55  72   5   0   7 0.00  0.0    0  7.3 26 270   M    M   1        33 240
19  83  61  72   4   0   7    T  0.0    0  8.7 31 270   M    M   5 3      43 270
20  86  58  72   4   0   7 0.00  0.0    0  9.5 23 270   M    M   1        30 250
21  86  60  73   5   0   8    T  0.0    0  6.3 23 280   M    M   2        33  20
22  88  56  72   4   0   7 0.00  0.0    0  5.3 21 350   M    M   1        28 350
23  87  55  71   3   0   6 0.00  0.0    0  7.8 22 180   M    M   0        28 180
================================================================================
SM 2003 1293         2 159  0.10     0.0 185.8          M       23
================================================================================
AV 87.1 56.2                               8.1 FASTST   M    M   1    MAX(MPH)
                                 MISC ---->  # 41 250               # 52  250
================================================================================
NOTES:
# LAST OF SEVERAL OCCURRENCES

COLUMN 17 PEAK WIND IN M.P.H.

PRELIMINARY LOCAL CLIMATOLOGICAL DATA (WS FORM: F-6) , PAGE 2

                                          STATION:  EVANSTON WY
                                          MONTH:    JULY
                                          YEAR:     2017
                                          LATITUDE:   41 16 N
                                          LONGITUDE: 111  2 W

[TEMPERATURE DATA]      [PRECIPITATION DATA]       SYMBOLS USED IN COLUMN 16

AVERAGE MONTHLY: 71.7   TOTAL FOR MONTH:   0.10    1 = FOG OR MIST
DPTR FM NORMAL:   5.7   DPTR FM NORMAL:   -0.57    2 = FOG REDUCING VISIBILITY
HIGHEST:    92 ON  6    GRTST 24HR  0.10 ON 17-17      TO 1/4 MILE OR LESS
LOWEST:     44 ON  1                               3 = THUNDER
                        SNOW, ICE PELLETS, HAIL    4 = ICE PELLETS
                        TOTAL MONTH:   0.0 INCH    5 = HAIL
                        GRTST 24HR     0.0         6 = FREEZING RAIN OR DRIZZLE
                        GRTST DEPTH:   0           7 = DUSTSTORM OR SANDSTORM:
                                                       VSBY 1/2 MILE OR LESS
                                                   8 = SMOKE OR HAZE
[NO. OF DAYS WITH]      [WEATHER - DAYS WITH]      9 = BLOWING SNOW
                                                   X = TORNADO
MAX 32 OR BELOW:   0    0.01 INCH OR MORE:   1
MAX 90 OR ABOVE:   4    0.10 INCH OR MORE:   1
MIN 32 OR BELOW:   0    0.50 INCH OR MORE:   0
MIN  0 OR BELOW:   0    1.00 INCH OR MORE:   0

[HDD (BASE 65) ]
TOTAL THIS MO.     2    CLEAR  (SCALE 0-3)  21
DPTR FM NORMAL   -33    PTCLDY (SCALE 4-7)   2
TOTAL FM JUL 1     2    CLOUDY (SCALE 8-10)  0
DPTR FM NORMAL   -33

[CDD (BASE 65) ]
TOTAL THIS MO.   159
DPTR FM NORMAL   108    [PRESSURE DATA]
TOTAL FM JAN 1   181    HIGHEST SLP M ON M
DPTR FM NORMAL   116    LOWEST  SLP 29.83 ON 11

[REMARKS]
