000
CXUS53 KIND 230730
CF6EYE
PRELIMINARY LOCAL CLIMATOLOGICAL DATA (WS FORM: F-6)

                                          STATION:   INDIANAPOLIS EAGLE CREEK IN
                                          MONTH:     JULY
                                          YEAR:      2017
                                          LATITUDE:   39 49 N
                                          LONGITUDE:  86 18 W

  TEMPERATURE IN F:       :PCPN:    SNOW:  WIND      :SUNSHINE: SKY     :PK WND
================================================================================
1   2   3   4   5  6A  6B    7    8   9   10  11  12  13   14  15   16   17  18
                                     12Z  AVG MX 2MIN
DY MAX MIN AVG DEP HDD CDD  WTR  SNW DPTH SPD SPD DIR MIN PSBL S-S WX    SPD DR
================================================================================

 1  83  68  76   1   0  11 0.00    M    M  6.6 15 290   M    M   4 1      22 270
 2  84  65  75   0   0  10 0.00    M    M  5.3 16 280   M    M   0        20 270
 3  88  66  77   1   0  12 0.00    M    M  3.0 10 200   M    M   1        14 190
 4  87  68  78   2   0  13 0.00    M    M  4.8 15  70   M    M   1 18     19  90
 5  86  69  78   2   0  13 0.00    M    M  3.6  8 340   M    M   3        11  70
 6  82  73  78   2   0  13    T    M    M  3.4 12 110   M    M   3 3      15 100
 7  88  67  78   2   0  13 0.57    M    M  6.8 23  40   M    M   1 13     30  50
 8  79  64  72  -4   0   7 0.00    M    M  6.7 16 340   M    M   1        21 340
 9  84  59  72  -4   0   7 0.00    M    M  2.8 12 210   M    M   0 1      15 290
10  84  72  78   2   0  13 0.17    M    M  8.0 17 230   M    M   1 3      31 240
11  78  69  74  -2   0   9 3.00    M    M  6.8 32 310   M    M   5 13     44 320
12  90  71  81   5   0  16 0.04    M    M  6.1 24 350   M    M   1 3      32 350
13  86  74  80   4   0  15 0.10    M    M  5.9 16 230   M    M   5 13     26 230
14  83  65  74  -2   0   9 0.00    M    M  7.7 17 310   M    M   5        23 300
15  80  61  71  -4   0   6 0.00    M    M  4.2 10 350   M    M   2        14 350
16  85  65  75   0   0  10 0.00    M    M  4.5 15 290   M    M   2 3      19 300
17  86  70  78   3   0  13 0.00    M    M  3.6  9 340   M    M   5        23 140
18  88  69  79   4   0  14 0.00    M    M  3.7 10 260   M    M   3 1      14 280
19  89  67  78   3   0  13 0.00    M    M  3.2 12 290   M    M   3        15 290
20  89  73  81   6   0  16 0.19    M    M  5.9 26 320   M    M   2 138    37 340
21  90  72  81   6   0  16 0.30    M    M  5.2 25 320   M    M   2 138    36 310
22  88  74  81   6   0  16 0.01    M    M  6.1 24 320   M    M   5 3      30 330
================================================================================
SM 1877 1501         0 265  4.38    M    113.9          M       55
================================================================================
AV 85.3 68.2                               5.2 FASTST   M    M   3    MAX(MPH)
                                 MISC ---->  # 32 310               # 44  320
================================================================================
NOTES:
# LAST OF SEVERAL OCCURRENCES

COLUMN 17 PEAK WIND IN M.P.H.

PRELIMINARY LOCAL CLIMATOLOGICAL DATA (WS FORM: F-6) , PAGE 2

                                          STATION:  INDIANAPOLIS EAGLE CREEK IN
                                          MONTH:    JULY
                                          YEAR:     2017
                                          LATITUDE:   39 49 N
                                          LONGITUDE:  86 18 W

[TEMPERATURE DATA]      [PRECIPITATION DATA]       SYMBOLS USED IN COLUMN 16

AVERAGE MONTHLY: 76.8   TOTAL FOR MONTH:   4.38    1 = FOG OR MIST
DPTR FM NORMAL:   1.2   DPTR FM NORMAL:    1.05    2 = FOG REDUCING VISIBILITY
HIGHEST:    90 ON 21,12 GRTST 24HR  3.00 ON 11-11      TO 1/4 MILE OR LESS
LOWEST:     59 ON  9                               3 = THUNDER
                        SNOW, ICE PELLETS, HAIL    4 = ICE PELLETS
                        TOTAL MONTH:    M          5 = HAIL
                        GRTST 24HR    M  ON   M    6 = FREEZING RAIN OR DRIZZLE
                        GRTST DEPTH:  M  ON   M    7 = DUSTSTORM OR SANDSTORM:
                                                       VSBY 1/2 MILE OR LESS
                                                   8 = SMOKE OR HAZE
[NO. OF DAYS WITH]      [WEATHER - DAYS WITH]      9 = BLOWING SNOW
                                                   X = TORNADO
MAX 32 OR BELOW:   0    0.01 INCH OR MORE:   8
MAX 90 OR ABOVE:   2    0.10 INCH OR MORE:   6
MIN 32 OR BELOW:   0    0.50 INCH OR MORE:   2
MIN  0 OR BELOW:   0    1.00 INCH OR MORE:   1

[HDD (BASE 65) ]
TOTAL THIS MO.     0    CLEAR  (SCALE 0-3)  16
DPTR FM NORMAL     0    PTCLDY (SCALE 4-7)   6
TOTAL FM JUL 1     0    CLOUDY (SCALE 8-10)  0
DPTR FM NORMAL     0

[CDD (BASE 65) ]
TOTAL THIS MO.   265
DPTR FM NORMAL    35    [PRESSURE DATA]
TOTAL FM JAN 1   598    HIGHEST SLP M ON M
DPTR FM NORMAL    50    LOWEST  SLP 29.75 ON 22

[REMARKS]
