000
CXUS52 KKEY 260800
CF6EYW
PRELIMINARY LOCAL CLIMATOLOGICAL DATA (WS FORM: F-6)

                                          STATION:   KEY WEST
                                          MONTH:     DECEMBER
                                          YEAR:      2014
                                          LATITUDE:   24 32 N
                                          LONGITUDE:  81 45 W

  TEMPERATURE IN F:       :PCPN:    SNOW:  WIND      :SUNSHINE: SKY     :PK WND
================================================================================
1   2   3   4   5  6A  6B    7    8   9   10  11  12  13   14  15   16   17  18
                                     12Z  AVG MX 2MIN
DY MAX MIN AVG DEP HDD CDD  WTR  SNW DPTH SPD SPD DIR MIN PSBL S-S WX    SPD DR
================================================================================

 1  80  69  75   1   0  10 0.01  0.0    0 10.3 20  90   M    M   5        27  90
 2  80  70  75   1   0  10 0.00  0.0    0  8.5 20 100   M    M   2        26 100
 3  80  71  76   3   0  11 0.00  0.0    0  9.7 15  20   M    M   1        19  20
 4  80  70  75   2   0  10    T  0.0    0  9.7 16  20   M    M   0        21  30
 5  82  71  77   4   0  12    T  0.0    0  9.5 18  90   M    M   1        24  80
 6  82  73  78   5   0  13    T  0.0    0  7.2 15  90   M    M   2        20  80
 7  76  70  73   0   0   8 0.00  0.0    0  9.6 15 360   M    M   4        22 360
 8  76  68  72  -1   0   7 0.00  0.0    0  9.0 14  10   M    M   1        17  30
 9  73  65  69  -3   0   4    T  0.0    0 13.8 21 350   M    M   5        27 330
10  65  58  62 -10   3   0 0.00  0.0    0 10.8 18  10   M    M   3        26  10
11  69  56  63  -9   2   0 0.00  0.0    0  3.8  9 130   M    M   2        11 130
12  70  63  67  -5   0   2 0.00  0.0    0  8.1 16  30   M    M   4        20  20
13  71  61  66  -6   0   1 0.00  0.0    0 10.5 17  20   M    M   0        23  20
14  71  63  67  -5   0   2 0.00  0.0    0  8.6 17  20   M    M   1        21  10
15  76  64  70  -2   0   5 0.00  0.0    0  7.1 12  40   M    M   0        17  40
16  75  64  70  -1   0   5 0.00  0.0    0  7.7 15  20   M    M   0        19  20
17  77  63  70  -1   0   5 0.00  0.0    0  6.3 12  30   M    M   0        13  30
18  77  64  71   0   0   6 0.00  0.0    0  6.1 15  20   M    M   0        18  20
19  77  64  71   0   0   6 0.00  0.0    0  7.6 13  90   M    M   0        16  50
20  79  69  74   3   0   9 0.00  0.0    0  8.1 14 130   M    M   3        19 110
21  79  72  76   5   0  11 0.00  0.0    0  9.9 15 130   M    M   3        22 150
22  81  75  78   8   0  13 0.00  0.0    0  9.7 17 160   M    M   1        19 160
23  82  76  79   9   0  14 0.00  0.0    0 12.0 17 130   M    M   1        23 130
24  81  75  78   8   0  13 1.51  0.0    0 10.7 23 230   M    M   6 3      29 230
25  79  66  73   3   0   8 0.66  0.0    0 13.1 20  10   M    M   7        29 350
================================================================================
SM 1918 1680         5 185  2.18     0.0 227.4          M       52
================================================================================
AV 76.7 67.2                               9.1 FASTST   M    M   2    MAX(MPH)
                                 MISC ---->  # 23 230               # 29  350
================================================================================
NOTES:
# LAST OF SEVERAL OCCURRENCES

COLUMN 17 PEAK WIND IN M.P.H.

PRELIMINARY LOCAL CLIMATOLOGICAL DATA (WS FORM: F-6) , PAGE 2

                                          STATION:  KEY WEST
                                          MONTH:    DECEMBER
                                          YEAR:     2014
                                          LATITUDE:   24 32 N
                                          LONGITUDE:  81 45 W

[TEMPERATURE DATA]      [PRECIPITATION DATA]       SYMBOLS USED IN COLUMN 16

AVERAGE MONTHLY: 72.0   TOTAL FOR MONTH:   2.18    1 = FOG OR MIST
DPTR FM NORMAL:   0.1   DPTR FM NORMAL:    0.31    2 = FOG REDUCING VISIBILITY
HIGHEST:    82 ON 23, 6 GRTST 24HR  2.17 ON 24-25      TO 1/4 MILE OR LESS
LOWEST:     56 ON 11                               3 = THUNDER
                        SNOW, ICE PELLETS, HAIL    4 = ICE PELLETS
                        TOTAL MONTH:   0.0 INCH    5 = HAIL
                        GRTST 24HR     0.0         6 = FREEZING RAIN OR DRIZZLE
                        GRTST DEPTH:   0           7 = DUSTSTORM OR SANDSTORM:
                                                       VSBY 1/2 MILE OR LESS
                                                   8 = SMOKE OR HAZE
[NO. OF DAYS WITH]      [WEATHER - DAYS WITH]      9 = BLOWING SNOW
                                                   X = TORNADO
MAX 32 OR BELOW:   0    0.01 INCH OR MORE:   3
MAX 90 OR ABOVE:   0    0.10 INCH OR MORE:   2
MIN 32 OR BELOW:   0    0.50 INCH OR MORE:   2
MIN  0 OR BELOW:   0    1.00 INCH OR MORE:   1

[HDD (BASE 65) ]
TOTAL THIS MO.     5    CLEAR  (SCALE 0-3)  17
DPTR FM NORMAL    -4    PTCLDY (SCALE 4-7)   8
TOTAL FM JUL 1     6    CLOUDY (SCALE 8-10)  0
DPTR FM NORMAL    -4

[CDD (BASE 65) ]
TOTAL THIS MO.   185
DPTR FM NORMAL     3    [PRESSURE DATA]
TOTAL FM JAN 1  5028    HIGHEST SLP M ON M
DPTR FM NORMAL   313    LOWEST  SLP 29.88 ON 23

[REMARKS]
