000
CXUS52 KEYW 250800
CF6EYW
PRELIMINARY LOCAL CLIMATOLOGICAL DATA (WS FORM: F-6)

                                          STATION:   KEY WEST
                                          MONTH:     OCTOBER
                                          YEAR:      2014
                                          LATITUDE:   24 32 N
                                          LONGITUDE:  81 45 W

  TEMPERATURE IN F:       :PCPN:    SNOW:  WIND      :SUNSHINE: SKY     :PK WND
================================================================================
1   2   3   4   5  6A  6B    7    8   9   10  11  12  13   14  15   16   17  18
                                     12Z  AVG MX 2MIN
DY MAX MIN AVG DEP HDD CDD  WTR  SNW DPTH SPD SPD DIR MIN PSBL S-S WX    SPD DR
================================================================================

 1  89  82  86   4   0  21 0.00  0.0    0  5.7 12 180   M    M   1        16 230
 2  88  83  86   4   0  21 0.00  0.0    0  3.6 13  90   M    M   3 3      16  90
 3  90  77  84   2   0  19 0.26  0.0    0  3.5 14 320   M    M   4 3      16 320
 4  89  78  84   2   0  19    T  0.0    0  9.9 22 310   M    M   2        28 310
 5  85  74  80  -2   0  15 0.01  0.0    0  7.4 14  20   M    M   2        19  20
 6  86  73  80  -2   0  15 0.00  0.0    0  7.0 13 120   M    M   1 8      18 140
 7  88  75  82   0   0  17 0.24  0.0    0  7.9 17  50   M    M   0 38     29  80
 8  88  80  84   3   0  19 0.00  0.0    0  7.2 14  30   M    M   0        18  20
 9  88  81  85   4   0  20    T  0.0    0 10.2 17  90   M    M   1 3      23 100
10  88  80  84   3   0  19    T  0.0    0 10.9 20 100   M    M   1        25  80
11  88  80  84   3   0  19 0.08  0.0    0 10.3 20 100   M    M   2 1      24 100
12  87  75  81   0   0  16 0.79  0.0    0 12.1 23 140   M    M   3 13     27 140
13  88  81  85   4   0  20    T  0.0    0 15.9 23 110   M    M   2        28 110
14  87  83  85   4   0  20    T  0.0    0 10.6 17 130   M    M   1        23 120
15  87  82  85   5   0  20 0.00  0.0    0  7.3 14 330   M    M   3        21 250
16  85  77  81   1   0  16    T  0.0    0  9.0 16 340   M    M   4        21 340
17  83  74  79  -1   0  14 0.00  0.0    0  5.1 12 360   M    M   2        16  20
18  84  71  78  -2   0  13 0.00  0.0    0  3.9 12 340   M    M   2 12     15 330
19  86  69  78  -2   0  13 0.00  0.0    0  4.6 12  30   M    M   1        15  10
20  85  76  81   1   0  16 0.19  0.0    0  9.1 20 150   M    M   4 13     25 160
21  82  73  78  -2   0  13 1.67  0.0    0  5.6 26 180   M    M   5 123    33 270
22  81  73  77  -2   0  12 2.09  0.0    0  5.9 14 150   M    M   7        20 160
23  79  74  77  -2   0  12 0.62  0.0    0  9.5 18 100   M    M   9        23  50
24  83  76  80   1   0  15    T  0.0    0 12.8 21  30   M    M   7        28  30
================================================================================
SM 2064 1847         0 404  5.95     0.0 195.0          M       67
================================================================================
AV 86.0 77.0                               8.1 FASTST   M    M   3    MAX(MPH)
                                 MISC ---->  # 26 180               # 33  270
================================================================================
NOTES:
# LAST OF SEVERAL OCCURRENCES

COLUMN 17 PEAK WIND IN M.P.H.

PRELIMINARY LOCAL CLIMATOLOGICAL DATA (WS FORM: F-6) , PAGE 2

                                          STATION:  KEY WEST
                                          MONTH:    OCTOBER
                                          YEAR:     2014
                                          LATITUDE:   24 32 N
                                          LONGITUDE:  81 45 W

[TEMPERATURE DATA]      [PRECIPITATION DATA]       SYMBOLS USED IN COLUMN 16

AVERAGE MONTHLY: 81.5   TOTAL FOR MONTH:   5.95    1 = FOG OR MIST
DPTR FM NORMAL:   0.7   DPTR FM NORMAL:    1.88    2 = FOG REDUCING VISIBILITY
HIGHEST:    90 ON  3    GRTST 24HR  2.26 ON 22-23      TO 1/4 MILE OR LESS
LOWEST:     69 ON 19                               3 = THUNDER
                        SNOW, ICE PELLETS, HAIL    4 = ICE PELLETS
                        TOTAL MONTH:   0.0 INCH    5 = HAIL
                        GRTST 24HR     0.0         6 = FREEZING RAIN OR DRIZZLE
                        GRTST DEPTH:   0           7 = DUSTSTORM OR SANDSTORM:
                                                       VSBY 1/2 MILE OR LESS
                                                   8 = SMOKE OR HAZE
[NO. OF DAYS WITH]      [WEATHER - DAYS WITH]      9 = BLOWING SNOW
                                                   X = TORNADO
MAX 32 OR BELOW:   0    0.01 INCH OR MORE:   9
MAX 90 OR ABOVE:   1    0.10 INCH OR MORE:   7
MIN 32 OR BELOW:   0    0.50 INCH OR MORE:   4
MIN  0 OR BELOW:   0    1.00 INCH OR MORE:   2

[HDD (BASE 65) ]
TOTAL THIS MO.     0    CLEAR  (SCALE 0-3)  17
DPTR FM NORMAL     0    PTCLDY (SCALE 4-7)   6
TOTAL FM JUL 1     0    CLOUDY (SCALE 8-10)  1
DPTR FM NORMAL     0

[CDD (BASE 65) ]
TOTAL THIS MO.   404
DPTR FM NORMAL    26    [PRESSURE DATA]
TOTAL FM JAN 1  4491    HIGHEST SLP M ON M
DPTR FM NORMAL   378    LOWEST  SLP 29.77 ON 24

[REMARKS]
