000
CXUS53 KFGF 230915
CF6FAR
PRELIMINARY LOCAL CLIMATOLOGICAL DATA (WS FORM: F-6)

                                          STATION:   FARGO HECTOR INTL AP ND
                                          MONTH:     AUGUST
                                          YEAR:      2014
                                          LATITUDE:   46 54 N
                                          LONGITUDE:  96 48 W

  TEMPERATURE IN F:       :PCPN:    SNOW:  WIND      :SUNSHINE: SKY     :PK WND
================================================================================
1   2   3   4   5  6A  6B    7    8   9   10  11  12  13   14  15   16   17  18
                                     12Z  AVG MX 2MIN
DY MAX MIN AVG DEP HDD CDD  WTR  SNW DPTH SPD SPD DIR MIN PSBL S-S WX    SPD DR
================================================================================

 1  84  59  72   1   0   7 0.00  0.0    0  4.6 13  30   M    M   1 18     17  20
 2  86  57  72   1   0   7 0.01  0.0    0  3.5 10  40   M    M   1 128     M  M
 3  81  58  70  -1   0   5 0.31  0.0    0  8.1 20  10   M    M   1 1      23  10
 4  79  52  66  -5   0   1 0.00  0.0    0  5.0 15  80   M    M   0        20  70
 5  81  53  67  -4   0   2 0.00  0.0    0  3.2 13 110   M    M   0        18 120
 6  82  57  70  -1   0   5 0.00  0.0    0  3.7 12 110   M    M   0        14 110
 7  82  59  71   0   0   6 0.00  0.0    0  8.1 20 160   M    M   1        25 170
 8  83  60  72   1   0   7 0.00  0.0    0  9.2 17 170   M    M   0        25 160
 9  80  65  73   2   0   8 0.01  0.0    0  8.3 21 140   M    M   7        26 140
10  80  60  70  -1   0   5 0.00  0.0    0  9.4 22 340   M    M   6 1      27 340
11  78  54  66  -4   0   1 0.00  0.0    0 11.5 24 350   M    M   1        29 360
12  84  49  67  -3   0   2 0.00  0.0    0  5.5 14 300   M    M   0        21 280
13  85  58  72   2   0   7 0.00  0.0    0  5.6 10  90   M    M   1        14  50
14  82  66  74   4   0   9 0.02  0.0    0 11.7 18 140   M    M   3        23 160
15  86  67  77   7   0  12 0.04  0.0    0  9.4 15 170   M    M   4 1      24 170
16  88  65  77   7   0  12 0.19  0.0    0  5.4 17  30   M    M   3 1      22  40
17  76  65  71   1   0   6 0.54  0.0    0  6.9 14 130   M    M   7 1      18 140
18  79  63  71   2   0   6 0.07  0.0    0  7.3 17 360   M    M   6 1      20  10
19  83  58  71   2   0   6 0.00  0.0    0  4.1 10 360   M    M   1 1      15 310
20  85  64  75   6   0  10 0.00  0.0    0  9.7 17 140   M    M   1        25 140
21  79  64  72   3   0   7 0.02  0.0    0  5.4 20 110   M    M   7 12     25 110
22  75  63  69   1   0   4 0.00  0.0    0  7.1 17 350   M    M  10 12     20 360
================================================================================
SM 1798 1316         0 135  1.21     0.0 152.7          M       61
================================================================================
AV 81.7 59.8                               6.9 FASTST   M    M   3    MAX(MPH)
                                 MISC ---->  # 24 350               # 29  360
================================================================================
NOTES:
# LAST OF SEVERAL OCCURRENCES

COLUMN 17 PEAK WIND IN M.P.H.

PRELIMINARY LOCAL CLIMATOLOGICAL DATA (WS FORM: F-6) , PAGE 2

                                          STATION:  FARGO HECTOR INTL AP ND
                                          MONTH:    AUGUST
                                          YEAR:     2014
                                          LATITUDE:   46 54 N
                                          LONGITUDE:  96 48 W

[TEMPERATURE DATA]      [PRECIPITATION DATA]       SYMBOLS USED IN COLUMN 16

AVERAGE MONTHLY: 70.8   TOTAL FOR MONTH:   1.21    1 = FOG OR MIST
DPTR FM NORMAL:   0.6   DPTR FM NORMAL:   -0.50    2 = FOG REDUCING VISIBILITY
HIGHEST:    88 ON 16    GRTST 24HR  0.73 ON 16-17      TO 1/4 MILE OR LESS
LOWEST:     49 ON 12                               3 = THUNDER
                        SNOW, ICE PELLETS, HAIL    4 = ICE PELLETS
                        TOTAL MONTH:   0.0 INCH    5 = HAIL
                        GRTST 24HR     0.0         6 = FREEZING RAIN OR DRIZZLE
                        GRTST DEPTH:   0           7 = DUSTSTORM OR SANDSTORM:
                                                       VSBY 1/2 MILE OR LESS
                                                   8 = SMOKE OR HAZE
[NO. OF DAYS WITH]      [WEATHER - DAYS WITH]      9 = BLOWING SNOW
                                                   X = TORNADO
MAX 32 OR BELOW:   0    0.01 INCH OR MORE:   9
MAX 90 OR ABOVE:   0    0.10 INCH OR MORE:   3
MIN 32 OR BELOW:   0    0.50 INCH OR MORE:   1
MIN  0 OR BELOW:   0    1.00 INCH OR MORE:   0

[HDD (BASE 65) ]
TOTAL THIS MO.     0    CLEAR  (SCALE 0-3)  15
DPTR FM NORMAL   -18    PTCLDY (SCALE 4-7)   6
TOTAL FM JUL 1    20    CLOUDY (SCALE 8-10)  1
DPTR FM NORMAL   -14

[CDD (BASE 65) ]
TOTAL THIS MO.   135
DPTR FM NORMAL     3    [PRESSURE DATA]
TOTAL FM JAN 1   479    HIGHEST SLP M ON M
DPTR FM NORMAL     7    LOWEST  SLP 29.63 ON 21

[REMARKS]
