000
CXUS56 KHNX 221146
CF6FAT
PRELIMINARY LOCAL CLIMATOLOGICAL DATA (WS FORM: F-6)

                                          STATION:   FRESNO CA
                                          MONTH:     DECEMBER
                                          YEAR:      2014
                                          LATITUDE:   36 46 N
                                          LONGITUDE: 119 43 W

  TEMPERATURE IN F:       :PCPN:    SNOW:  WIND      :SUNSHINE: SKY     :PK WND
================================================================================
1   2   3   4   5  6A  6B    7    8   9   10  11  12  13   14  15   16   17  18
                                     12Z  AVG MX 2MIN
DY MAX MIN AVG DEP HDD CDD  WTR  SNW DPTH SPD SPD DIR MIN PSBL S-S WX    SPD DR
================================================================================

 1  73  47  60  11   5   0 0.00  0.0    0  2.5  9  90   M    M   3        14 310
 2  59  51  55   6  10   0 0.42  0.0    0  5.2 16  80   M    M   9 1      19  80
 3  71  55  63  15   2   0    T  0.0    0  8.1 17 140   M    M   8        20 140
 4  69  55  62  14   3   0    T  0.0    0  5.5 13 160   M    M   8        16 150
 5  65  52  59  11   6   0 0.00  0.0    0  4.4  9 110   M    M   9        12  80
 6  70  52  61  13   4   0    T  0.0    0  1.9  6 140   M    M   6         9 150
 7  66  48  57   9   8   0 0.00  0.0    0  2.5 10 270   M    M   7 18     12 270
 8  68  45  57  10   8   0 0.00  0.0    0  1.2  9 290   M    M   5 128    10 300
 9  57  46  52   5  13   0 0.00  0.0    0  3.5  9 340   M    M   9 128    12 340
10  54  48  51   4  14   0 0.00  0.0    0  4.8 12 130   M    M  10 128    14 140
11  65  51  58  11   7   0 0.05  0.0    0  8.4 20 160   M    M   9 18     26 140
12  52  49  51   4  14   0 1.33  0.0    0  6.8 23 130   M    M  10 1      28 120
13  55  46  51   5  14   0 0.00  0.0    0  3.8 12 280   M    M   8 1      14 280
14  53  41  47   1  18   0 0.00  0.0    0  3.5 12 140   M    M   8 128    13 160
15  57  39  48   2  17   0 0.18  0.0    0  4.8 15 140   M    M  10 12     17 130
16  61  47  54   8  11   0 0.11  0.0    0  5.5 13 140   M    M   7 18     15 110
17  57  48  53   7  12   0 0.20  0.0    0  4.6 10 270   M    M   8 18     14 320
18  62  44  53   7  12   0 0.00  0.0    0  3.0  9 110   M    M   6        11  90
19  58  43  51   5  14   0    T  0.0    0  4.5 10 110   M    M   9        13 100
20  62  51  57  11   8   0 0.00  0.0    0  4.1 10 290   M    M   8 1      12 280
21  61  45  53   7  12   0 0.00  0.0    0  3.5 13 310   M    M   9 128    15 310
================================================================================
SM 1295 1003       212   0  2.29     0.0  92.1          M      166
================================================================================
AV 61.7 47.8                               4.4 FASTST   M    M   8    MAX(MPH)
                                 MISC ---->  # 23 130               # 28  120
================================================================================
NOTES:
# LAST OF SEVERAL OCCURRENCES

COLUMN 17 PEAK WIND IN M.P.H.

PRELIMINARY LOCAL CLIMATOLOGICAL DATA (WS FORM: F-6) , PAGE 2

                                          STATION:  FRESNO CA
                                          MONTH:    DECEMBER
                                          YEAR:     2014
                                          LATITUDE:   36 46 N
                                          LONGITUDE: 119 43 W

[TEMPERATURE DATA]      [PRECIPITATION DATA]       SYMBOLS USED IN COLUMN 16

AVERAGE MONTHLY: 54.7   TOTAL FOR MONTH:   2.29    1 = FOG OR MIST
DPTR FM NORMAL:   7.7   DPTR FM NORMAL:    1.21    2 = FOG REDUCING VISIBILITY
HIGHEST:    73 ON  1    GRTST 24HR  1.38 ON 11-12      TO 1/4 MILE OR LESS
LOWEST:     39 ON 15                               3 = THUNDER
                        SNOW, ICE PELLETS, HAIL    4 = ICE PELLETS
                        TOTAL MONTH:   0.0 INCH    5 = HAIL
                        GRTST 24HR     0.0         6 = FREEZING RAIN OR DRIZZLE
                        GRTST DEPTH:   0           7 = DUSTSTORM OR SANDSTORM:
                                                       VSBY 1/2 MILE OR LESS
                                                   8 = SMOKE OR HAZE
[NO. OF DAYS WITH]      [WEATHER - DAYS WITH]      9 = BLOWING SNOW
                                                   X = TORNADO
MAX 32 OR BELOW:   0    0.01 INCH OR MORE:   6
MAX 90 OR ABOVE:   0    0.10 INCH OR MORE:   5
MIN 32 OR BELOW:   0    0.50 INCH OR MORE:   1
MIN  0 OR BELOW:   0    1.00 INCH OR MORE:   1

[HDD (BASE 65) ]
TOTAL THIS MO.   212    CLEAR  (SCALE 0-3)   1
DPTR FM NORMAL  -166    PTCLDY (SCALE 4-7)  10
TOTAL FM JUL 1   433    CLOUDY (SCALE 8-10) 10
DPTR FM NORMAL  -333

[CDD (BASE 65) ]
TOTAL THIS MO.     0
DPTR FM NORMAL     0    [PRESSURE DATA]
TOTAL FM JAN 1  2932    HIGHEST SLP M ON M
DPTR FM NORMAL   808    LOWEST  SLP 29.59 ON 11

[REMARKS]
