000
CXUS52 KRAH 301345
CF6FAY
PRELIMINARY LOCAL CLIMATOLOGICAL DATA (WS FORM: F-6)

                                          STATION:   FAYETTEVILLE REGL AIRPORT NC
                                          MONTH:     MAY
                                          YEAR:      2015
                                          LATITUDE:   35  0 N
                                          LONGITUDE:  78 53 W

  TEMPERATURE IN F:       :PCPN:    SNOW:  WIND      :SUNSHINE: SKY     :PK WND
================================================================================
1   2   3   4   5  6A  6B    7    8   9   10  11  12  13   14  15   16   17  18
                                     12Z  AVG MX 2MIN
DY MAX MIN AVG DEP HDD CDD  WTR  SNW DPTH SPD SPD DIR MIN PSBL S-S WX    SPD DR
================================================================================

 1  63  51  57 -10   8   0 0.13    M    M  6.8 24  10   M    M   8 18     30  10
 2  76  49  63  -4   2   0 0.00    M    M  6.0 16  20   M    M   2        20  30
 3  81  48  65  -2   0   0 0.00    M    M  3.9 13 160   M    M   2        17 160
 4  83  51  67   0   0   2 0.00    M    M  6.5 15 160   M    M   2        20 160
 5  83  54  69   1   0   4 0.00    M    M  4.3 15 180   M    M   0 1      19 180
 6  82  53  68   0   0   3 0.00    M    M  4.7 17 110   M    M   0        24  50
 7  84  58  71   3   0   6 0.00    M    M 10.1 21  20   M    M   0        26  50
 8  81  60  71   3   0   6    T    M    M 10.6 21  30   M    M   5 8      26  10
 9  80  66  73   4   0   8 0.63    M    M 12.6 29  90   M    M   7 1      37 110
10  74  69  72   3   0   7 0.43    M    M 14.0 30  20   M    M  10 18     40  20
11  89  68  79  10   0  14 0.01    M    M 11.4 26 170   M    M   3 1      36 190
12  93  71  82  12   0  17 0.00    M    M 11.0 21 220   M    M   2        27 220
13  84  61  73   3   0   8 0.00    M    M  7.4 17  20   M    M   1        22  10
14  76  57  67  -3   0   2 0.00    M    M  6.8 17  40   M    M   3        23  30
15  77  56  67  -3   0   2 0.00    M    M  4.8 12 160   M    M   3        14 150
16  85  59  72   1   0   7 0.00    M    M  6.8 13 170   M    M   1        19 190
17  87  61  74   3   0   9 0.00    M    M  6.7 13 160   M    M   0        18 230
18  92  67  80   9   0  15 0.16    M    M  8.1 18 240   M    M   2 3      22 240
19  89  69  79   7   0  14 0.08    M    M  7.5 22 330   M    M   2 13     28 330
20  89  70  80   8   0  15 0.00    M    M  5.8 13  20   M    M   0        15  20
21  87  63  75   3   0  10 0.79    M    M  9.3 28 270   M    M   5 123    36 260
22  77  57  67  -5   0   2 0.00    M    M  7.6 17  10   M    M   4        22  10
23  82  51  67  -6   0   2 0.00    M    M  4.8 15  20   M    M   0        23  30
24  84  55  70  -3   0   5 0.00    M    M  5.2 14 150   M    M   1        20 190
25  86  57  72  -1   0   7 0.00    M    M  6.2 15 150   M    M   0 1      21 130
26  89  60  75   2   0  10 0.00    M    M  7.0 17 150   M    M   3 12     28 120
27  88  70  79   5   0  14 0.01    M    M  7.9 18 190   M    M   4 3      26 240
28  88  68  78   4   0  13 0.02    M    M  5.1 15 130   M    M   6        17 130
29  89  64  77   3   0  12 0.00    M    M  4.7 13 140   M    M   1 1      18 160
================================================================================
SM 2418 1743        10 214  2.26    M    213.6          M       77
================================================================================
AV 83.4 60.1                               7.4 FASTST   M    M   3    MAX(MPH)
                                 MISC ---->  # 30  20               # 40   20
================================================================================
NOTES:
# LAST OF SEVERAL OCCURRENCES

COLUMN 17 PEAK WIND IN M.P.H.

PRELIMINARY LOCAL CLIMATOLOGICAL DATA (WS FORM: F-6) , PAGE 2

                                          STATION:  FAYETTEVILLE REGL AIRPORT NC
                                          MONTH:    MAY
                                          YEAR:     2015
                                          LATITUDE:   35  0 N
                                          LONGITUDE:  78 53 W

[TEMPERATURE DATA]      [PRECIPITATION DATA]       SYMBOLS USED IN COLUMN 16

AVERAGE MONTHLY: 71.7   TOTAL FOR MONTH:   2.26    1 = FOG OR MIST
DPTR FM NORMAL:   1.3   DPTR FM NORMAL:   -0.67    2 = FOG REDUCING VISIBILITY
HIGHEST:    93 ON 12    GRTST 24HR  0.84 ON  9-10      TO 1/4 MILE OR LESS
LOWEST:     48 ON  3                               3 = THUNDER
                        SNOW, ICE PELLETS, HAIL    4 = ICE PELLETS
                        TOTAL MONTH:    M          5 = HAIL
                        GRTST 24HR    M  ON   M    6 = FREEZING RAIN OR DRIZZLE
                        GRTST DEPTH:  M  ON   M    7 = DUSTSTORM OR SANDSTORM:
                                                       VSBY 1/2 MILE OR LESS
                                                   8 = SMOKE OR HAZE
[NO. OF DAYS WITH]      [WEATHER - DAYS WITH]      9 = BLOWING SNOW
                                                   X = TORNADO
MAX 32 OR BELOW:   0    0.01 INCH OR MORE:   9
MAX 90 OR ABOVE:   2    0.10 INCH OR MORE:   5
MIN 32 OR BELOW:   0    0.50 INCH OR MORE:   2
MIN  0 OR BELOW:   0    1.00 INCH OR MORE:   0

[HDD (BASE 65) ]
TOTAL THIS MO.    10    CLEAR  (SCALE 0-3)  18
DPTR FM NORMAL   -13    PTCLDY (SCALE 4-7)   9
TOTAL FM JUL 1  2942    CLOUDY (SCALE 8-10)  2
DPTR FM NORMAL   212

[CDD (BASE 65) ]
TOTAL THIS MO.   214
DPTR FM NORMAL    34    [PRESSURE DATA]
TOTAL FM JAN 1   306    HIGHEST SLP M ON M
DPTR FM NORMAL    43    LOWEST  SLP 29.75 ON  1

[REMARKS]
