000
CXUS53 KLMK 210800
CF6FFT
PRELIMINARY LOCAL CLIMATOLOGICAL DATA (WS FORM: F-6)

                                          STATION:   FRANKFORT KY
                                          MONTH:     APRIL
                                          YEAR:      2014
                                          LATITUDE:   38 10 N
                                          LONGITUDE:  84 54 W

  TEMPERATURE IN F:       :PCPN:    SNOW:  WIND      :SUNSHINE: SKY     :PK WND
================================================================================
1   2   3   4   5  6A  6B    7    8   9   10  11  12  13   14  15   16   17  18
                                     12Z  AVG MX 2MIN
DY MAX MIN AVG DEP HDD CDD  WTR  SNW DPTH SPD SPD DIR MIN PSBL S-S WX    SPD DR
================================================================================

 1  78  52  65  15   0   0 0.20    M    M 10.5 25 220   M    M   4 3      33 240
 2  67  48  58   7   7   0 0.03    M    M  6.8 21 340   M    M   7        26 340
 3  69  53  61  10   4   0 1.08    M    M  8.1 23 200   M    M   7 13     29 210
 4  66  43  55   4  10   0 0.84    M    M 10.8 25 230   M    M   8 13     37 220
 5  54  35  45  -7  20   0 0.00    M    M  5.7 16 300   M    M   5        23 300
 6  60  33  47  -5  18   0 0.00    M    M  6.2 17  80   M    M   0        23  80
 7  67  44  56   4   9   0 0.20    M    M 11.5 30 230   M    M   9 1      41 230
 8  62  43  53   0  12   0 0.01    M    M  7.4 17 310   M    M   7 1      26 310
 9  63  40  52  -1  13   0 0.00    M    M  5.8 14 270   M    M   2 18     21 270
10  74  38  56   2   9   0 0.00    M    M 13.5 26 200   M    M   0        35 200
11  73  50  62   8   3   0    T    M    M 10.3 23 220   M    M   4 3      28 230
12  79  46  63   9   2   0 0.00    M    M  7.4 21 150   M    M   2 1      25 210
13  82  63  73  19   0   8 0.00    M    M 14.8 28 190   M    M   1        37 210
14  73  42  58   3   7   0 0.53    M    M 13.5 30 200   M    M   8 1      38 200
15  42  32  37 -18  28   0 0.17    M    M  8.8 21 330   M    M   6 1      27 320
16  52  24  38 -17  27   0 0.00    M    M  7.8 17  70   M    M   0        23  70
17  67  33  50  -6  15   0 0.00    M    M  4.7 18 230   M    M   0        24 230
18  70  41  56   0   9   0 0.00    M    M  2.3 10 230   M    M   1        16 220
19  73  43  58   2   7   0 0.00    M    M  7.7 17  80   M    M   0        27  80
20  77  40  59   2   6   0 0.00    M    M  2.8  9 100   M    M   0        12 180
================================================================================
SM 1348  843       206   8  3.06    M    166.4          M       71
================================================================================
AV 67.4 42.2                               8.3 FASTST   M    M   4    MAX(MPH)
                                 MISC ---->  # 30 230               # 41  230
================================================================================
NOTES:
# LAST OF SEVERAL OCCURRENCES

COLUMN 17 PEAK WIND IN M.P.H.

PRELIMINARY LOCAL CLIMATOLOGICAL DATA (WS FORM: F-6) , PAGE 2

                                          STATION:  FRANKFORT KY
                                          MONTH:    APRIL
                                          YEAR:     2014
                                          LATITUDE:   38 10 N
                                          LONGITUDE:  84 54 W

[TEMPERATURE DATA]      [PRECIPITATION DATA]       SYMBOLS USED IN COLUMN 16

AVERAGE MONTHLY: 54.8   TOTAL FOR MONTH:   3.06    1 = FOG OR MIST
DPTR FM NORMAL:   1.2   DPTR FM NORMAL:    0.77    2 = FOG REDUCING VISIBILITY
HIGHEST:    82 ON 13    GRTST 24HR  1.71 ON  3- 4      TO 1/4 MILE OR LESS
LOWEST:     24 ON 16                               3 = THUNDER
                        SNOW, ICE PELLETS, HAIL    4 = ICE PELLETS
                        TOTAL MONTH:    M          5 = HAIL
                        GRTST 24HR    M  ON   M    6 = FREEZING RAIN OR DRIZZLE
                        GRTST DEPTH:  M  ON   M    7 = DUSTSTORM OR SANDSTORM:
                                                       VSBY 1/2 MILE OR LESS
                                                   8 = SMOKE OR HAZE
[NO. OF DAYS WITH]      [WEATHER - DAYS WITH]      9 = BLOWING SNOW
                                                   X = TORNADO
MAX 32 OR BELOW:   0    0.01 INCH OR MORE:   8
MAX 90 OR ABOVE:   0    0.10 INCH OR MORE:   6
MIN 32 OR BELOW:   2    0.50 INCH OR MORE:   3
MIN  0 OR BELOW:   0    1.00 INCH OR MORE:   1

[HDD (BASE 65) ]
TOTAL THIS MO.   206    CLEAR  (SCALE 0-3)  10
DPTR FM NORMAL   -34    PTCLDY (SCALE 4-7)   9
TOTAL FM JUL 1  5070    CLOUDY (SCALE 8-10)  1
DPTR FM NORMAL   566

[CDD (BASE 65) ]
TOTAL THIS MO.     8
DPTR FM NORMAL    -4    [PRESSURE DATA]
TOTAL FM JAN 1     8    HIGHEST SLP M ON M
DPTR FM NORMAL    -6    LOWEST  SLP 29.36 ON  7

[REMARKS]
