000
CXUS56 KFGZ 281219
CF6FLG
PRELIMINARY LOCAL CLIMATOLOGICAL DATA (WS FORM: F-6)

                                          STATION:   FLAGSTAFF AZ AIRPORT
                                          MONTH:     MAY
                                          YEAR:      2015
                                          LATITUDE:   35  7 N
                                          LONGITUDE: 111 40 W

  TEMPERATURE IN F:       :PCPN:    SNOW:  WIND      :SUNSHINE: SKY     :PK WND
================================================================================
1   2   3   4   5  6A  6B    7    8   9   10  11  12  13   14  15   16   17  18
                                     12Z  AVG MX 2MIN
DY MAX MIN AVG DEP HDD CDD  WTR  SNW DPTH SPD SPD DIR MIN PSBL S-S WX    SPD DR
================================================================================

 1  73  40  57   9   8   0 0.00  0.0    0  4.9 21 210   M    M   0        25 210
 2  72  40  56   8   9   0 0.00  0.0    0  4.6 25 230   M    M   3        29 220
 3  66  39  53   5  12   0 0.00  0.0    0  7.9 24 230   M    M   4        30 200
 4  59  37  48   0  17   0 0.07  0.0    0  5.7 26 200   M    M   6 1      32 190
 5  53  40  47  -2  18   0 0.20  0.0    0  8.4 22 230   M    M   8 1      27 220
 6  59  33  46  -3  19   0 0.00  0.0    0  9.3 25 210   M    M   1        36 220
 7  56  31  44  -5  21   0    T  0.0    0 12.8 28 220   M    M   1        35 220
 8  47  30  39 -11  26   0 0.26  1.3    0 13.8 35 210   M    M   5 18     48 230
 9  45  25  35 -15  30   0 0.18  4.3    4  7.2 21 220   M    M   7 1      25 220
10  61  31  46  -4  19   0 0.00  0.0    0  4.7 14 220   M    M   2        19 210
11  67  28  48  -2  17   0 0.00  0.0    0  6.2 22 220   M    M   0        29 210
12  63  30  47  -4  18   0 0.00  0.0    0 10.3 28 210   M    M   0        39 230
13  63  38  51   0  14   0 0.00  0.0    0 10.1 28 230   M    M   2        35 220
14  57  39  48  -3  17   0 0.20  0.0    0 14.0 35 210   M    M   5 18     49 210
15  39  32  36 -15  29   0 0.65  0.3    0  6.1 20 210   M    M  10 1      24 220
16  48  33  41 -11  24   0 0.10  0.0    0  9.1 23 230   M    M   8 1      30 210
17  58  30  44  -8  21   0 0.00  0.0    0  5.6 18 230   M    M   1 1      23 250
18  57  29  43  -9  22   0 0.01  0.0    0  6.4 28 220   M    M   4 3      37 220
19  60  27  44  -8  21   0 0.00  0.0    0  7.5 21 220   M    M   1        29 220
20  63  27  45  -8  20   0 0.00  0.0    0  5.6 18 220   M    M   0        23 230
21  62  36  49  -4  16   0 0.00  0.0    0  7.6 24 230   M    M   0        32 220
22  56  30  43 -10  22   0    T  0.0    0  8.7 31 210   M    M   5        40 210
23  54  32  43 -10  22   0 0.00  0.0    0  8.6 22 230   M    M   9        28 220
24  56  32  44 -10  21   0 0.03  0.0    0  6.7 18 240   M    M   7 1      26 240
25  60  42  51  -3  14   0 0.10  0.0    0  6.7 16 210   M    M   7 138    25 340
26  68  34  51  -3  14   0 0.00  0.0    0  6.6 21 220   M    M   1        27 220
27  67  37  52  -2  13   0 0.00  0.0    0  5.8 20 230   M    M   0        23 220
================================================================================
SM 1589  902       504   0  1.80     5.9 210.9          M       97
================================================================================
AV 58.9 33.4                               7.8 FASTST   M    M   4    MAX(MPH)
                                 MISC ---->  # 35 210               # 49  210
================================================================================
NOTES:
# LAST OF SEVERAL OCCURRENCES

COLUMN 17 PEAK WIND IN M.P.H.

PRELIMINARY LOCAL CLIMATOLOGICAL DATA (WS FORM: F-6) , PAGE 2

                                          STATION:  FLAGSTAFF AZ AIRPORT
                                          MONTH:    MAY
                                          YEAR:     2015
                                          LATITUDE:   35  7 N
                                          LONGITUDE: 111 40 W

[TEMPERATURE DATA]      [PRECIPITATION DATA]       SYMBOLS USED IN COLUMN 16

AVERAGE MONTHLY: 46.1   TOTAL FOR MONTH:   1.80    1 = FOG OR MIST
DPTR FM NORMAL:  -4.9   DPTR FM NORMAL:    1.25    2 = FOG REDUCING VISIBILITY
HIGHEST:    73 ON  1    GRTST 24HR  0.66 ON 14-15      TO 1/4 MILE OR LESS
LOWEST:     25 ON  9                               3 = THUNDER
                        SNOW, ICE PELLETS, HAIL    4 = ICE PELLETS
                        TOTAL MONTH:   5.9 INCHES  5 = HAIL
                        GRTST 24HR   4.3 ON   M    6 = FREEZING RAIN OR DRIZZLE
                        GRTST DEPTH:   4 ON  9     7 = DUSTSTORM OR SANDSTORM:
                                                       VSBY 1/2 MILE OR LESS
                                                   8 = SMOKE OR HAZE
[NO. OF DAYS WITH]      [WEATHER - DAYS WITH]      9 = BLOWING SNOW
                                                   X = TORNADO
MAX 32 OR BELOW:   0    0.01 INCH OR MORE:  10
MAX 90 OR ABOVE:   0    0.10 INCH OR MORE:   7
MIN 32 OR BELOW:  14    0.50 INCH OR MORE:   1
MIN  0 OR BELOW:   0    1.00 INCH OR MORE:   0

[HDD (BASE 65) ]
TOTAL THIS MO.   504    CLEAR  (SCALE 0-3)  14
DPTR FM NORMAL   128    PTCLDY (SCALE 4-7)  11
TOTAL FM JUL 1  5904    CLOUDY (SCALE 8-10)  2
DPTR FM NORMAL  -828

[CDD (BASE 65) ]
TOTAL THIS MO.     0
DPTR FM NORMAL     0    [PRESSURE DATA]
TOTAL FM JAN 1     0    HIGHEST SLP M ON M
DPTR FM NORMAL     0    LOWEST  SLP 29.66 ON  8

[REMARKS]
