000
CXUS52 KMFL 241000
CF6FLL
PRELIMINARY LOCAL CLIMATOLOGICAL DATA (WS FORM: F-6)

                                          STATION:   FORT LAUDERDALE
                                          MONTH:     JANUARY
                                          YEAR:      2017
                                          LATITUDE:   26  4 N
                                          LONGITUDE:  80  9 W

  TEMPERATURE IN F:       :PCPN:    SNOW:  WIND      :SUNSHINE: SKY     :PK WND
================================================================================
1   2   3   4   5  6A  6B    7    8   9   10  11  12  13   14  15   16   17  18
                                     12Z  AVG MX 2MIN
DY MAX MIN AVG DEP HDD CDD  WTR  SNW DPTH SPD SPD DIR MIN PSBL S-S WX    SPD DR
================================================================================

 1  80  73  77   8   0  12 0.00  0.0    0 13.9 21 120   M    M   5        26 140
 2  81  76  79  10   0  14 0.02  0.0    0 16.3 26 130   M    M   7        31 140
 3  83  72  78   9   0  13 0.01  0.0    0  9.1 18 220   M    M   7 3      25 200
 4  82  70  76   7   0  11 0.14  0.0    0  6.6 12 240   M    M   7 1       M  M
 5  79  62  71   2   0   6 0.00  0.0    0  4.0 14 320   M    M   6        19 310
 6  80  62  71   2   0   6 0.00  0.0    0  5.3 13 150   M    M   5 1      18 160
 7  85  51  68  -1   0   3 0.15  0.0    0 12.0 30 270   M    M   6 13     47 270
 8  68  48  58 -11   7   0 0.00  0.0    0 13.8 22 340   M    M   3        29  20
 9  71  50  61  -8   4   0    T  0.0    0 12.2 21  90   M    M   7        28  70
10  74  66  70   1   0   5 0.02  0.0    0 15.3 23 100   M    M   7        29  90
11  77  64  71   2   0   6 0.26  0.0    0 14.3 26 110   M    M   9 1      32 110
12  79  71  75   6   0  10    T  0.0    0 14.1 22 100   M    M   7        26 100
13  80  69  75   6   0  10 0.03  0.0    0 15.2 23 100   M    M   6        28 120
14  77  71  74   5   0   9 0.01  0.0    0 14.7 22 120   M    M   7        29  90
15  78  72  75   6   0  10 0.01  0.0    0 13.3 21  90   M    M   8        27  70
16  79  72  76   7   0  11    T  0.0    0 15.3 22 100   M    M   6        27 120
17  79  69  74   5   0   9 0.00  0.0    0 10.4 18 130   M    M   4        23 130
18  79  67  73   4   0   8 0.00  0.0    0  5.5 14 140   M    M   3        18 120
19  80  63  72   3   0   7 0.00  0.0    M  4.6 14 130   M    M   M        17 130
20  82  63  73   4   0   8 0.00  0.0    M  5.7 15 140   M    M   M        19 210
21  83  64  74   5   0   9 0.00  0.0    M  6.7 20 190   M    M   M        24 180
22  85  72  79  10   0  14 0.00  0.0    M 15.3 29 210   M    M   M        39 220
23  79  66  73   4   0   8 0.58  0.0    M 17.7 33 270   M    M   M 13     43 260
================================================================================
SM 1820 1513        11 189  1.23     0.0 261.3          M      110
================================================================================
AV 79.1 65.8                              11.4 FASTST   M    M   6    MAX(MPH)
                                 MISC ---->  # 33 270               # 47  270
================================================================================
NOTES:
# LAST OF SEVERAL OCCURRENCES

COLUMN 17 PEAK WIND IN M.P.H.

PRELIMINARY LOCAL CLIMATOLOGICAL DATA (WS FORM: F-6) , PAGE 2

                                          STATION:  FORT LAUDERDALE
                                          MONTH:    JANUARY
                                          YEAR:     2017
                                          LATITUDE:   26  4 N
                                          LONGITUDE:  80  9 W

[TEMPERATURE DATA]      [PRECIPITATION DATA]       SYMBOLS USED IN COLUMN 16

AVERAGE MONTHLY: 72.5   TOTAL FOR MONTH:   1.23    1 = FOG OR MIST
DPTR FM NORMAL:   3.5   DPTR FM NORMAL:   -1.00    2 = FOG REDUCING VISIBILITY
HIGHEST:    85 ON 22, 7 GRTST 24HR  0.58 ON 23-23      TO 1/4 MILE OR LESS
LOWEST:     48 ON  8                               3 = THUNDER
                        SNOW, ICE PELLETS, HAIL    4 = ICE PELLETS
                        TOTAL MONTH:   0.0 INCH    5 = HAIL
                        GRTST 24HR     0.0         6 = FREEZING RAIN OR DRIZZLE
                        GRTST DEPTH:   0           7 = DUSTSTORM OR SANDSTORM:
                                                       VSBY 1/2 MILE OR LESS
                                                   8 = SMOKE OR HAZE
[NO. OF DAYS WITH]      [WEATHER - DAYS WITH]      9 = BLOWING SNOW
                                                   X = TORNADO
MAX 32 OR BELOW:   0    0.01 INCH OR MORE:  10
MAX 90 OR ABOVE:   0    0.10 INCH OR MORE:   4
MIN 32 OR BELOW:   0    0.50 INCH OR MORE:   1
MIN  0 OR BELOW:   0    1.00 INCH OR MORE:   0

[HDD (BASE 65) ]
TOTAL THIS MO.    11    CLEAR  (SCALE 0-3)   1
DPTR FM NORMAL   -28    PTCLDY (SCALE 4-7)  15
TOTAL FM JUL 1    13    CLOUDY (SCALE 8-10)  2
DPTR FM NORMAL   -58

[CDD (BASE 65) ]
TOTAL THIS MO.   189
DPTR FM NORMAL    65    [PRESSURE DATA]
TOTAL FM JAN 1   189    HIGHEST SLP M ON M
DPTR FM NORMAL    65    LOWEST  SLP 29.52 ON 23

[REMARKS]
