000
CXUS52 KMFL 221000
CF6FLL
PRELIMINARY LOCAL CLIMATOLOGICAL DATA (WS FORM: F-6)

                                          STATION:   FORT LAUDERDALE
                                          MONTH:     SEPTEMBER
                                          YEAR:      2014
                                          LATITUDE:   26  4 N
                                          LONGITUDE:  80  9 W

  TEMPERATURE IN F:       :PCPN:    SNOW:  WIND      :SUNSHINE: SKY     :PK WND
================================================================================
1   2   3   4   5  6A  6B    7    8   9   10  11  12  13   14  15   16   17  18
                                     12Z  AVG MX 2MIN
DY MAX MIN AVG DEP HDD CDD  WTR  SNW DPTH SPD SPD DIR MIN PSBL S-S WX    SPD DR
================================================================================

 1  91  78  85   1   0  20 0.05  0.0    0  8.8 14 110   M    M   4        14 110
 2  90  79  85   1   0  20 0.00  0.0    0  8.2 15 120   M    M   4        15 120
 3  88  78  83  -1   0  18 0.14  0.0    0  7.3 15 120   M    M   5        15 120
 4  91  79  85   1   0  20 0.19  0.0    0  4.8 16 140   M    M   6 3      20 110
 5  91  83  87   3   0  22 0.00  0.0    0  6.3 15 130   M    M   5        15 130
 6  89  83  86   2   0  21 0.07  0.0    0 11.0 22 130   M    M   7        22 130
 7  91  80  86   2   0  21 0.00  0.0    0  8.4 17 140   M    M   6        25 140
 8  90  80  85   2   0  20    T  0.0    0  9.6 18 140   M    M   6        25 130
 9  90  78  84   1   0  19 0.12  0.0    0  9.8 16 150   M    M   6        16 150
10  89  78  84   1   0  19 0.31  0.0    0  9.5 21 110   M    M   6 18     29 110
11  87  76  82  -1   0  17 0.33  0.0    0  4.6  9 210   M    M   7 1      16 210
12  87  74  81  -2   0  16 0.63  0.0    0  9.9 25 110   M    M   6 1      30 110
13  88  75  82  -1   0  17 1.86  0.0    0  7.7 31 130   M    M   7 13     38 120
14  89  75  82  -1   0  17 0.24  0.0    0  7.2 17 130   M    M   7 1      20 130
15  90  81  86   3   0  21 0.00  0.0    0  8.1 14 120   M    M   5        19  80
16  90  78  84   1   0  19 0.00  0.0    0  4.9 14 110   M    M   5 3      18 100
17  93  77  85   2   0  20    T  0.0    0  4.0 22 310   M    M   7 3      30 310
18  91  77  84   1   0  19 0.73  0.0    0  4.9 21 270   M    M   8 13     27 220
19  86  75  81  -2   0  16 0.74  0.0    0  2.5 17 130   M    M   7 13     21 250
20  90  74  82  -1   0  17 1.41  0.0    0  3.9 23 180   M    M   6 13     28 160
21  89  74  82  -1   0  17 0.19  0.0    0  4.2 22  10   M    M   6 13     28 360
================================================================================
SM 1880 1632         0 396  7.01     0.0 145.6          M      126
================================================================================
AV 89.5 77.7                               6.9 FASTST   M    M   6    MAX(MPH)
                                 MISC ---->  # 31 130               # 38  120
================================================================================
NOTES:
# LAST OF SEVERAL OCCURRENCES

COLUMN 17 PEAK WIND IN M.P.H.

PRELIMINARY LOCAL CLIMATOLOGICAL DATA (WS FORM: F-6) , PAGE 2

                                          STATION:  FORT LAUDERDALE
                                          MONTH:    SEPTEMBER
                                          YEAR:     2014
                                          LATITUDE:   26  4 N
                                          LONGITUDE:  80  9 W

[TEMPERATURE DATA]      [PRECIPITATION DATA]       SYMBOLS USED IN COLUMN 16

AVERAGE MONTHLY: 83.6   TOTAL FOR MONTH:   7.01    1 = FOG OR MIST
DPTR FM NORMAL:   0.3   DPTR FM NORMAL:    0.90    2 = FOG REDUCING VISIBILITY
HIGHEST:    93 ON 17    GRTST 24HR  2.13 ON 12-13      TO 1/4 MILE OR LESS
LOWEST:     74 ON 21,20                            3 = THUNDER
                        SNOW, ICE PELLETS, HAIL    4 = ICE PELLETS
                        TOTAL MONTH:   0.0 INCH    5 = HAIL
                        GRTST 24HR     0.0         6 = FREEZING RAIN OR DRIZZLE
                        GRTST DEPTH:   0           7 = DUSTSTORM OR SANDSTORM:
                                                       VSBY 1/2 MILE OR LESS
                                                   8 = SMOKE OR HAZE
[NO. OF DAYS WITH]      [WEATHER - DAYS WITH]      9 = BLOWING SNOW
                                                   X = TORNADO
MAX 32 OR BELOW:   0    0.01 INCH OR MORE:  14
MAX 90 OR ABOVE:  12    0.10 INCH OR MORE:  12
MIN 32 OR BELOW:   0    0.50 INCH OR MORE:   5
MIN  0 OR BELOW:   0    1.00 INCH OR MORE:   2

[HDD (BASE 65) ]
TOTAL THIS MO.     0    CLEAR  (SCALE 0-3)   0
DPTR FM NORMAL     0    PTCLDY (SCALE 4-7)  21
TOTAL FM JUL 1     0    CLOUDY (SCALE 8-10)  0
DPTR FM NORMAL     0

[CDD (BASE 65) ]
TOTAL THIS MO.   396
DPTR FM NORMAL    12    [PRESSURE DATA]
TOTAL FM JAN 1  3706    HIGHEST SLP M ON M
DPTR FM NORMAL   156    LOWEST  SLP 29.86 ON 20

[REMARKS]
