000
CXUS52 KILM 231000
CF6FLO
PRELIMINARY LOCAL CLIMATOLOGICAL DATA (WS FORM: F-6)

                                          STATION:   FLORENCE SOUTH  CAROLINA
                                          MONTH:     MAY
                                          YEAR:      2017
                                          LATITUDE:   34 10 N
                                          LONGITUDE:  79 43 W

  TEMPERATURE IN F:       :PCPN:    SNOW:  WIND      :SUNSHINE: SKY     :PK WND
================================================================================
1   2   3   4   5  6A  6B    7    8   9   10  11  12  13   14  15   16   17  18
                                     12Z  AVG MX 2MIN
DY MAX MIN AVG DEP HDD CDD  WTR  SNW DPTH SPD SPD DIR MIN PSBL S-S WX    SPD DR
================================================================================

 1  86  67  77  10   0  12 0.13    M    M 14.1 26 190   M    M   5 13     36 220
 2  80  60  70   3   0   5 0.00    M    M  8.1 17 240   M    M   0        21 260
 3  84  52  68   0   0   3 0.00    M    M  4.5 12 360   M    M   0 8      19 360
 4  82  57  70   2   0   5 0.06    M    M 12.7 24 130   M    M   3 18     32 140
 5  73  54  64  -4   1   0 0.04    M    M 13.0 24 240   M    M   7 3      32 260
 6  72  51  62  -6   3   0 0.28    M    M 11.9 23 250   M    M   7 1      29 240
 7  73  49  61  -8   4   0 0.00    M    M  7.8 18 260   M    M   0        27 250
 8  78  46  62  -7   3   0 0.00    M    M  4.0 16 260   M    M   0        22 280
 9  84  49  67  -2   0   2 0.00    M    M  4.5 13 260   M    M   1        16 270
10  89  60  75   5   0  10 0.00    M    M  4.6 13 230   M    M   0 8      18 200
11  89  65  77   7   0  12 0.00    M    M  5.6 18 260   M    M   0 8      25 260
12  73  63  68  -2   0   3 0.39    M    M  8.4 17  70   M    M   8 13     21  70
13  70  60  65  -5   0   0 0.66    M    M  4.8 15 360   M    M   8 13     17  10
14  82  55  69  -1   0   4 0.00    M    M  4.9 14 260   M    M   0 12     23 250
15  90  59  75   4   0  10 0.00    M    M  5.1 13 320   M    M   0        18 330
16  92  62  77   6   0  12 0.00    M    M  3.7 12 200   M    M   0        15 230
17  89  62  76   5   0  11 0.00    M    M  8.2 18 170   M    M   0        25 220
18  87  64  76   4   0  11 0.00    M    M  6.9 14 210   M    M   1 1      18 230
19  88  62  75   3   0  10 0.00    M    M  4.8 13 190   M    M   0 1      17 250
20  91  64  78   6   0  13 0.00    M    M  5.3 12 230   M    M   2 12     16 280
21  88  69  79   7   0  14    T    M    M  8.4 18 150   M    M   5 1      24 150
22  87  69  78   5   0  13 0.58    M    M  6.8 21 260   M    M   8 138    26 260
================================================================================
SM 1827 1299        11 150  2.14    M    158.1          M       55
================================================================================
AV 83.1 59.1                               7.2 FASTST   M    M   3    MAX(MPH)
                                 MISC ---->  # 26 190               # 36  220
================================================================================
NOTES:
# LAST OF SEVERAL OCCURRENCES

COLUMN 17 PEAK WIND IN M.P.H.

PRELIMINARY LOCAL CLIMATOLOGICAL DATA (WS FORM: F-6) , PAGE 2

                                          STATION:  FLORENCE SOUTH  CAROLINA
                                          MONTH:    MAY
                                          YEAR:     2017
                                          LATITUDE:   34 10 N
                                          LONGITUDE:  79 43 W

[TEMPERATURE DATA]      [PRECIPITATION DATA]       SYMBOLS USED IN COLUMN 16

AVERAGE MONTHLY: 71.1   TOTAL FOR MONTH:   2.14    1 = FOG OR MIST
DPTR FM NORMAL:   1.2   DPTR FM NORMAL:    0.01    2 = FOG REDUCING VISIBILITY
HIGHEST:    92 ON 16    GRTST 24HR  0.66 ON 13-13      TO 1/4 MILE OR LESS
LOWEST:     46 ON  8                               3 = THUNDER
                        SNOW, ICE PELLETS, HAIL    4 = ICE PELLETS
                        TOTAL MONTH:    M          5 = HAIL
                        GRTST 24HR    M  ON   M    6 = FREEZING RAIN OR DRIZZLE
                        GRTST DEPTH:  M  ON   M    7 = DUSTSTORM OR SANDSTORM:
                                                       VSBY 1/2 MILE OR LESS
                                                   8 = SMOKE OR HAZE
[NO. OF DAYS WITH]      [WEATHER - DAYS WITH]      9 = BLOWING SNOW
                                                   X = TORNADO
MAX 32 OR BELOW:   0    0.01 INCH OR MORE:   7
MAX 90 OR ABOVE:   3    0.10 INCH OR MORE:   5
MIN 32 OR BELOW:   0    0.50 INCH OR MORE:   2
MIN  0 OR BELOW:   0    1.00 INCH OR MORE:   0

[HDD (BASE 65) ]
TOTAL THIS MO.    11    CLEAR  (SCALE 0-3)  15
DPTR FM NORMAL   -11    PTCLDY (SCALE 4-7)   5
TOTAL FM JUL 1  1836    CLOUDY (SCALE 8-10)  2
DPTR FM NORMAL  -686

[CDD (BASE 65) ]
TOTAL THIS MO.   150
DPTR FM NORMAL    22    [PRESSURE DATA]
TOTAL FM JAN 1   341    HIGHEST SLP M ON M
DPTR FM NORMAL   117    LOWEST  SLP 29.50 ON  5

[REMARKS]
