000
CXUS55 KTBW 262038
CF6FMY
PRELIMINARY LOCAL CLIMATOLOGICAL DATA (WS FORM: F-6)

                                          STATION:   Fort Myers
                                          MONTH:     MARCH
                                          YEAR:      2015
                                          LATITUDE:   26 34 N
                                          LONGITUDE:  81 52 W

  TEMPERATURE IN F:       :PCPN:    SNOW:  WIND      :SUNSHINE: SKY     :PK WND
================================================================================
1   2   3   4   5  6A  6B    7    8   9   10  11  12  13   14  15   16   17  18
                                     12Z  AVG MX 2MIN
DY MAX MIN AVG DEP HDD CDD  WTR  SNW DPTH SPD SPD DIR MIN PSBL S-S WX    SPD DR
================================================================================

 1  87  68  78  10   0  13 0.01  0.0    0  6.5 15 120   M    M   7        20 130
 2  85  64  75   7   0  10 0.00  0.0    0  4.7 13  50   M    M   6 12     16  40
 3  87  63  75   7   0  10 0.00  0.0    0  7.0 17 130   M    M   2 12     24 160
 4  86  64  75   7   0  10 0.00  0.0    0  6.8 15 130   M    M   1 1      20 150
 5  84  67  76   7   0  11 0.00  0.0    0  7.6 17 220   M    M   1 1      25 190
 6  85  66  76   7   0  11 0.00  0.0    0  5.8 17  20   M    M   4 12     22  30
 7  80  60  70   1   0   5 0.00  0.0    0 11.8 16  50   M    M   9        22  30
 8  80  65  73   4   0   8 0.00  0.0    0 10.3 20 100   M    M   8        25  80
 9  87  63  75   6   0  10    T  0.0    0  8.1 18  80   M    M   3        24  80
10  89  65  77   8   0  12 0.01  0.0    0  8.0 16 140   M    M   2        26 110
11  88  70  79  10   0  14 0.03  0.0    0  7.3 18 160   M    M   5        24 160
12  90  70  80  11   0  15 0.00  0.0    0  8.1 17 140   M    M   3 1      25 150
13  89  68  79   9   0  14 0.00  0.0    0 11.3 20 120   M    M   3        29 120
14  86  66  76   6   0  11    T  0.0    0  6.3 16 240   M    M   4        21 240
15  88  67  78   8   0  13 0.00  0.0    0  6.3 15 290   M    M   3        19 300
16  90  66  78   8   0  13 0.00  0.0    0  7.2 15 270   M    M   2        20 280
17  86  66  76   6   0  11 0.00  0.0    0  7.4 18 280   M    M   0        23 280
18  86  69  78   8   0  13 0.00  0.0    0  7.6 15 250   M    M   2        20 240
19  85  67  76   6   0  11 0.00  0.0    0  5.9 15 270   M    M   2 1      21 260
20  84  64  74   4   0   9 0.00  0.0    0  5.2 15 260   M    M   0 1      22 260
21  89  65  77   7   0  12 0.00  0.0    0  6.7 14 280   M    M   0        18 270
22  83  67  75   4   0  10 0.00  0.0    0  5.7 14 260   M    M   1 1      19 260
23  82  67  75   4   0  10 0.31  0.0    0  6.3 17 290   M    M   4 1      23 230
24  84  66  75   4   0  10 0.00  0.0    0  4.6 13 260   M    M   4 1      18 270
25  87  63  75   4   0  10 0.00  0.0    0  3.8 12 260   M    M   M 12     14 260
================================================================================
SM 2147 1646         0 276  0.36     0.0 176.3          M       76
================================================================================
AV 85.9 65.8                               7.1 FASTST   M    M   3    MAX(MPH)
                                 MISC ---->  # 20 100               # 29  120
================================================================================
NOTES:
# LAST OF SEVERAL OCCURRENCES

COLUMN 17 PEAK WIND IN M.P.H.

PRELIMINARY LOCAL CLIMATOLOGICAL DATA (WS FORM: F-6) , PAGE 2

                                          STATION:  Fort Myers
                                          MONTH:    MARCH
                                          YEAR:     2015
                                          LATITUDE:   26 34 N
                                          LONGITUDE:  81 52 W

[TEMPERATURE DATA]      [PRECIPITATION DATA]       SYMBOLS USED IN COLUMN 16

AVERAGE MONTHLY: 75.9   TOTAL FOR MONTH:   0.36    1 = FOG OR MIST
DPTR FM NORMAL:   6.3   DPTR FM NORMAL:   -2.00    2 = FOG REDUCING VISIBILITY
HIGHEST:    90 ON 16,12 GRTST 24HR  0.31 ON 23-23      TO 1/4 MILE OR LESS
LOWEST:     60 ON  7                               3 = THUNDER
                        SNOW, ICE PELLETS, HAIL    4 = ICE PELLETS
                        TOTAL MONTH:   0.0 INCH    5 = HAIL
                        GRTST 24HR     0.0         6 = FREEZING RAIN OR DRIZZLE
                        GRTST DEPTH:   0           7 = DUSTSTORM OR SANDSTORM:
                                                       VSBY 1/2 MILE OR LESS
                                                   8 = SMOKE OR HAZE
[NO. OF DAYS WITH]      [WEATHER - DAYS WITH]      9 = BLOWING SNOW
                                                   X = TORNADO
MAX 32 OR BELOW:   0    0.01 INCH OR MORE:   4
MAX 90 OR ABOVE:   2    0.10 INCH OR MORE:   1
MIN 32 OR BELOW:   0    0.50 INCH OR MORE:   0
MIN  0 OR BELOW:   0    1.00 INCH OR MORE:   0

[HDD (BASE 65) ]
TOTAL THIS MO.     0    CLEAR  (SCALE 0-3)  14
DPTR FM NORMAL   -21    PTCLDY (SCALE 4-7)   9
TOTAL FM JUL 1   231    CLOUDY (SCALE 8-10)  1
DPTR FM NORMAL   -50

[CDD (BASE 65) ]
TOTAL THIS MO.   276
DPTR FM NORMAL   140    [PRESSURE DATA]
TOTAL FM JAN 1   424    HIGHEST SLP M ON M
DPTR FM NORMAL   103    LOWEST  SLP 29.89 ON 23

[REMARKS]
