000
CXUS55 KBOU 210757
CF6FNL
PRELIMINARY LOCAL CLIMATOLOGICAL DATA (WS FORM: F-6)

                                          STATION:   FT COLLINS/LOVELAND CO
                                          MONTH:     JULY
                                          YEAR:      2017
                                          LATITUDE:   40 27 N
                                          LONGITUDE: 105  1 W

  TEMPERATURE IN F:       :PCPN:    SNOW:  WIND      :SUNSHINE: SKY     :PK WND
================================================================================
1   2   3   4   5  6A  6B    7    8   9   10  11  12  13   14  15   16   17  18
                                     12Z  AVG MX 2MIN
DY MAX MIN AVG DEP HDD CDD  WTR  SNW DPTH SPD SPD DIR MIN PSBL S-S WX    SPD DR
================================================================================

 1  89  51  70   M   0   5    M    M    M  5.4 12  70   M    M   0         M  M
 2  93  56  75   M   0  10    M    M    M  6.6 22  10   M    M   0 8      36 110
 3  85  55  70   M   0   5    M    M    M  7.2 28 120   M    M   1        37 250
 4  95  53  74   M   0   9    M    M    M  5.9 10 240   M    M   0 3       M  M
 5  99  57  78   M   0  13    M    M    M  5.6 12 130   M    M   0        16 150
 6  96  58  77   M   0  12    M    M    M  6.1 12  10   M    M   0 38      M  M
 7  87  60  74   M   0   9    M    M    M  7.2 17  20   M    M   0 3      21  20
 8  71  60  66   M   0   1    M    M    M  3.7  8 110   M    M   0         M  M
 9   M   M   M   M   M   M    M    M    M   M   M   M   M    M   0         M  M
10  88  65  77   M   0  12    M    M    M  7.8 14  50   M    M   1        31 180
11  94  60  77   M   0  12    M    M    M  6.0 18 350   M    M   2        37 330
12  75  61  68   M   0   3    M    M    M  5.9  9 170   M    M   5         M  M
13  90  55  73   M   0   8    M    M    M  7.2 12 130   M    M   1 1      17 130
14  91  59  75   M   0  10    M    M    M  6.8 10 170   M    M   0 8      18  99
15  85  58  72   M   0   7    M    M    M  7.7 25 160   M    M   0        30 160
16  90  53  72   M   0   7    M    M    M  6.1 14 120   M    M   0 8      17 120
17  95  58  77   M   0  12    M    M    M  6.5 13 100   M    M   0         M  M
18  95  62  79   M   0  14    M    M    M  5.7  9 150   M    M   0         M  M
19 100  63  82   M   0  17    M    M    M  7.5 16  10   M    M   0        21 280
20  94  65  80   M   0  15    M    M    M  7.0 14  10   M    M   0 8      20 130
================================================================================
SM 1712 1109         0 181    M     M    121.9          M       10
================================================================================
AV 90.1 58.4                               6.4 FASTST   M    M   1    MAX(MPH)
                                 MISC ---->  # 28 120               # 37  250
================================================================================
NOTES:
# LAST OF SEVERAL OCCURRENCES

COLUMN 17 PEAK WIND IN M.P.H.

PRELIMINARY LOCAL CLIMATOLOGICAL DATA (WS FORM: F-6) , PAGE 2

                                          STATION:  FT COLLINS/LOVELAND CO
                                          MONTH:    JULY
                                          YEAR:     2017
                                          LATITUDE:   40 27 N
                                          LONGITUDE: 105  1 W

[TEMPERATURE DATA]      [PRECIPITATION DATA]       SYMBOLS USED IN COLUMN 16

AVERAGE MONTHLY: 74.2   TOTAL FOR MONTH:      M    1 = FOG OR MIST
DPTR FM NORMAL:     M   DPTR FM NORMAL:       M    2 = FOG REDUCING VISIBILITY
HIGHEST:   100 ON 19    GRTST 24HR  0.04 ON 30- 1      TO 1/4 MILE OR LESS
LOWEST:     51 ON  1                               3 = THUNDER
                        SNOW, ICE PELLETS, HAIL    4 = ICE PELLETS
                        TOTAL MONTH:    M          5 = HAIL
                        GRTST 24HR    M  ON   M    6 = FREEZING RAIN OR DRIZZLE
                        GRTST DEPTH:  M  ON   M    7 = DUSTSTORM OR SANDSTORM:
                                                       VSBY 1/2 MILE OR LESS
                                                   8 = SMOKE OR HAZE
[NO. OF DAYS WITH]      [WEATHER - DAYS WITH]      9 = BLOWING SNOW
                                                   X = TORNADO
MAX 32 OR BELOW:   0    0.01 INCH OR MORE:   0
MAX 90 OR ABOVE:  12    0.10 INCH OR MORE:   0
MIN 32 OR BELOW:   0    0.50 INCH OR MORE:   0
MIN  0 OR BELOW:   0    1.00 INCH OR MORE:   0

[HDD (BASE 65) ]
TOTAL THIS MO.     0    CLEAR  (SCALE 0-3)  19
DPTR FM NORMAL     M    PTCLDY (SCALE 4-7)   1
TOTAL FM JUL 1     0    CLOUDY (SCALE 8-10)  0
DPTR FM NORMAL     M

[CDD (BASE 65) ]
TOTAL THIS MO.   181
DPTR FM NORMAL     M    [PRESSURE DATA]
TOTAL FM JAN 1   307    HIGHEST SLP M ON M
DPTR FM NORMAL     M    LOWEST  SLP M ON M

[REMARKS]
