000
CXUS53 KDTX 260800
CF6FNT
PRELIMINARY LOCAL CLIMATOLOGICAL DATA (WS FORM: F-6)

                                          STATION:   FLINT MI
                                          MONTH:     JANUARY
                                          YEAR:      2015
                                          LATITUDE:   42 58 N
                                          LONGITUDE:  83 44 W

  TEMPERATURE IN F:       :PCPN:    SNOW:  WIND      :SUNSHINE: SKY     :PK WND
================================================================================
1   2   3   4   5  6A  6B    7    8   9   10  11  12  13   14  15   16   17  18
                                     12Z  AVG MX 2MIN
DY MAX MIN AVG DEP HDD CDD  WTR  SNW DPTH SPD SPD DIR MIN PSBL S-S WX    SPD DR
================================================================================

 1  31  21  26   2  39   0    T    T    0 14.6 24 250   M    M  10        34 250
 2  36  23  30   7  35   0    T    T    0  6.6 16 280   M    M   5        21 290
 3  35  24  30   7  35   0 0.52  1.0    T  5.8 17 130   M    M   8 168    23 130
 4  34  17  26   3  39   0 0.11  1.5    T 12.1 26 290   M    M   9 18     32 290
 5  17   4  11 -12  54   0    T    T    2 14.0 26 280   M    M   5 8      33 270
 6  19   5  12 -11  53   0 0.06  1.0    3 11.3 23 310   M    M   8 8      31 270
 7  14   3   9 -14  56   0 0.04  0.7    3 15.1 23 340   M    M   5 89     32 360
 8  15   3   9 -14  56   0 0.08  1.8    3 15.5 23 200   M    M   9 8      32 230
 9  16   3  10 -13  55   0 0.01  0.2    4 16.7 25 270   M    M   6 8      34 290
10  17   2  10 -12  55   0    T    T    4 11.2 22 220   M    M   4 8      30 220
11  33  17  25   3  40   0 0.08  1.3    4  9.2 17 200   M    M  10 18     24 200
12  29   8  19  -3  46   0 0.05  0.8    5 11.1 22  20   M    M   8 18     27  10
13  18  -9   5 -17  60   0    T    T    5  4.6 13 100   M    M   2 18     16  90
14  20 -19   1 -21  64   0    T  0.1    5  3.8 10 230   M    M   4 18     14 220
15  33  13  23   1  42   0    T    T    5 10.4 20 230   M    M   7 8      24 240
16  33  17  25   3  40   0 0.00  0.0    5  9.7 17 320   M    M   6        22 310
17  44  16  30   8  35   0 0.00  0.0    5 14.5 23 190   M    M   4 8      33 190
18  42  34  38  16  27   0 0.03    T    4 10.7 20 280   M    M  10 18     24 270
19  35  28  32  10  33   0    T    T    2  5.7 13  10   M    M  10        17 360
20  31  26  29   7  36   0 0.11  2.2    2  6.3 13  80   M    M  10 18     16  70
21  28  22  25   3  40   0 0.10  1.8    4  7.3 12  80   M    M  10 18     16 120
22  31  19  25   3  40   0    T  0.1    5  6.4 14 270   M    M   8 18     17 290
23  34  16  25   3  40   0 0.00  0.0    5 10.2 18 220   M    M   4        24 240
24  39  24  32  10  33   0    T  0.0    5  9.2 18 280   M    M  10 18     22 270
25  36  17  27   5  38   0 0.00  0.0    3 13.7 20  50   M    M   5 18     24  50
================================================================================
SM  720  334      1091   0  1.19    12.5 255.7          M      177
================================================================================
AV 28.8 13.4                              10.2 FASTST   M    M   7    MAX(MPH)
                                 MISC ---->  # 26 290               # 34  250
================================================================================
NOTES:
# LAST OF SEVERAL OCCURRENCES

COLUMN 17 PEAK WIND IN M.P.H.

PRELIMINARY LOCAL CLIMATOLOGICAL DATA (WS FORM: F-6) , PAGE 2

                                          STATION:  FLINT MI
                                          MONTH:    JANUARY
                                          YEAR:     2015
                                          LATITUDE:   42 58 N
                                          LONGITUDE:  83 44 W

[TEMPERATURE DATA]      [PRECIPITATION DATA]       SYMBOLS USED IN COLUMN 16

AVERAGE MONTHLY: 21.1   TOTAL FOR MONTH:   1.19    1 = FOG OR MIST
DPTR FM NORMAL:  -1.3   DPTR FM NORMAL:   -0.16    2 = FOG REDUCING VISIBILITY
HIGHEST:    44 ON 17    GRTST 24HR  0.54 ON  3- 4      TO 1/4 MILE OR LESS
LOWEST:    -19 ON 14                               3 = THUNDER
                        SNOW, ICE PELLETS, HAIL    4 = ICE PELLETS
                        TOTAL MONTH:  12.5 INCHES  5 = HAIL
                        GRTST 24HR   2.2 ON   M    6 = FREEZING RAIN OR DRIZZLE
                        GRTST DEPTH:   5 ON 24,23  7 = DUSTSTORM OR SANDSTORM:
                                                       VSBY 1/2 MILE OR LESS
                                                   8 = SMOKE OR HAZE
[NO. OF DAYS WITH]      [WEATHER - DAYS WITH]      9 = BLOWING SNOW
                                                   X = TORNADO
MAX 32 OR BELOW:  13    0.01 INCH OR MORE:  11
MAX 90 OR ABOVE:   0    0.10 INCH OR MORE:   4
MIN 32 OR BELOW:  24    0.50 INCH OR MORE:   1
MIN  0 OR BELOW:   2    1.00 INCH OR MORE:   0

[HDD (BASE 65) ]
TOTAL THIS MO.  1091    CLEAR  (SCALE 0-3)   1
DPTR FM NORMAL    27    PTCLDY (SCALE 4-7)  13
TOTAL FM JUL 1  3545    CLOUDY (SCALE 8-10) 11
DPTR FM NORMAL  -164

[CDD (BASE 65) ]
TOTAL THIS MO.     0
DPTR FM NORMAL     0    [PRESSURE DATA]
TOTAL FM JAN 1     0    HIGHEST SLP M ON M
DPTR FM NORMAL     0    LOWEST  SLP 29.56 ON 24

[REMARKS]
