000
CXUS55 KFSD 290905
CF6FSD
PRELIMINARY LOCAL CLIMATOLOGICAL DATA (WS FORM: F-6)

                                          STATION:   SIOUX FALLS
                                          MONTH:     APRIL
                                          YEAR:      2017
                                          LATITUDE:   43 34 N
                                          LONGITUDE:  96 44 W

  TEMPERATURE IN F:       :PCPN:    SNOW:  WIND      :SUNSHINE: SKY     :PK WND
================================================================================
1   2   3   4   5  6A  6B    7    8   9   10  11  12  13   14  15   16   17  18
                                     12Z  AVG MX 2MIN
DY MAX MIN AVG DEP HDD CDD  WTR  SNW DPTH SPD SPD DIR MIN PSBL S-S WX    SPD DR
================================================================================

 1  60  38  49   9  16   0 0.00  0.0    0  5.3 20 180   M    M   7        24 170
 2  64  44  54  14  11   0    T  0.0    0 11.7 21 160   M    M   8        28 180
 3  56  43  50   9  15   0 0.09  0.0    0  9.1 18  30   M    M  10 128    22  30
 4  65  38  52  11  13   0    T  0.0    0  8.3 20 350   M    M   6        23 350
 5  58  33  46   4  19   0    T  0.0    0  7.8 28  30   M    M   6        35 360
 6  56  31  44   2  21   0 0.00  0.0    0  8.8 17 350   M    M   1        23 360
 7  67  30  49   6  16   0 0.00  0.0    0 17.2 33 190   M    M   5        46 190
 8  81  50  66  23   0   1 0.00  0.0    0 11.5 22 180   M    M   7 8      29 180
 9  65  47  56  12   9   0 0.01  0.0    0 15.5 25  40   M    M   7 3      34  20
10  47  29  38  -6  27   0 0.16    T    0 12.1 24  10   M    M   7 14     31  10
11  59  26  43  -1  22   0 0.00  0.0    0  5.8 14 190   M    M   3        17 180
12  59  43  51   6  14   0 0.02  0.0    0  9.0 22  60   M    M   7 8      25  60
13  61  42  52   7  13   0    T  0.0    0 13.0 21 100   M    M   8 1      26 110
14  69  51  60  14   5   0 0.02  0.0    0 12.7 25 160   M    M   8 18     32 160
15  72  47  60  14   5   0 0.35  0.0    0  8.1 21 350   M    M   8 123    25 340
16  69  37  53   6  12   0    T  0.0    0  6.9 21 350   M    M   3        25 270
17  66  39  53   6  12   0    T  0.0    0 10.6 20 130   M    M   5        27 140
18  66  47  57   9   8   0 0.08  0.0    0 15.6 29 190   M    M   8 13     36 200
19  47  44  46  -2  19   0 0.47  0.0    0 12.4 28  90   M    M   9 13     36  90
20  51  41  46  -2  19   0    T  0.0    0 11.9 25 320   M    M   9 8      31 320
21  62  33  48  -1  17   0 0.00  0.0    0  4.5 15  70   M    M   6 1      18  50
22  69  32  51   2  14   0 0.00  0.0    0  2.7 10 290   M    M   2 1      16 290
23  71  46  59   9   6   0 0.00  0.0    0 13.8 30 200   M    M   5        39 200
24  69  43  56   6   9   0 0.01  0.0    0 14.1 29 180   M    M   7        41 180
25  44  37  41 -10  24   0 0.28  0.0    0 13.6 23 350   M    M   9 1      28 340
26  38  32  35 -16  30   0    T  0.0    0 16.2 25 340   M    M  10 1      32 350
27  52  30  41 -10  24   0 0.00  0.0    0 11.9 21 340   M    M   6        24 330
28  49  24  37 -15  28   0 0.00  0.0    0  9.3 21  40   M    M   5        27  30
================================================================================
SM 1692 1077       428   1  1.49    T    299.4          M      182
================================================================================
AV 60.4 38.5                              10.7 FASTST   M    M   7    MAX(MPH)
                                 MISC ---->  # 33 190               # 46  190
================================================================================
NOTES:
# LAST OF SEVERAL OCCURRENCES

COLUMN 17 PEAK WIND IN M.P.H.

PRELIMINARY LOCAL CLIMATOLOGICAL DATA (WS FORM: F-6) , PAGE 2

                                          STATION:  SIOUX FALLS
                                          MONTH:    APRIL
                                          YEAR:     2017
                                          LATITUDE:   43 34 N
                                          LONGITUDE:  96 44 W

[TEMPERATURE DATA]      [PRECIPITATION DATA]       SYMBOLS USED IN COLUMN 16

AVERAGE MONTHLY: 49.5   TOTAL FOR MONTH:   1.49    1 = FOG OR MIST
DPTR FM NORMAL:   3.5   DPTR FM NORMAL:   -1.31    2 = FOG REDUCING VISIBILITY
HIGHEST:    81 ON  8    GRTST 24HR  0.47 ON 19-19      TO 1/4 MILE OR LESS
LOWEST:     24 ON 28                               3 = THUNDER
                        SNOW, ICE PELLETS, HAIL    4 = ICE PELLETS
                        TOTAL MONTH:    T          5 = HAIL
                        GRTST 24HR    T  ON 10-10  6 = FREEZING RAIN OR DRIZZLE
                        GRTST DEPTH:   0           7 = DUSTSTORM OR SANDSTORM:
                                                       VSBY 1/2 MILE OR LESS
                                                   8 = SMOKE OR HAZE
[NO. OF DAYS WITH]      [WEATHER - DAYS WITH]      9 = BLOWING SNOW
                                                   X = TORNADO
MAX 32 OR BELOW:   0    0.01 INCH OR MORE:  10
MAX 90 OR ABOVE:   0    0.10 INCH OR MORE:   4
MIN 32 OR BELOW:   8    0.50 INCH OR MORE:   0
MIN  0 OR BELOW:   0    1.00 INCH OR MORE:   0

[HDD (BASE 65) ]
TOTAL THIS MO.   428    CLEAR  (SCALE 0-3)   4
DPTR FM NORMAL  -108    PTCLDY (SCALE 4-7)  18
TOTAL FM JUL 1  6144    CLOUDY (SCALE 8-10)  6
DPTR FM NORMAL -1237

[CDD (BASE 65) ]
TOTAL THIS MO.     1
DPTR FM NORMAL     1    [PRESSURE DATA]
TOTAL FM JAN 1     1    HIGHEST SLP M ON M
DPTR FM NORMAL     1    LOWEST  SLP 29.48 ON  8

[REMARKS]
