000
CXUS54 KMAF 271100
CF6FST
PRELIMINARY LOCAL CLIMATOLOGICAL DATA (WS FORM: F-6)

                                          STATION:   Fort Stockton
                                          MONTH:     JULY
                                          YEAR:      2016
                                          LATITUDE:   30 55 N
                                          LONGITUDE: 102 55 W

  TEMPERATURE IN F:       :PCPN:    SNOW:  WIND      :SUNSHINE: SKY     :PK WND
================================================================================
1   2   3   4   5  6A  6B    7    8   9   10  11  12  13   14  15   16   17  18
                                     12Z  AVG MX 2MIN
DY MAX MIN AVG DEP HDD CDD  WTR  SNW DPTH SPD SPD DIR MIN PSBL S-S WX    SPD DR
================================================================================

 1  96  71  84   2   0  19 0.00  0.0    0 12.6 24 120   M    M   1        35 110
 2  95  72  84   2   0  19 0.02  0.0    0 12.2 29 250   M    M   3 3      35 240
 3 103  74  89   7   0  24 0.00  0.0    0 11.5 17 320   M    M   1        24 330
 4 107  74  91   9   0  26 0.00  0.0    0 10.1 21 160   M    M   0        27 150
 5 106  78  92  10   0  27 0.01  0.0    0 12.7 31 180   M    M   1 3      41 180
 6 107  76  92  10   0  27    T  0.0    0 10.8 36 230   M    M   0 38     46 200
 7 107  74  91   9   0  26 0.78  0.0    0  8.7 47  40   M    M   0 38     71  40
 8 100  74  87   5   0  22    T  0.0    0  9.1 31 220   M    M   1 38     39 330
 9  97  73  85   3   0  20 0.00  0.0    0 10.3 22  80   M    M   0 3      29 150
10 101  71  86   4   0  21 0.00  0.0    0 11.9 24 150   M    M   0        31 160
11 107  75  91   9   0  26 0.21  0.0    0 12.4 35  30   M    M   0 3      48  30
12 106  76  91   9   0  26 0.00  0.0    0 13.8 24 160   M    M   0 3      33 160
13 106  76  91   9   0  26 0.00  0.0    0 12.8 23 160   M    M   0        32 150
14 106  76  91   9   0  26 0.00  0.0    0 13.6 31  80   M    M   0        44  70
15 100  78  89   7   0  24 0.00  0.0    0 12.4 25 110   M    M   0 3      33  90
16 100  74  87   5   0  22 0.00  0.0    0 14.2 23 130   M    M   0        31 150
17 101  75  88   6   0  23 0.00  0.0    0 14.2 23 140   M    M   0        32 140
18  99  75  87   5   0  22 0.00  0.0    0 14.8 23 130   M    M   0        31 160
19  96  74  85   3   0  20 0.00  0.0    0 14.9 22 130   M    M   0        31 130
20  96  74  85   3   0  20 0.00  0.0    0 14.2 22 130   M    M   0        29 120
21  98  73  86   4   0  21 0.00  0.0    0 12.3 21 140   M    M   0        28 120
22  99  74  87   5   0  22 0.00  0.0    0 12.3 18 110   M    M   0        24 100
23 101  74  88   6   0  23 0.00  0.0    0 12.7 21 130   M    M   0        29 140
24 101  76  89   7   0  24 0.00  0.0    0 13.5 21 110   M    M   0        30 120
25 100  76  88   6   0  23 0.00  0.0    0 10.4 17 110   M    M   1        25 120
26  98  74  86   4   0  21 0.03  0.0    0  8.1 29  60   M    M   2 3      36  50
================================================================================
SM 2633 1937         0 600  1.05     0.0 316.5          M       10
================================================================================
AV101.3 74.5                              12.2 FASTST   M    M   0    MAX(MPH)
                                 MISC ---->  # 47  40               # 71   40
================================================================================
NOTES:
# LAST OF SEVERAL OCCURRENCES

COLUMN 17 PEAK WIND IN M.P.H.

PRELIMINARY LOCAL CLIMATOLOGICAL DATA (WS FORM: F-6) , PAGE 2

                                          STATION:  Fort Stockton
                                          MONTH:    JULY
                                          YEAR:     2016
                                          LATITUDE:   30 55 N
                                          LONGITUDE: 102 55 W

[TEMPERATURE DATA]      [PRECIPITATION DATA]       SYMBOLS USED IN COLUMN 16

AVERAGE MONTHLY: 87.9   TOTAL FOR MONTH:   1.05    1 = FOG OR MIST
DPTR FM NORMAL:   5.9   DPTR FM NORMAL:   -0.52    2 = FOG REDUCING VISIBILITY
HIGHEST:   107 ON 11, 7 GRTST 24HR  0.78 ON  7- 7      TO 1/4 MILE OR LESS
LOWEST:     71 ON 10, 1                            3 = THUNDER
                        SNOW, ICE PELLETS, HAIL    4 = ICE PELLETS
                        TOTAL MONTH:   0.0 INCH    5 = HAIL
                        GRTST 24HR     0.0         6 = FREEZING RAIN OR DRIZZLE
                        GRTST DEPTH:   0           7 = DUSTSTORM OR SANDSTORM:
                                                       VSBY 1/2 MILE OR LESS
                                                   8 = SMOKE OR HAZE
[NO. OF DAYS WITH]      [WEATHER - DAYS WITH]      9 = BLOWING SNOW
                                                   X = TORNADO
MAX 32 OR BELOW:   0    0.01 INCH OR MORE:   5
MAX 90 OR ABOVE:  26    0.10 INCH OR MORE:   2
MIN 32 OR BELOW:   0    0.50 INCH OR MORE:   1
MIN  0 OR BELOW:   0    1.00 INCH OR MORE:   0

[HDD (BASE 65) ]
TOTAL THIS MO.     0    CLEAR  (SCALE 0-3)  25
DPTR FM NORMAL     0    PTCLDY (SCALE 4-7)   1
TOTAL FM JUL 1     0    CLOUDY (SCALE 8-10)  0
DPTR FM NORMAL     0

[CDD (BASE 65) ]
TOTAL THIS MO.   600
DPTR FM NORMAL   158    [PRESSURE DATA]
TOTAL FM JAN 1  1564    HIGHEST SLP M ON M
DPTR FM NORMAL    96    LOWEST  SLP 29.62 ON 11

[REMARKS]
