521
CXUS56 KSGX 011545
CF6FUL
PRELIMINARY LOCAL CLIMATOLOGICAL DATA (WS FORM: F-6)

                                          STATION:   FULLERTON AIRPORT CA
                                          MONTH:     FEBRUARY
                                          YEAR:      2017
                                          LATITUDE:   33 52 N
                                          LONGITUDE: 117 58 W

  TEMPERATURE IN F:       :PCPN:    SNOW:  WIND      :SUNSHINE: SKY     :PK WND
================================================================================
1   2   3   4   5  6A  6B    7    8   9   10  11  12  13   14  15   16   17  18
                                     12Z  AVG MX 2MIN
DY MAX MIN AVG DEP HDD CDD  WTR  SNW DPTH SPD SPD DIR MIN PSBL S-S WX    SPD DR
================================================================================

 1  72  43  58   1   7   0 0.00  0.0    0  2.9  9 220   M    M   2 128    13 210
 2  69  48  59   2   6   0 0.00  0.0    0  2.8 12  80   M    M   2 18     14  80
 3  62  55  59   2   6   0 0.05  0.0    0  2.3 10 110   M    M   9 18     13  90
 4  67  57  62   5   3   0 0.00  0.0    0  1.7  8 280   M    M   8 18     13 300
 5  60  51  56  -1   9   0 0.00  0.0    0  3.5  9 210   M    M   8 18     13 220
 6  61  54  58   1   7   0 0.64  0.0    0  4.4 13  80   M    M  10 1      15  70
 7  67  59  63   6   2   0 0.35  0.0    0  4.9 10 250   M    M  10 18     17 260
 8  74  59  67  10   0   2 0.03  0.0    0  1.6  9 230   M    M   6 12     11 220
 9  76  56  66   9   0   1 0.00  0.0    0  2.2  8 280   M    M   3 128    12 220
10  66  57  62   5   3   0 0.22  0.0    0  1.8  8 260   M    M   7 18     12 260
11  63  53  58   0   7   0 0.06  0.0    0  3.1  9 190   M    M   8 1      13 190
12  75  48  62   4   3   0 0.00  0.0    0  1.2  7 260   M    M   2        10 270
13  73  49  61   3   4   0 0.00  0.0    0  2.9  8 220   M    M   2        11 210
14  70  52  61   3   4   0 0.00  0.0    0  1.9 10 210   M    M   1 2      14 220
15  82  48  65   7   0   0 0.00  0.0    0  2.3 12 210   M    M   1 12     16 210
16  68  49  59   1   6   0 0.00  0.0    0  2.5  8 230   M    M   2 18     11 200
17  60  53  57  -1   8   0 1.50  0.0    0 10.5 28 150   M    M  10 18     42 140
18  63  53  58   0   7   0 0.03  0.0    0  4.0 10 150   M    M   8 1      14 230
19  62  51  57  -1   8   0 0.01  0.0    0  4.9 12 170   M    M   8 18     16 130
20  65  54  60   2   5   0 0.00  0.0    0  3.7  9 230   M    M   9 1      14 210
21  70  58  64   6   1   0    T  0.0    0  2.3  9 290   M    M   9        14 280
22  66  51  59   0   6   0 0.00  0.0    0  3.5 14 210   M    M   5 1      18 200
23  64  43  54  -5  11   0 0.00  0.0    0  4.1 15 280   M    M   0        28 260
24  64  39  52  -7  13   0 0.00  0.0    0  3.0 12 220   M    M   0        15 210
25  63  40  52  -7  13   0 0.00  0.0    0  3.6 12 200   M    M   3        16 220
26  58  49  54  -5  11   0 0.08    M    0  4.1 14 180   M    M   9        19 190
27  58  50  54  -5  11   0 0.07  0.0    0  3.4  9  90   M    M   8 1      12  90
28  66  43  55  -4  10   0 0.00  0.0    0  3.0 13 230   M    M   1 1      16 220
================================================================================
SM 1864 1422       171   3  3.04     0.0  92.1          M      151
================================================================================
AV 66.6 50.8                               3.3 FASTST   M    M   5    MAX(MPH)
                                 MISC ---->  # 28 150               # 42  140
================================================================================
NOTES:
# LAST OF SEVERAL OCCURRENCES

COLUMN 17 PEAK WIND IN M.P.H.

PRELIMINARY LOCAL CLIMATOLOGICAL DATA (WS FORM: F-6) , PAGE 2

                                          STATION:  FULLERTON AIRPORT CA
                                          MONTH:    FEBRUARY
                                          YEAR:     2017
                                          LATITUDE:   33 52 N
                                          LONGITUDE: 117 58 W

[TEMPERATURE DATA]      [PRECIPITATION DATA]       SYMBOLS USED IN COLUMN 16

AVERAGE MONTHLY: 58.7   TOTAL FOR MONTH:   3.04    1 = FOG OR MIST
DPTR FM NORMAL:   0.8   DPTR FM NORMAL:   -0.21    2 = FOG REDUCING VISIBILITY
HIGHEST:    82 ON 15    GRTST 24HR  1.51 ON 17-18      TO 1/4 MILE OR LESS
LOWEST:     39 ON 24                               3 = THUNDER
                        SNOW, ICE PELLETS, HAIL    4 = ICE PELLETS
                        TOTAL MONTH:   0.0 INCH    5 = HAIL
                        GRTST 24HR     0.0         6 = FREEZING RAIN OR DRIZZLE
                        GRTST DEPTH:   0           7 = DUSTSTORM OR SANDSTORM:
                                                       VSBY 1/2 MILE OR LESS
                                                   8 = SMOKE OR HAZE
[NO. OF DAYS WITH]      [WEATHER - DAYS WITH]      9 = BLOWING SNOW
                                                   X = TORNADO
MAX 32 OR BELOW:   0    0.01 INCH OR MORE:  11
MAX 90 OR ABOVE:   0    0.10 INCH OR MORE:   4
MIN 32 OR BELOW:   0    0.50 INCH OR MORE:   2
MIN  0 OR BELOW:   0    1.00 INCH OR MORE:   1

[HDD (BASE 65) ]
TOTAL THIS MO.   171    CLEAR  (SCALE 0-3)  12
DPTR FM NORMAL   -34    PTCLDY (SCALE 4-7)   6
TOTAL FM JUL 1   697    CLOUDY (SCALE 8-10) 10
DPTR FM NORMAL  -225

[CDD (BASE 65) ]
TOTAL THIS MO.     3
DPTR FM NORMAL    -2    [PRESSURE DATA]
TOTAL FM JAN 1     3    HIGHEST SLP 30.34 ON 21
DPTR FM NORMAL    -6    LOWEST  SLP 29.44 ON 17

[REMARKS]
#FINAL-02-17#
