000
CXUS56 KSGX 221445
CF6FUL

PRELIMINARY LOCAL CLIMATOLOGICAL DATA (WS FORM: F-6)

                                          STATION:   FULLERTON AIRPORT CA
                                          MONTH:     AUGUST
                                          YEAR:      2014
                                          LATITUDE:   33 52 N
                                          LONGITUDE: 117 58 W

  TEMPERATURE IN F:       :PCPN:    SNOW:  WIND      :SUNSHINE: SKY     :PK WND
================================================================================
1   2   3   4   5  6A  6B    7    8   9   10  11  12  13   14  15   16   17  18
                                     12Z  AVG MX 2MIN
DY MAX MIN AVG DEP HDD CDD  WTR  SNW DPTH SPD SPD DIR MIN PSBL S-S WX    SPD DR
================================================================================

 1  86  69  78   3   0  13 0.00  0.0    0  4.8 13 170   M    M   2        15 170
 2  89  68  79   4   0  14 0.02  0.0    0  3.5  9 210   M    M   3 18     12 210
 3  88  74  81   6   0  16 0.08  0.0    0  5.1 14 220   M    M   6 18     18 210
 4  87  66  77   2   0  12 0.00  0.0    0  4.4 13 220   M    M   1        19 220
 5  88  62  75   0   0  10 0.00  0.0    0  4.1 12 200   M    M   0        17 310
 6  83  65  74  -1   0   9 0.00  0.0    0  4.1 12 190   M    M   3        17 210
 7  82  65  74  -1   0   9 0.00  0.0    0  4.1 13 200   M    M   3        16 200
 8  83  68  76   1   0  11 0.00  0.0    0  4.6 12 190   M    M   5        17 200
 9  84  68  76   1   0  11 0.00  0.0    0  3.9 13 200   M    M   6        18 220
10  87  67  77   2   0  12 0.00  0.0    0  3.5 13 200   M    M   2 18     16 190
11  89  67  78   3   0  13 0.00  0.0    0  3.5 12 190   M    M   1        16 220
12  87  69  78   3   0  13 0.00  0.0    0  3.8 13 190   M    M   1        17 210
13  85  68  77   2   0  12 0.00  0.0    0  4.0 12 200   M    M   3        17 220
14  87  65  76   1   0  11 0.00  0.0    0  2.9 12 190   M    M   1        15 200
15  96  65  81   6   0  16 0.00  0.0    0  3.5 10 220   M    M   0        16 210
16  96  68  82   6   0  17 0.00  0.0    0  3.2 12 290   M    M   0        17 200
17  89  68  79   3   0  14 0.00  0.0    0  3.0 10 180   M    M   0        15 170
18  88  67  78   2   0  13 0.00  0.0    0  5.0 14 200   M    M   1        18 200
19  82  69  76   0   0  11 0.00  0.0    0  6.2 14 200   M    M   6        19 210
20  85  69  77   1   0  12 0.00  0.0    0  4.8 13 200   M    M   4        17 200
21  87  66  77   1   0  12 0.00  0.0    0  3.5 12 210   M    M   0        17 190
================================================================================
SM 1828 1413         0 261  0.10     0.0  85.5          M       48
================================================================================
AV 87.0 67.3                               4.1 FASTST   M    M   2    MAX(MPH)
                                 MISC ---->  # 14 220               # 19  220
================================================================================
NOTES:
# LAST OF SEVERAL OCCURRENCES

COLUMN 17 PEAK WIND IN M.P.H.

PRELIMINARY LOCAL CLIMATOLOGICAL DATA (WS FORM: F-6) , PAGE 2

                                          STATION:  FULLERTON AIRPORT CA
                                          MONTH:    AUGUST
                                          YEAR:     2014
                                          LATITUDE:   33 52 N
                                          LONGITUDE: 117 58 W

[TEMPERATURE DATA]      [PRECIPITATION DATA]       SYMBOLS USED IN COLUMN 16

AVERAGE MONTHLY: 77.2   TOTAL FOR MONTH:   0.10    1 = FOG OR MIST
DPTR FM NORMAL:   1.9   DPTR FM NORMAL:    0.07    2 = FOG REDUCING VISIBILITY
HIGHEST:    96 ON 16,15 GRTST 24HR  0.10 ON  2- 3      TO 1/4 MILE OR LESS
LOWEST:     62 ON  5                               3 = THUNDER
                        SNOW, ICE PELLETS, HAIL    4 = ICE PELLETS
                        TOTAL MONTH:   0.0 INCH    5 = HAIL
                        GRTST 24HR     0.0         6 = FREEZING RAIN OR DRIZZLE
                        GRTST DEPTH:   0           7 = DUSTSTORM OR SANDSTORM:
                                                       VSBY 1/2 MILE OR LESS
                                                   8 = SMOKE OR HAZE
[NO. OF DAYS WITH]      [WEATHER - DAYS WITH]      9 = BLOWING SNOW
                                                   X = TORNADO
MAX 32 OR BELOW:   0    0.01 INCH OR MORE:   2
MAX 90 OR ABOVE:   2    0.10 INCH OR MORE:   0
MIN 32 OR BELOW:   0    0.50 INCH OR MORE:   0
MIN  0 OR BELOW:   0    1.00 INCH OR MORE:   0

[HDD (BASE 65) ]
TOTAL THIS MO.     0    CLEAR  (SCALE 0-3)  14
DPTR FM NORMAL     0    PTCLDY (SCALE 4-7)   7
TOTAL FM JUL 1     0    CLOUDY (SCALE 8-10)  0
DPTR FM NORMAL     0

[CDD (BASE 65) ]
TOTAL THIS MO.   261
DPTR FM NORMAL    47    [PRESSURE DATA]
TOTAL FM JAN 1  1231    HIGHEST SLP M ON M
DPTR FM NORMAL   475    LOWEST  SLP 29.77 ON 18

[REMARKS]
