000
CXUS54 KTSA 280840
CF6FYV
PRELIMINARY LOCAL CLIMATOLOGICAL DATA (WS FORM: F-6)

                                          STATION:   FAYETTEVILLE ARKANSAS
                                          MONTH:     MARCH
                                          YEAR:      2015
                                          LATITUDE:   36  0 N
                                          LONGITUDE:  94 10 W

  TEMPERATURE IN F:       :PCPN:    SNOW:  WIND      :SUNSHINE: SKY     :PK WND
================================================================================
1   2   3   4   5  6A  6B    7    8   9   10  11  12  13   14  15   16   17  18
                                     12Z  AVG MX 2MIN
DY MAX MIN AVG DEP HDD CDD  WTR  SNW DPTH SPD SPD DIR MIN PSBL S-S WX    SPD DR
================================================================================

 1  34  30  32 -12  33   0 0.05  0.0    2  3.7  9  10   M    M  10 16     13  10
 2  38  28  33 -11  32   0 0.00  0.0    T  6.5 15 170   M    M  10 1      19 170
 3  52  37  45   1  20   0 0.04  0.0    0  9.2 22 220   M    M  10 1      31 210
 4  48  20  34 -11  31   0 0.64  2.6    0  8.3 16 360   M    M  10 146    24  20
 5  37  12  25 -20  40   0 0.01    T    2  4.4 15 340   M    M   1 1      21 340
 6  49  17  33 -12  32   0 0.00  0.0    T  6.5 18 210   M    M   0        24 200
 7  62  29  46   0  19   0 0.00  0.0    0  5.6 15 220   M    M   0        22 210
 8  53  30  42  -4  23   0 0.00  0.0    0  4.1 17 180   M    M   7        21 180
 9  50  40  45  -1  20   0 0.63  0.0    0  2.1  9  80   M    M  10 1      16 120
10  53  36  45  -1  20   0 0.04    M    0  3.0  8 340   M    M   9 12     13 330
11  69  33  51   4  14   0 0.00  0.0    0  2.5 16  80   M    M   5 12     20  70
12  67  35  51   4  14   0 0.14    M    0  4.8 17  80   M    M   3 1      23  80
13  55  51  53   6  12   0 1.07  0.0    0  3.4 10 360   M    M  10 1      18 300
14  57  40  49   1  16   0 0.27    M    0  4.6 16  50   M    M   6 1      25  30
15  71  34  53   5  12   0 0.00  0.0    0  2.0 10 280   M    M   2 12     16 330
16  71  39  55   7  10   0 0.00  0.0    0  6.6 18 200   M    M   1 1      24 200
17  68  50  59  11   6   0    T  0.0    0  7.9 20 330   M    M   2        26 220
18  54  44  49   0  16   0 0.32    M    0  5.7 12  90   M    M  10 1      18 170
19  55  44  50   1  15   0 0.05    M    0  1.7  8 340   M    M  10 1      16 150
20  61  44  53   4  12   0    T    M    0  3.4 12 330   M    M   3 1      15  20
21  65  38  52   2  13   0 0.00  0.0    0  1.1  9  60   M    M   0        30  90
22  61  42  52   2  13   0 0.02    M    0  2.2  9  90   M    M   7 1      14 110
23  73  34  54   4  11   0 0.00  0.0    0  3.6 15 190   M    M   3 12     18 170
24  79  45  62  12   3   0    T    M    0 10.3 29 190   M    M   1 3      38 180
25  78  36  57   6   8   0 1.14    M    0  8.7 31 180   M    M   3 13     39 180
26  54  35  45  -6  20   0 0.18    M    0  9.6 20 330   M    M   5 13     26 350
27  50  36  43  -8  22   0 0.00  0.0    0  6.1 20 340   M    M   7        25 310
================================================================================
SM 1564  959       487   0  4.60     2.6 137.6          M      145
================================================================================
AV 57.9 35.5                               5.1 FASTST   M    M   5    MAX(MPH)
                                 MISC ---->  # 31 180               # 39  180
================================================================================
NOTES:
# LAST OF SEVERAL OCCURRENCES

COLUMN 17 PEAK WIND IN M.P.H.

PRELIMINARY LOCAL CLIMATOLOGICAL DATA (WS FORM: F-6) , PAGE 2

                                          STATION:  FAYETTEVILLE ARKANSAS
                                          MONTH:    MARCH
                                          YEAR:     2015
                                          LATITUDE:   36  0 N
                                          LONGITUDE:  94 10 W

[TEMPERATURE DATA]      [PRECIPITATION DATA]       SYMBOLS USED IN COLUMN 16

AVERAGE MONTHLY: 46.7   TOTAL FOR MONTH:   4.60    1 = FOG OR MIST
DPTR FM NORMAL:  -0.8   DPTR FM NORMAL:    1.23    2 = FOG REDUCING VISIBILITY
HIGHEST:    79 ON 24    GRTST 24HR  1.14 ON 25-25      TO 1/4 MILE OR LESS
LOWEST:     12 ON  5                               3 = THUNDER
                        SNOW, ICE PELLETS, HAIL    4 = ICE PELLETS
                        TOTAL MONTH:   2.6 INCHES  5 = HAIL
                        GRTST 24HR   2.6 ON   M    6 = FREEZING RAIN OR DRIZZLE
                        GRTST DEPTH:   2 ON  5, 1  7 = DUSTSTORM OR SANDSTORM:
                                                       VSBY 1/2 MILE OR LESS
                                                   8 = SMOKE OR HAZE
[NO. OF DAYS WITH]      [WEATHER - DAYS WITH]      9 = BLOWING SNOW
                                                   X = TORNADO
MAX 32 OR BELOW:   0    0.01 INCH OR MORE:  14
MAX 90 OR ABOVE:   0    0.10 INCH OR MORE:   8
MIN 32 OR BELOW:   7    0.50 INCH OR MORE:   4
MIN  0 OR BELOW:   0    1.00 INCH OR MORE:   2

[HDD (BASE 65) ]
TOTAL THIS MO.   487    CLEAR  (SCALE 0-3)  10
DPTR FM NORMAL    14    PTCLDY (SCALE 4-7)   8
TOTAL FM JUL 1  3973    CLOUDY (SCALE 8-10)  9
DPTR FM NORMAL   197

[CDD (BASE 65) ]
TOTAL THIS MO.     0
DPTR FM NORMAL     0    [PRESSURE DATA]
TOTAL FM JAN 1     0    HIGHEST SLP M ON M
DPTR FM NORMAL     0    LOWEST  SLP 29.68 ON 24

[REMARKS]
