000
CXUS53 KUNR 250945
CF6GCC
PRELIMINARY LOCAL CLIMATOLOGICAL DATA (WS FORM: F-6)

                                          STATION:   GILLETTE AIRPORT WY
                                          MONTH:     SEPTEMBER
                                          YEAR:      2016
                                          LATITUDE:   44 20 N
                                          LONGITUDE: 105 32 W

  TEMPERATURE IN F:       :PCPN:    SNOW:  WIND      :SUNSHINE: SKY     :PK WND
================================================================================
1   2   3   4   5  6A  6B    7    8   9   10  11  12  13   14  15   16   17  18
                                     12Z  AVG MX 2MIN
DY MAX MIN AVG DEP HDD CDD  WTR  SNW DPTH SPD SPD DIR MIN PSBL S-S WX    SPD DR
================================================================================

 1  88  60  74   9   0   9 0.00    M    M 22.2 33 170   M    M   0        40 170
 2  91  62  77  12   0  12 0.00    M    M  9.6 24 220   M    M   1        29 160
 3  82  56  69   5   0   4 0.07    M    M  7.8 21 120   M    M   1 3      25 320
 4  63  51  57  -7   8   0 0.21    M    M  7.8 28  60   M    M   8 13     35  60
 5  76  51  64   1   1   0 0.04    M    M 10.0 23 350   M    M   4 1      34 340
 6  70  48  59  -4   6   0 0.00    M    M 13.0 28 160   M    M   4        34 170
 7  72  44  58  -4   7   0 0.00    M    M 12.1 26 180   M    M   1        34 160
 8  77  47  62   0   3   0    T    M    M 10.7 29 340   M    M   0        35 340
 9  61  39  50 -12  15   0 0.29    M    M 12.0 29 330   M    M   5 1      35 320
10  80  41  61   0   4   0 0.00    M    M  8.4 21 180   M    M   0        24 200
11  85  42  64   3   1   0 0.00    M    M  9.2 32 360   M    M   0        40  10
12  51  39  45 -15  20   0 0.27    M    M 11.1 22  10   M    M   8 1      26  20
13  48  39  44 -16  21   0 0.01    M    M 11.2 22 140   M    M   9 1      26 130
14  77  43  60   1   5   0 0.00    M    M 15.2 31 220   M    M   1        39 210
15  65  44  55  -4  10   0 0.00    M    M 10.6 21 310   M    M   5        33 310
16  72  48  60   2   5   0 0.00    M    M  9.4 17 330   M    M   3        23 330
17  78  50  64   6   1   0 0.00    M    M  7.5 17 240   M    M   0        20 240
18  80  47  64   7   1   0 0.01    M    M  5.0 18 350   M    M   4        24 330
19  83  44  64   7   1   0    T    M    M  8.2 18 250   M    M   1        24 210
20  85  41  63   7   2   0 0.00    M    M  5.3 15 270   M    M   0        23 270
21  59  47  53  -3  12   0 0.01    M    M  8.8 16 340   M    M   7        20 340
22  65  52  59   4   6   0    T    M    M 14.8 33 160   M    M   9        41 160
23  71  49  60   5   5   0 0.56    M    M 12.9 33 240   M    M   9 13     43 220
24  50  43  47  -7  18   0 1.03    M    M 16.7 31 300   M    M   9 1      39 290
================================================================================
SM 1729 1127       152  25  2.50    M    259.5          M       89
================================================================================
AV 72.0 47.0                              10.8 FASTST   M    M   4    MAX(MPH)
                                 MISC ---->  # 33 170               # 43  220
================================================================================
NOTES:
# LAST OF SEVERAL OCCURRENCES

COLUMN 17 PEAK WIND IN M.P.H.

PRELIMINARY LOCAL CLIMATOLOGICAL DATA (WS FORM: F-6) , PAGE 2

                                          STATION:  GILLETTE AIRPORT WY
                                          MONTH:    SEPTEMBER
                                          YEAR:     2016
                                          LATITUDE:   44 20 N
                                          LONGITUDE: 105 32 W

[TEMPERATURE DATA]      [PRECIPITATION DATA]       SYMBOLS USED IN COLUMN 16

AVERAGE MONTHLY: 59.5   TOTAL FOR MONTH:   2.50    1 = FOG OR MIST
DPTR FM NORMAL:  -0.3   DPTR FM NORMAL:    1.58    2 = FOG REDUCING VISIBILITY
HIGHEST:    91 ON  2    GRTST 24HR  1.52 ON 23-24      TO 1/4 MILE OR LESS
LOWEST:     39 ON 13,12                            3 = THUNDER
                        SNOW, ICE PELLETS, HAIL    4 = ICE PELLETS
                        TOTAL MONTH:    M          5 = HAIL
                        GRTST 24HR    M  ON   M    6 = FREEZING RAIN OR DRIZZLE
                        GRTST DEPTH:  M  ON   M    7 = DUSTSTORM OR SANDSTORM:
                                                       VSBY 1/2 MILE OR LESS
                                                   8 = SMOKE OR HAZE
[NO. OF DAYS WITH]      [WEATHER - DAYS WITH]      9 = BLOWING SNOW
                                                   X = TORNADO
MAX 32 OR BELOW:   0    0.01 INCH OR MORE:  10
MAX 90 OR ABOVE:   1    0.10 INCH OR MORE:   5
MIN 32 OR BELOW:   0    0.50 INCH OR MORE:   2
MIN  0 OR BELOW:   0    1.00 INCH OR MORE:   1

[HDD (BASE 65) ]
TOTAL THIS MO.   152    CLEAR  (SCALE 0-3)  11
DPTR FM NORMAL   -10    PTCLDY (SCALE 4-7)   8
TOTAL FM JUL 1   206    CLOUDY (SCALE 8-10)  5
DPTR FM NORMAL   -13

[CDD (BASE 65) ]
TOTAL THIS MO.    25
DPTR FM NORMAL   -15    [PRESSURE DATA]
TOTAL FM JAN 1   569    HIGHEST SLP M ON M
DPTR FM NORMAL    69    LOWEST  SLP 29.43 ON 23

[REMARKS]
