000
CXUS53 KDDC 281200
CF6GCK
PRELIMINARY LOCAL CLIMATOLOGICAL DATA (WS FORM: F-6)

                                          STATION:   GARDEN CITY REGIONAL ARPT KS
                                          MONTH:     FEBRUARY
                                          YEAR:      2015
                                          LATITUDE:   37 55 N
                                          LONGITUDE: 100 43 W

  TEMPERATURE IN F:       :PCPN:    SNOW:  WIND      :SUNSHINE: SKY     :PK WND
================================================================================
1   2   3   4   5  6A  6B    7    8   9   10  11  12  13   14  15   16   17  18
                                     12Z  AVG MX 2MIN
DY MAX MIN AVG DEP HDD CDD  WTR  SNW DPTH SPD SPD DIR MIN PSBL S-S WX    SPD DR
================================================================================

 1  34   9  22 -10  43   0 0.00    M    M 24.0 40 350   M    M   3        49 350
 2  46   6  26  -6  39   0 0.00    M    M  9.8 24 200   M    M   0        29 200
 3  63  23  43  11  22   0 0.00    M    M  8.0 15 210   M    M   0        20 260
 4  38  12  25  -7  40   0    T    M    M 16.3 40  30   M    M   5 169    49  40
 5  51  13  32   0  33   0 0.00    M    M 12.4 22 210   M    M   2        26 220
 6  76  25  51  18  14   0 0.00    M    M  9.0 16 280   M    M   0        20 270
 7  79  33  56  23   9   0 0.00    M    M  9.2 15 290   M    M   0        19 290
 8  71  36  54  21  11   0 0.00    M    M 12.6 29 360   M    M   0        35 360
 9  68  27  48  15  17   0 0.00    M    M 11.6 24 140   M    M   0        31 140
10  68  26  47  13  18   0 0.00    M    M  9.4 22 360   M    M   0 18     27  10
11  49  26  38   4  27   0    T    M    M 16.3 35  10   M    M   3        41  10
12  53  20  37   3  28   0 0.00    M    M 12.7 21 180   M    M   0        26 180
13  64  31  48  14  17   0 0.00    M    M  9.6 20 350   M    M   0        29 360
14  65  22  44  10  21   0 0.00    M    M 13.6 28  70   M    M   0        33  70
15  23  14  19 -16  46   0 0.04    M    M 12.7 18  20   M    M   7 1      23  20
16  43  19  31  -4  34   0 0.07    M    M  7.2 20  20   M    M   6 1      22  30
17  43  18  31  -4  34   0    T    M    M 12.5 32 350   M    M   3 8      41 360
18  45  17  31  -5  34   0 0.00    M    M  6.7 14  80   M    M   2        16  80
19  60  19  40   4  25   0 0.00    M    M 13.4 23 190   M    M   0        29 190
20  53  23  38   2  27   0 0.02    M    M  9.6 26  20   M    M   2        32  20
21  46  22  34  -2  31   0 0.16    M    M  9.3 31  50   M    M   5 12     38  50
22  26  12  19 -18  46   0 0.01    M    0 15.6 31  50   M    M  10 128    37  50
23  15   4  10 -27  55   0 0.01    M    M  5.4 13  30   M    M   9 1      14  30
24  38   2  20 -17  45   0 0.00    M    M 11.4 20 340   M    M   0        23 340
25  49  18  34  -4  31   0 0.00    M    M 17.2 32  20   M    M   2        39  20
26  22  13  18 -20  47   0 0.00    M    M 15.7 29  30   M    M   8        35  30
27  16   9  13 -25  52   0 0.03    M    M 12.6 20 150   M    M  10 18     24 150
================================================================================
SM 1304  499       846   0  0.34    M    323.8          M       77
================================================================================
AV 48.3 18.5                              12.0 FASTST   M    M   3    MAX(MPH)
                                 MISC ---->  # 40 350               # 49  350
================================================================================
NOTES:
# LAST OF SEVERAL OCCURRENCES

COLUMN 17 PEAK WIND IN M.P.H.

PRELIMINARY LOCAL CLIMATOLOGICAL DATA (WS FORM: F-6) , PAGE 2

                                          STATION:  GARDEN CITY REGIONAL ARPT KS
                                          MONTH:    FEBRUARY
                                          YEAR:     2015
                                          LATITUDE:   37 55 N
                                          LONGITUDE: 100 43 W

[TEMPERATURE DATA]      [PRECIPITATION DATA]       SYMBOLS USED IN COLUMN 16

AVERAGE MONTHLY: 33.4   TOTAL FOR MONTH:   0.34    1 = FOG OR MIST
DPTR FM NORMAL:  -1.3   DPTR FM NORMAL:   -0.18    2 = FOG REDUCING VISIBILITY
HIGHEST:    79 ON  7    GRTST 24HR  0.17 ON 21-22      TO 1/4 MILE OR LESS
LOWEST:      2 ON 24                               3 = THUNDER
                        SNOW, ICE PELLETS, HAIL    4 = ICE PELLETS
                        TOTAL MONTH:    M          5 = HAIL
                        GRTST 24HR    M  ON   M    6 = FREEZING RAIN OR DRIZZLE
                        GRTST DEPTH:   0           7 = DUSTSTORM OR SANDSTORM:
                                                       VSBY 1/2 MILE OR LESS
                                                   8 = SMOKE OR HAZE
[NO. OF DAYS WITH]      [WEATHER - DAYS WITH]      9 = BLOWING SNOW
                                                   X = TORNADO
MAX 32 OR BELOW:   5    0.01 INCH OR MORE:   7
MAX 90 OR ABOVE:   0    0.10 INCH OR MORE:   1
MIN 32 OR BELOW:  25    0.50 INCH OR MORE:   0
MIN  0 OR BELOW:   0    1.00 INCH OR MORE:   0

[HDD (BASE 65) ]
TOTAL THIS MO.   846    CLEAR  (SCALE 0-3)  17
DPTR FM NORMAL    26    PTCLDY (SCALE 4-7)   7
TOTAL FM JUL 1  3858    CLOUDY (SCALE 8-10)  3
DPTR FM NORMAL  -142

[CDD (BASE 65) ]
TOTAL THIS MO.     0
DPTR FM NORMAL     0    [PRESSURE DATA]
TOTAL FM JAN 1     0    HIGHEST SLP M ON M
DPTR FM NORMAL     0    LOWEST  SLP 29.63 ON  7

[REMARKS]
