000
CXUS54 KMAF 241100
CF6GDP
PRELIMINARY LOCAL CLIMATOLOGICAL DATA (WS FORM: F-6)

                                          STATION:   Guadalupe Pass
                                          MONTH:     FEBRUARY
                                          YEAR:      2018
                                          LATITUDE:   31 49 N
                                          LONGITUDE: 104 48 W

  TEMPERATURE IN F:       :PCPN:    SNOW:  WIND      :SUNSHINE: SKY     :PK WND
================================================================================
1   2   3   4   5  6A  6B    7    8   9   10  11  12  13   14  15   16   17  18
                                     12Z  AVG MX 2MIN
DY MAX MIN AVG DEP HDD CDD  WTR  SNW DPTH SPD SPD DIR MIN PSBL S-S WX    SPD DR
================================================================================

 1  55  38  47   3  18   0 0.00  0.0    0 25.4 44  60   M    M   0        47  60
 2  57  28  43  -1  22   0 0.00  0.0    0 23.5 45  50   M    M   0        50  60
 3  68  48  58  14   7   0 0.00  0.0    0 26.7 45 260   M    M   0        54 250
 4  55  49  52   8  13   0 0.00  0.0    0 20.1 25 250   M    M   0        31 250
 5   M   M   M   M   M   M    M    M    M   M   M   M   M    M   M         M  M
 6   M   M   M   M   M   M    M    M    M   M   M   M   M    M   M         M  M
 7  54  32  43  -1  22   0 0.00  0.0    M 19.4 43  70   M    M   0 18     44  70
 8  65  41  53   9  12   0 0.00  0.0    0 15.8 29 250   M    M   0        35 240
 9  70  44  57  12   8   0 0.00  0.0    0 17.6 33 250   M    M   0        39 260
10  69  47  58  13   7   0 0.00  0.0    0 27.6 52 250   M    M   0        61 250
11  55  17  36  -9  29   0    T    M    0 33.2 49  80   M    M   0        53  80
12  50  26  38  -7  27   0 0.00  0.0    M 26.6 35  50   M    M   1 8      37  50
13  70  39  55  10  10   0 0.00  0.0    0  8.5 23 240   M    M   0        29 250
14  74  51  63  18   2   0 0.00  0.0    0 20.7 45 250   M    M   1        54 250
15  69  52  61  15   4   0 0.00  0.0    0 35.2 49 240   M    M   3        60 270
16  58  39  49   3  16   0 0.17    M    0 28.5 43  70   M    M   4 12     49 250
17  60  38  49   3  16   0    T    M    0 15.0 31 220   M    M   4 12     36 220
18  68  45  57  11   8   0 0.00  0.0    0 22.6 43 250   M    M   1        52 240
19  66  49  58  12   7   0 0.00  0.0    0 32.3 48 240   M    M   1        62 240
20  62  46  54   8  11   0 0.00  0.0    0 29.1 47 250   M    M   0 8      59 240
21  48  23  36 -11  29   0 0.00  0.0    0 34.3 45  60   M    M   2 8      50  60
22  58  22  40  -7  25   0 0.00  0.0    0 19.1 37 250   M    M   1 1      45 250
23  67  41  54   7  11   0 0.00  0.0    0 16.0 38 240   M    M   0        46 250
================================================================================
SM 1298  815       304   0  0.17     0.0 497.2          M       18
================================================================================
AV 61.8 38.8                              23.7 FASTST   M    M   1    MAX(MPH)
                                 MISC ---->  # 52 250               # 62  240
================================================================================
NOTES:
# LAST OF SEVERAL OCCURRENCES

COLUMN 17 PEAK WIND IN M.P.H.

PRELIMINARY LOCAL CLIMATOLOGICAL DATA (WS FORM: F-6) , PAGE 2

                                          STATION:  Guadalupe Pass
                                          MONTH:    FEBRUARY
                                          YEAR:     2018
                                          LATITUDE:   31 49 N
                                          LONGITUDE: 104 48 W

[TEMPERATURE DATA]      [PRECIPITATION DATA]       SYMBOLS USED IN COLUMN 16

AVERAGE MONTHLY: 50.3   TOTAL FOR MONTH:   0.17    1 = FOG OR MIST
DPTR FM NORMAL:   5.1   DPTR FM NORMAL:   -0.09    2 = FOG REDUCING VISIBILITY
HIGHEST:    74 ON 14    GRTST 24HR  0.17 ON 16-16      TO 1/4 MILE OR LESS
LOWEST:     17 ON 11                               3 = THUNDER
                        SNOW, ICE PELLETS, HAIL    4 = ICE PELLETS
                        TOTAL MONTH:   0.0 INCH    5 = HAIL
                        GRTST 24HR     0.0         6 = FREEZING RAIN OR DRIZZLE
                        GRTST DEPTH:   0           7 = DUSTSTORM OR SANDSTORM:
                                                       VSBY 1/2 MILE OR LESS
                                                   8 = SMOKE OR HAZE
[NO. OF DAYS WITH]      [WEATHER - DAYS WITH]      9 = BLOWING SNOW
                                                   X = TORNADO
MAX 32 OR BELOW:   0    0.01 INCH OR MORE:   1
MAX 90 OR ABOVE:   0    0.10 INCH OR MORE:   1
MIN 32 OR BELOW:   6    0.50 INCH OR MORE:   0
MIN  0 OR BELOW:   0    1.00 INCH OR MORE:   0

[HDD (BASE 65) ]
TOTAL THIS MO.   304    CLEAR  (SCALE 0-3)  19
DPTR FM NORMAL  -152    PTCLDY (SCALE 4-7)   2
TOTAL FM JUL 1  1911    CLOUDY (SCALE 8-10)  0
DPTR FM NORMAL  -664

[CDD (BASE 65) ]
TOTAL THIS MO.     0
DPTR FM NORMAL     0    [PRESSURE DATA]
TOTAL FM JAN 1     0    HIGHEST SLP M ON M
DPTR FM NORMAL     0    LOWEST  SLP 29.61 ON 20

[REMARKS]
