000
CXUS51 KPHI 310800
CF6GED
PRELIMINARY LOCAL CLIMATOLOGICAL DATA (WS FORM: F-6)

                                          STATION:   GEORGETOWN DE
                                          MONTH:     JANUARY
                                          YEAR:      2015
                                          LATITUDE:   38 41 N
                                          LONGITUDE:  75 22 W

  TEMPERATURE IN F:       :PCPN:    SNOW:  WIND      :SUNSHINE: SKY     :PK WND
================================================================================
1   2   3   4   5  6A  6B    7    8   9   10  11  12  13   14  15   16   17  18
                                     12Z  AVG MX 2MIN
DY MAX MIN AVG DEP HDD CDD  WTR  SNW DPTH SPD SPD DIR MIN PSBL S-S WX    SPD DR
================================================================================

 1  44  20  32  -4  33   0 0.00    M    M  6.7 22 220   M    M   0        25 220
 2  49  30  40   4  25   0 0.00    M    M  1.9 12 310   M    M   1        17 340
 3  48  28  38   2  27   0 0.12    M    M  3.3  8  80   M    M   9 12     14  90
 4  70  47  59  24   6   0 0.17    M    M 14.3 25 290   M    M   6 12     41 300
 5  54  30  42   7  23   0 0.00    M    M 10.2 22 290   M    M   0        34 280
 6  32  21  27  -8  38   0 0.01    M    M  4.2 14  20   M    M   6 18     18  30
 7  30  15  23 -12  42   0 0.00    M    M  9.4 24 300   M    M   2 8      42 300
 8  21  11  16 -19  49   0 0.00    M    M  8.8 20 320   M    M   0        31 310
 9  38  20  29  -6  36   0 0.00    M    M  9.8 26 220   M    M   2        36 210
10  27  11  19 -16  46   0 0.00    M    M  4.7 14 280   M    M   0        22 340
11  44   9  27  -8  38   0 0.00    M    M  3.4 13 210   M    M   1        16 220
12  51  35  43   8  22   0 1.15    M    M  3.9 13 180   M    M  10 1      18 160
13  39  28  34  -1  31   0 0.00    M    M 10.5 18  30   M    M   8 1      26 360
14  34  28  31  -4  34   0 0.11    M    M  8.8 16  30   M    M  10 16     22  20
15  38  30  34  -1  31   0 0.00    M    M  6.0 13 280   M    M   6 1      19 260
16  44  26  35   0  30   0 0.00    M    M  8.3 21 290   M    M   2 1      32 280
17  36  22  29  -6  36   0 0.00    M    M  5.8 13 140   M    M   0        17 130
18  53  34  44   9  21   0 1.24    M    M  6.8 20 180   M    M  10 13     29 140
19  47  27  37   2  28   0 0.00    M    M  5.4 17 290   M    M   4 1      27 290
20  52  26  39   4  26   0 0.00    M    M  2.1 12  30   M    M   2        18  40
21  37  29  33  -2  32   0 0.12    M    M  5.6 12  50   M    M   6 168    14  30
22  43  30  37   2  28   0 0.00    M    M  3.5 10 280   M    M   8 128    14 300
23  42  26  34  -1  31   0 0.27    M    M  3.2 12 210   M    M   3 18     14 200
24  40  35  38   3  27   0 0.94    M    M 10.3 21  40   M    M   8 1      27  40
25  50  35  43   8  22   0 0.00    M    M  5.6 16 220   M    M   5        21 230
26  42  32  37   2  28   0 0.40    M    M 13.9 24  50   M    M  10 1      32  20
27  35  28  32  -3  33   0    T    M    M  9.2 16 360   M    M   7 18     23 300
28  36  22  29  -6  36   0 0.00    M    M  8.2 17 340   M    M   0        26 330
29  38  18  28  -7  37   0    T    M    M  5.0 13 190   M    M   4        21 180
30  44  23  34  -1  31   0    T    M    M 11.2 21 320   M    M   6 8      34 320
================================================================================
SM 1258  776       927   0  4.53    M    210.0          M      136
================================================================================
AV 41.9 25.9                               7.0 FASTST   M    M   5    MAX(MPH)
                                 MISC ---->  # 26 220               # 42  300
================================================================================
NOTES:
# LAST OF SEVERAL OCCURRENCES

COLUMN 17 PEAK WIND IN M.P.H.

PRELIMINARY LOCAL CLIMATOLOGICAL DATA (WS FORM: F-6) , PAGE 2

                                          STATION:  GEORGETOWN DE
                                          MONTH:    JANUARY
                                          YEAR:     2015
                                          LATITUDE:   38 41 N
                                          LONGITUDE:  75 22 W

[TEMPERATURE DATA]      [PRECIPITATION DATA]       SYMBOLS USED IN COLUMN 16

AVERAGE MONTHLY: 33.9   TOTAL FOR MONTH:   4.53    1 = FOG OR MIST
DPTR FM NORMAL:  -1.2   DPTR FM NORMAL:    1.70    2 = FOG REDUCING VISIBILITY
HIGHEST:    70 ON  4    GRTST 24HR  1.24 ON 18-18      TO 1/4 MILE OR LESS
LOWEST:      9 ON 11                               3 = THUNDER
                        SNOW, ICE PELLETS, HAIL    4 = ICE PELLETS
                        TOTAL MONTH:    M          5 = HAIL
                        GRTST 24HR    M  ON   M    6 = FREEZING RAIN OR DRIZZLE
                        GRTST DEPTH:  M  ON   M    7 = DUSTSTORM OR SANDSTORM:
                                                       VSBY 1/2 MILE OR LESS
                                                   8 = SMOKE OR HAZE
[NO. OF DAYS WITH]      [WEATHER - DAYS WITH]      9 = BLOWING SNOW
                                                   X = TORNADO
MAX 32 OR BELOW:   4    0.01 INCH OR MORE:  10
MAX 90 OR ABOVE:   0    0.10 INCH OR MORE:   9
MIN 32 OR BELOW:  25    0.50 INCH OR MORE:   3
MIN  0 OR BELOW:   0    1.00 INCH OR MORE:   2

[HDD (BASE 65) ]
TOTAL THIS MO.   927    CLEAR  (SCALE 0-3)  13
DPTR FM NORMAL    30    PTCLDY (SCALE 4-7)  11
TOTAL FM JUL 1  2386    CLOUDY (SCALE 8-10)  6
DPTR FM NORMAL   -93

[CDD (BASE 65) ]
TOTAL THIS MO.     0
DPTR FM NORMAL     0    [PRESSURE DATA]
TOTAL FM JAN 1     0    HIGHEST SLP M ON M
DPTR FM NORMAL     0    LOWEST  SLP 29.26 ON 24

[REMARKS]
