000
CXUS51 KPHI 300800
CF6GED
PRELIMINARY LOCAL CLIMATOLOGICAL DATA (WS FORM: F-6)

                                          STATION:   GEORGETOWN DE
                                          MONTH:     OCTOBER
                                          YEAR:      2014
                                          LATITUDE:   38 41 N
                                          LONGITUDE:  75 22 W

  TEMPERATURE IN F:       :PCPN:    SNOW:  WIND      :SUNSHINE: SKY     :PK WND
================================================================================
1   2   3   4   5  6A  6B    7    8   9   10  11  12  13   14  15   16   17  18
                                     12Z  AVG MX 2MIN
DY MAX MIN AVG DEP HDD CDD  WTR  SNW DPTH SPD SPD DIR MIN PSBL S-S WX    SPD DR
================================================================================

 1  73  58  66   3   0   1 0.00    M    M  7.8 17  50   M    M   7        25  30
 2  69  56  63   1   2   0 0.00    M    M  5.7 16  70   M    M   5 1      20  40
 3  74  52  63   1   2   0 0.04    M    M  7.6 17 160   M    M   4 1      23 150
 4  75  50  63   1   2   0 0.15    M    M  9.1 22 160   M    M   7 1      27 170
 5  64  39  52  -9  13   0 0.00    M    M  4.2 18 200   M    M   0        29 210
 6  74  44  59  -2   6   0 0.00    M    M  9.2 24 170   M    M   0        33 160
 7  77  57  67   6   0   2 0.02    M    M 13.8 24 160   M    M   2 3      29 170
 8  78  57  68   8   0   3    T    M    M  7.3 22 200   M    M   1 3      29 190
 9  72  46  59  -1   6   0 0.00    M    M  4.5 16 200   M    M   1        26 230
10  68  57  63   3   2   0 0.50    M    M  6.1 15  80   M    M   9 1      20  90
11  63  56  60   1   5   0 0.38    M    M  7.9 16  40   M    M  10 1      23  50
12  66  50  58  -1   7   0 0.00    M    M  5.6 18  60   M    M   2 1      25  50
13  68  55  62   3   3   0 0.16    M    M  4.2 12 130   M    M   8 1      20  70
14  82  62  72  14   0   7 0.00    M    M 13.8 31 170   M    M   4 1      36 160
15  78  71  75  17   0  10 0.51    M    M 18.6 30 160   M    M   8 13     37 160
16  73  53  63   5   2   0 0.19    M    M  7.7 26 170   M    M   3 1      35 160
17  74  52  63   6   2   0 0.00    M    M  6.7 17 200   M    M   0 1      21 210
18  73  52  63   6   2   0 0.00    M    M  7.0 14 280   M    M   2        26 230
19  58  39  49  -8  16   0 0.00    M    M  5.8 18 280   M    M   3        29 270
20  67  35  51  -5  14   0 0.00    M    M  4.9 22 190   M    M   0        29 210
21  72  52  62   6   3   0 0.48    M    M  4.7 18 280   M    M   6 13     26 260
22  60  53  57   1   8   0 0.06    M    M  9.8 18 350   M    M   9 1      29 360
23  59  51  55   0  10   0 0.01    M    M  7.8 17 330   M    M   9        28 320
24  69  53  61   6   4   0 0.00    M    M  5.9 15 330   M    M   4        22 310
25  70  42  56   1   9   0 0.00    M    M  5.1 15 210   M    M   0        19 260
26  68  48  58   4   7   0 0.00    M    M  7.0 21 300   M    M   0        31 310
27  68  39  54   0  11   0 0.00    M    M  2.7 13 270   M    M   0        17 260
28  80  50  65  11   0   0 0.00    M    M  9.4 18 210   M    M   0        25 190
29  74  54  64  10   1   0 0.01    M    M  6.5 17 220   M    M   4        23 290
================================================================================
SM 2046 1483       137  23  2.51    M    216.4          M      108
================================================================================
AV 70.6 51.1                               7.5 FASTST   M    M   4    MAX(MPH)
                                 MISC ---->  # 31 170               # 37  160
================================================================================
NOTES:
# LAST OF SEVERAL OCCURRENCES

COLUMN 17 PEAK WIND IN M.P.H.

PRELIMINARY LOCAL CLIMATOLOGICAL DATA (WS FORM: F-6) , PAGE 2

                                          STATION:  GEORGETOWN DE
                                          MONTH:    OCTOBER
                                          YEAR:     2014
                                          LATITUDE:   38 41 N
                                          LONGITUDE:  75 22 W

[TEMPERATURE DATA]      [PRECIPITATION DATA]       SYMBOLS USED IN COLUMN 16

AVERAGE MONTHLY: 60.8   TOTAL FOR MONTH:   2.51    1 = FOG OR MIST
DPTR FM NORMAL:   2.8   DPTR FM NORMAL:   -0.97    2 = FOG REDUCING VISIBILITY
HIGHEST:    82 ON 14    GRTST 24HR  0.88 ON 10-11      TO 1/4 MILE OR LESS
LOWEST:     35 ON 20                               3 = THUNDER
                        SNOW, ICE PELLETS, HAIL    4 = ICE PELLETS
                        TOTAL MONTH:    M          5 = HAIL
                        GRTST 24HR    M  ON   M    6 = FREEZING RAIN OR DRIZZLE
                        GRTST DEPTH:  M  ON   M    7 = DUSTSTORM OR SANDSTORM:
                                                       VSBY 1/2 MILE OR LESS
                                                   8 = SMOKE OR HAZE
[NO. OF DAYS WITH]      [WEATHER - DAYS WITH]      9 = BLOWING SNOW
                                                   X = TORNADO
MAX 32 OR BELOW:   0    0.01 INCH OR MORE:  12
MAX 90 OR ABOVE:   0    0.10 INCH OR MORE:   7
MIN 32 OR BELOW:   0    0.50 INCH OR MORE:   2
MIN  0 OR BELOW:   0    1.00 INCH OR MORE:   0

[HDD (BASE 65) ]
TOTAL THIS MO.   137    CLEAR  (SCALE 0-3)  15
DPTR FM NORMAL   -86    PTCLDY (SCALE 4-7)  10
TOTAL FM JUL 1   152    CLOUDY (SCALE 8-10)  4
DPTR FM NORMAL  -109

[CDD (BASE 65) ]
TOTAL THIS MO.    23
DPTR FM NORMAL     5    [PRESSURE DATA]
TOTAL FM JAN 1  1149    HIGHEST SLP M ON M
DPTR FM NORMAL   -40    LOWEST  SLP 29.54 ON  4

[REMARKS]
