000
CXUS56 KOTX 230900
CF6GEG
PRELIMINARY LOCAL CLIMATOLOGICAL DATA (WS FORM: F-6)

                                          STATION:   SPOKANE WA AIRPORT
                                          MONTH:     OCTOBER
                                          YEAR:      2014
                                          LATITUDE:   47 37 N
                                          LONGITUDE: 117 32 W

  TEMPERATURE IN F:       :PCPN:    SNOW:  WIND      :SUNSHINE: SKY     :PK WND
================================================================================
1   2   3   4   5  6A  6B    7    8   9   10  11  12  13   14  15   16   17  18
                                     12Z  AVG MX 2MIN
DY MAX MIN AVG DEP HDD CDD  WTR  SNW DPTH SPD SPD DIR MIN PSBL S-S WX    SPD DR
================================================================================

 1  62  36  49  -5  16   0 0.00  0.0    0 11.8 23 230   M    M   5        29 240
 2  63  39  51  -3  14   0 0.00  0.0    0  6.4 16 300   M    M   3        23 280
 3  67  38  53   0  12   0 0.00  0.0    0  4.2 10  40   M    M   6        14 160
 4  73  47  60   7   5   0 0.00  0.0    0  5.9 14 230   M    M   5        17 220
 5  76  47  62  10   3   0 0.00  0.0    0  6.1 12 240   M    M   5        17 240
 6  79  51  65  13   0   0 0.00  0.0    0  8.8 16 230   M    M   4        21 220
 7  80  51  66  15   0   1 0.00  0.0    0  5.1 17 240   M    M   2        21 240
 8  70  49  60   9   5   0 0.00  0.0    0  4.8 14 150   M    M   8        17 160
 9  72  44  58   8   7   0 0.00  0.0    0  2.3  8  30   M    M   4        10  20
10  72  47  60  10   5   0 0.00  0.0    0  7.0 16 230   M    M   4        18 210
11  69  44  57   7   8   0    T  0.0    0 16.7 35 270   M    M   7        42 260
12  62  38  50   1  15   0 0.00  0.0    0  8.7 18 230   M    M   6        28 230
13  70  47  59  10   6   0 0.00  0.0    0  8.8 16 150   M    M   8        21 160
14  61  50  56   8   9   0 0.12  0.0    0 10.0 22 200   M    M   9 1      27 220
15  53  43  48   0  17   0 0.18  0.0    0 13.2 29 220   M    M   8 1      35 230
16  57  39  48   0  17   0 0.00  0.0    0  5.8 13 180   M    M   4        16 190
17  58  39  49   2  16   0    T  0.0    0  6.5 13  60   M    M   8        16  50
18  66  48  57  10   8   0 0.01  0.0    0  6.4 16 230   M    M   5 1      21 220
19  69  47  58  12   7   0 0.00  0.0    0  8.9 16  60   M    M   6 12     19  60
20  70  47  59  13   6   0 0.01  0.0    0  9.4 22 240   M    M   5        28 240
21  59  43  51   6  14   0 0.00  0.0    0 10.5 24 220   M    M   6        28 220
22  60  42  51   6  14   0 0.24  0.0    0  9.6 20 190   M    M   7 1      27 170
================================================================================
SM 1468  976       204   1  0.56     0.0 176.9          M      125
================================================================================
AV 66.7 44.4                               8.0 FASTST   M    M   6    MAX(MPH)
                                 MISC ---->  # 35 270               # 42  260
================================================================================
NOTES:
# LAST OF SEVERAL OCCURRENCES

COLUMN 17 PEAK WIND IN M.P.H.

PRELIMINARY LOCAL CLIMATOLOGICAL DATA (WS FORM: F-6) , PAGE 2

                                          STATION:  SPOKANE WA AIRPORT
                                          MONTH:    OCTOBER
                                          YEAR:     2014
                                          LATITUDE:   47 37 N
                                          LONGITUDE: 117 32 W

[TEMPERATURE DATA]      [PRECIPITATION DATA]       SYMBOLS USED IN COLUMN 16

AVERAGE MONTHLY: 55.5   TOTAL FOR MONTH:   0.56    1 = FOG OR MIST
DPTR FM NORMAL:   6.1   DPTR FM NORMAL:   -0.14    2 = FOG REDUCING VISIBILITY
HIGHEST:    80 ON  7    GRTST 24HR  0.30 ON 14-15      TO 1/4 MILE OR LESS
LOWEST:     36 ON  1                               3 = THUNDER
                        SNOW, ICE PELLETS, HAIL    4 = ICE PELLETS
                        TOTAL MONTH:   0.0 INCH    5 = HAIL
                        GRTST 24HR     0.0         6 = FREEZING RAIN OR DRIZZLE
                        GRTST DEPTH:   0           7 = DUSTSTORM OR SANDSTORM:
                                                       VSBY 1/2 MILE OR LESS
                                                   8 = SMOKE OR HAZE
[NO. OF DAYS WITH]      [WEATHER - DAYS WITH]      9 = BLOWING SNOW
                                                   X = TORNADO
MAX 32 OR BELOW:   0    0.01 INCH OR MORE:   5
MAX 90 OR ABOVE:   0    0.10 INCH OR MORE:   3
MIN 32 OR BELOW:   0    0.50 INCH OR MORE:   0
MIN  0 OR BELOW:   0    1.00 INCH OR MORE:   0

[HDD (BASE 65) ]
TOTAL THIS MO.   204    CLEAR  (SCALE 0-3)   1
DPTR FM NORMAL  -140    PTCLDY (SCALE 4-7)  17
TOTAL FM JUL 1   310    CLOUDY (SCALE 8-10)  4
DPTR FM NORMAL  -282

[CDD (BASE 65) ]
TOTAL THIS MO.     1
DPTR FM NORMAL     1    [PRESSURE DATA]
TOTAL FM JAN 1   654    HIGHEST SLP M ON M
DPTR FM NORMAL   205    LOWEST  SLP  0.00 ON M

[REMARKS]
