000
CXUS55 KRIW 190945
CF6GEY
PRELIMINARY LOCAL CLIMATOLOGICAL DATA (WS FORM: F-6)

                                          STATION:   GREYBULL WY
                                          MONTH:     NOVEMBER
                                          YEAR:      2017
                                          LATITUDE:   44 30 N
                                          LONGITUDE: 108  4 W

  TEMPERATURE IN F:       :PCPN:    SNOW:  WIND      :SUNSHINE: SKY     :PK WND
================================================================================
1   2   3   4   5  6A  6B    7    8   9   10  11  12  13   14  15   16   17  18
                                     12Z  AVG MX 2MIN
DY MAX MIN AVG DEP HDD CDD  WTR  SNW DPTH SPD SPD DIR MIN PSBL S-S WX    SPD DR
================================================================================

 1  43  31  37  -2  28   0 0.12    M    M  7.9 22 310   M    M   9 1      26 300
 2  35  29  32  -7  33   0 0.02    M    M  2.8 12 280   M    M   9 1      14 270
 3  37  31  34  -4  31   0 0.00    M    M  4.7 13 210   M    M  10        16 210
 4  33  25  29  -9  36   0 0.03    M    M  8.9 22 320   M    M  10 1      26 310
 5  38  19  29  -8  36   0 0.00    M    M  3.5  9 150   M    M   3 12     14 140
 6  27  13  20 -16  45   0    T    M    M 11.0 22 320   M    M   9 18     25 320
 7  29  10  20 -16  45   0 0.00    M    M  4.6 12 160   M    M   0        13 160
 8  35  14  25 -10  40   0 0.00  0.0    M  2.2  7 260   M    M   1         9 320
 9  42  25  34  -1  31   0 0.00  0.0    M  2.5  8 120   M    M   5        10 110
10  53  21  37   3  28   0 0.00  0.0    M  3.7 10 180   M    M   1        12 180
11  48  22  35   2  30   0    T    M    M  7.9 20 330   M    M   3 1      23 320
12  48  20  34   1  31   0 0.00  0.0    M  3.2 10 140   M    M   2 12     12 150
13  55  20  38   6  27   0 0.00  0.0    M  3.0 13 240   M    M   0        16 250
14  49  26  38   7  27   0 0.00  0.0    M  9.2 33 330   M    M   3        41 320
15  47  19  33   2  32   0 0.00  0.0    M  2.7  9 150   M    M   0        11 150
16  64  26  45  15  20   0 0.02    M    M  7.9 25 150   M    M   2        30 150
17  45  26  36   6  29   0 0.01    M    M 10.4 29 340   M    M   7        37 350
18  43  19  31   2  34   0 0.00  0.0    M  5.5 12 160   M    M   1        14 150
================================================================================
SM  771  396       583   0  0.20     0.0 101.6          M       75
================================================================================
AV 42.8 22.0                               5.6 FASTST   M    M   4    MAX(MPH)
                                 MISC ---->  # 33 330               # 41  320
================================================================================
NOTES:
# LAST OF SEVERAL OCCURRENCES

COLUMN 17 PEAK WIND IN M.P.H.

PRELIMINARY LOCAL CLIMATOLOGICAL DATA (WS FORM: F-6) , PAGE 2

                                          STATION:  GREYBULL WY
                                          MONTH:    NOVEMBER
                                          YEAR:     2017
                                          LATITUDE:   44 30 N
                                          LONGITUDE: 108  4 W

[TEMPERATURE DATA]      [PRECIPITATION DATA]       SYMBOLS USED IN COLUMN 16

AVERAGE MONTHLY: 32.4   TOTAL FOR MONTH:   0.20    1 = FOG OR MIST
DPTR FM NORMAL:  -1.8   DPTR FM NORMAL:    0.03    2 = FOG REDUCING VISIBILITY
HIGHEST:    64 ON 16    GRTST 24HR  0.12 ON  1- 1      TO 1/4 MILE OR LESS
LOWEST:     10 ON  7                               3 = THUNDER
                        SNOW, ICE PELLETS, HAIL    4 = ICE PELLETS
                        TOTAL MONTH:   0.0 INCH    5 = HAIL
                        GRTST 24HR     0.0         6 = FREEZING RAIN OR DRIZZLE
                        GRTST DEPTH:  M  ON   M    7 = DUSTSTORM OR SANDSTORM:
                                                       VSBY 1/2 MILE OR LESS
                                                   8 = SMOKE OR HAZE
[NO. OF DAYS WITH]      [WEATHER - DAYS WITH]      9 = BLOWING SNOW
                                                   X = TORNADO
MAX 32 OR BELOW:   2    0.01 INCH OR MORE:   5
MAX 90 OR ABOVE:   0    0.10 INCH OR MORE:   1
MIN 32 OR BELOW:  18    0.50 INCH OR MORE:   0
MIN  0 OR BELOW:   0    1.00 INCH OR MORE:   0

[HDD (BASE 65) ]
TOTAL THIS MO.   583    CLEAR  (SCALE 0-3)  10
DPTR FM NORMAL    29    PTCLDY (SCALE 4-7)   3
TOTAL FM JUL 1  1426    CLOUDY (SCALE 8-10)  5
DPTR FM NORMAL    50

[CDD (BASE 65) ]
TOTAL THIS MO.     0
DPTR FM NORMAL     0    [PRESSURE DATA]
TOTAL FM JAN 1   824    HIGHEST SLP M ON M
DPTR FM NORMAL   155    LOWEST  SLP 29.48 ON  1

[REMARKS]
