000
CXUS55 KRIW 220945
CF6GEY
PRELIMINARY LOCAL CLIMATOLOGICAL DATA (WS FORM: F-6)

                                          STATION:   GREYBULL WY
                                          MONTH:     SEPTEMBER
                                          YEAR:      2017
                                          LATITUDE:   44 30 N
                                          LONGITUDE: 108  4 W

  TEMPERATURE IN F:       :PCPN:    SNOW:  WIND      :SUNSHINE: SKY     :PK WND
================================================================================
1   2   3   4   5  6A  6B    7    8   9   10  11  12  13   14  15   16   17  18
                                     12Z  AVG MX 2MIN
DY MAX MIN AVG DEP HDD CDD  WTR  SNW DPTH SPD SPD DIR MIN PSBL S-S WX    SPD DR
================================================================================

 1  87  53  70   3   0   5 0.00  0.0    M  4.7 17 340   M    M   2 8      22 340
 2  94  50  72   6   0   7 0.00  0.0    M  2.3 12 150   M    M   0        15 160
 3  95  52  74   8   0   9 0.00  0.0    M  4.5 15 350   M    M   6 8      19 340
 4  74  54  64  -1   1   0 0.00  0.0    M 13.7 33 310   M    M   2 8      40 320
 5  77  45  61  -4   4   0 0.00  0.0    M  3.1  8  80   M    M   0 8      12 250
 6  83  45  64   0   1   0 0.00  0.0    M  1.8  8 110   M    M   0         9 110
 7  89  43  66   2   0   1 0.00  0.0    M  2.8  9 360   M    M   0        13 290
 8  89  45  67   4   0   2 0.00    M    0  2.4  8 250   M    M   0 8      11 100
 9  92  53  73  11   0   8 0.00  0.0    0  3.8 12 250   M    M   0 8      13 170
10  89  57  73  11   0   8    T  0.0    0  4.7  9 140   M    M   1        12 110
11  91  53  72  10   0   7 0.00  0.0    0  3.0  9 100   M    M   0        12 100
12  93  53  73  12   0   8 0.00  0.0    0  3.5  9 120   M    M   0        12 130
13  89  54  72  12   0   7    T  0.0    0  7.3 32 340   M    M   1 3      41 350
14  72  48  60   0   5   0 0.60    M    M 11.8 29 320   M    M   5 1      35 320
15  50  44  47 -12  18   0 0.74    M    M 15.9 24 310   M    M  10 1      31 310
16  53  40  47 -12  18   0 0.03    M    M  5.6 14 320   M    M   6 1      17 330
17  64  37  51  -7  14   0 0.00    M    M  4.5 15 150   M    M   0 12     19 130
18  79  38  59   1   6   0 0.09    M    M  7.2 26 330   M    M   1 1      32 320
19  57  45  51  -6  14   0 0.11    M    M  9.5 26 330   M    M   6 1      33 300
20  70  37  54  -3  11   0    T    M    M  7.9 23 230   M    M   2        31 210
21  59  43  51  -5  14   0 0.02    M    M 15.1 25 320   M    M   9        31 320
================================================================================
SM 1646  989       106  62  1.59     0.0 135.1          M       51
================================================================================
AV 78.4 47.1                               6.4 FASTST   M    M   2    MAX(MPH)
                                 MISC ---->  # 33 310               # 41  350
================================================================================
NOTES:
# LAST OF SEVERAL OCCURRENCES

COLUMN 17 PEAK WIND IN M.P.H.

PRELIMINARY LOCAL CLIMATOLOGICAL DATA (WS FORM: F-6) , PAGE 2

                                          STATION:  GREYBULL WY
                                          MONTH:    SEPTEMBER
                                          YEAR:     2017
                                          LATITUDE:   44 30 N
                                          LONGITUDE: 108  4 W

[TEMPERATURE DATA]      [PRECIPITATION DATA]       SYMBOLS USED IN COLUMN 16

AVERAGE MONTHLY: 62.7   TOTAL FOR MONTH:   1.59    1 = FOG OR MIST
DPTR FM NORMAL:   1.3   DPTR FM NORMAL:    0.97    2 = FOG REDUCING VISIBILITY
HIGHEST:    95 ON  3    GRTST 24HR  0.74 ON 15-15      TO 1/4 MILE OR LESS
LOWEST:     37 ON 20,17                            3 = THUNDER
                        SNOW, ICE PELLETS, HAIL    4 = ICE PELLETS
                        TOTAL MONTH:   0.0 INCH    5 = HAIL
                        GRTST 24HR     0.0         6 = FREEZING RAIN OR DRIZZLE
                        GRTST DEPTH:   0           7 = DUSTSTORM OR SANDSTORM:
                                                       VSBY 1/2 MILE OR LESS
                                                   8 = SMOKE OR HAZE
[NO. OF DAYS WITH]      [WEATHER - DAYS WITH]      9 = BLOWING SNOW
                                                   X = TORNADO
MAX 32 OR BELOW:   0    0.01 INCH OR MORE:   6
MAX 90 OR ABOVE:   5    0.10 INCH OR MORE:   3
MIN 32 OR BELOW:   0    0.50 INCH OR MORE:   2
MIN  0 OR BELOW:   0    1.00 INCH OR MORE:   0

[HDD (BASE 65) ]
TOTAL THIS MO.   106    CLEAR  (SCALE 0-3)  15
DPTR FM NORMAL    -3    PTCLDY (SCALE 4-7)   4
TOTAL FM JUL 1   106    CLOUDY (SCALE 8-10)  2
DPTR FM NORMAL   -24

[CDD (BASE 65) ]
TOTAL THIS MO.    62
DPTR FM NORMAL    28    [PRESSURE DATA]
TOTAL FM JAN 1   824    HIGHEST SLP M ON M
DPTR FM NORMAL   157    LOWEST  SLP 29.48 ON 19

[REMARKS]
