000
CXUS55 KGGW 310800
CF6GGW
PRELIMINARY LOCAL CLIMATOLOGICAL DATA (WS FORM: F-6)

                                          STATION:   GLASGOW MT
                                          MONTH:     OCTOBER
                                          YEAR:      2014
                                          LATITUDE:   48 13 N
                                          LONGITUDE: 106 37 W

  TEMPERATURE IN F:       :PCPN:    SNOW:  WIND      :SUNSHINE: SKY     :PK WND
================================================================================
1   2   3   4   5  6A  6B    7    8   9   10  11  12  13   14  15   16   17  18
                                     12Z  AVG MX 2MIN
DY MAX MIN AVG DEP HDD CDD  WTR  SNW DPTH SPD SPD DIR MIN PSBL S-S WX    SPD DR
================================================================================

 1  61  42  52   1  13   0 0.02  0.0    0 13.9 24 310   M    M   6 8      31 310
 2  49  28  39 -12  26   0 0.02  0.0    0 19.2 35 310   M    M   8        44 320
 3  51  24  38 -12  27   0 0.00  0.0    0  9.4 21 290   M    M   0        27 300
 4  68  35  52   2  13   0    T  0.0    0  9.6 29 320   M    M   3        35 320
 5  67  43  55   5  10   0 0.00  0.0    0 13.3 33 310   M    M   4        42 330
 6  68  41  55   6  10   0    T  0.0    0 11.5 29 310   M    M   6        37 310
 7  62  39  51   2  14   0 0.00  0.0    0  9.3 20 320   M    M   2        25 250
 8  59  38  49   1  16   0 0.00  0.0    0 14.1 26 110   M    M   4        30 110
 9  60  31  46  -2  19   0 0.00  0.0    0 10.9 18 120   M    M   0        22 130
10  67  34  51   4  14   0 0.00  0.0    0 13.0 22 140   M    M   0        25 140
11  74  39  57  10   8   0    T  0.0    0 10.8 26 260   M    M   2        32 300
12  64  41  53   6  12   0 0.09  0.0    0 11.7 31 330   M    M   2        39 310
13  63  36  50   4  15   0 0.00  0.0    0  6.6 15 230   M    M   0        18 240
14  74  38  56  10   9   0 0.00  0.0    0 10.3 15 130   M    M   0        18 130
15  61  41  51   6  14   0 0.00  0.0    0  7.9 16 330   M    M   0        21 320
16  54  38  46   1  19   0 0.21  0.0    0 15.1 33 280   M    M   7 1      42 270
17  56  36  46   2  19   0 0.00  0.0    0 11.2 20 110   M    M   4 1      25 120
18  70  36  53   9  12   0 0.00  0.0    0  9.7 18 110   M    M   0        22 110
19  69  39  54  10  11   0 0.00  0.0    0  8.1 16 110   M    M   0        17 110
20  74  41  58  15   7   0 0.00  0.0    0 12.3 18 120   M    M   0        20 120
21   M   M   M   M   M   M    M    M    M   M   M   M   M    M   M         M  M
22  64  38  51   9  14   0 0.00  0.0    0 12.5 28 280   M    M   3        34 270
23  68  36  52  10  13   0 0.00  0.0    0  7.4 17 270   M    M   0        22 250
24  60  38  49   8  16   0    T  0.0    0 10.3 28 280   M    M   2        36 280
25  66  36  51  10  14   0 0.00  0.0    0 12.6 24 110   M    M   1        29 120
26  65  36  51  11  14   0 0.00  0.0    0 11.9 35 280   M    M   2        41 280
27  43  34  39  -1  26   0 0.06    T    0 21.2 35 300   M    M  10        42 290
28  45  30  38  -1  27   0 0.00  0.0    0 10.2 21 320   M    M   5        26 320
29  62  28  45   6  20   0 0.01  0.0    0 10.4 26 300   M    M   3        32 290
30  37  28  33  -5  32   0 0.00  0.0    0 12.7 26 120   M    M   9        32 130
================================================================================
SM 1781 1044       464   0  0.41    T    337.1          M       83
================================================================================
AV 61.4 36.0                              11.6 FASTST   M    M   3    MAX(MPH)
                                 MISC ---->  # 35 310               # 44  320
================================================================================
NOTES:
# LAST OF SEVERAL OCCURRENCES

COLUMN 17 PEAK WIND IN M.P.H.

PRELIMINARY LOCAL CLIMATOLOGICAL DATA (WS FORM: F-6) , PAGE 2

                                          STATION:  GLASGOW MT
                                          MONTH:    OCTOBER
                                          YEAR:     2014
                                          LATITUDE:   48 13 N
                                          LONGITUDE: 106 37 W

[TEMPERATURE DATA]      [PRECIPITATION DATA]       SYMBOLS USED IN COLUMN 16

AVERAGE MONTHLY: 48.7   TOTAL FOR MONTH:   0.41    1 = FOG OR MIST
DPTR FM NORMAL:   3.7   DPTR FM NORMAL:   -0.33    2 = FOG REDUCING VISIBILITY
HIGHEST:    74 ON 20,14 GRTST 24HR  0.21 ON 16-16      TO 1/4 MILE OR LESS
LOWEST:     24 ON  3                               3 = THUNDER
                        SNOW, ICE PELLETS, HAIL    4 = ICE PELLETS
                        TOTAL MONTH:    T          5 = HAIL
                        GRTST 24HR    T  ON 27-27  6 = FREEZING RAIN OR DRIZZLE
                        GRTST DEPTH:   0           7 = DUSTSTORM OR SANDSTORM:
                                                       VSBY 1/2 MILE OR LESS
                                                   8 = SMOKE OR HAZE
[NO. OF DAYS WITH]      [WEATHER - DAYS WITH]      9 = BLOWING SNOW
                                                   X = TORNADO
MAX 32 OR BELOW:   0    0.01 INCH OR MORE:   6
MAX 90 OR ABOVE:   0    0.10 INCH OR MORE:   1
MIN 32 OR BELOW:   6    0.50 INCH OR MORE:   0
MIN  0 OR BELOW:   0    1.00 INCH OR MORE:   0

[HDD (BASE 65) ]
TOTAL THIS MO.   464    CLEAR  (SCALE 0-3)  19
DPTR FM NORMAL  -139    PTCLDY (SCALE 4-7)   8
TOTAL FM JUL 1   748    CLOUDY (SCALE 8-10)  2
DPTR FM NORMAL  -149

[CDD (BASE 65) ]
TOTAL THIS MO.     0
DPTR FM NORMAL     0    [PRESSURE DATA]
TOTAL FM JAN 1   495    HIGHEST SLP M ON M
DPTR FM NORMAL   -37    LOWEST  SLP 29.48 ON 15

[REMARKS]
