000
CXUS53 KGLD 290800
CF6GLD
PRELIMINARY LOCAL CLIMATOLOGICAL DATA (WS FORM: F-6)

                                          STATION:   GOODLAND KS
                                          MONTH:     SEPTEMBER
                                          YEAR:      2016
                                          LATITUDE:   39 22 N
                                          LONGITUDE: 101 42 W

  TEMPERATURE IN F:       :PCPN:    SNOW:  WIND      :SUNSHINE: SKY     :PK WND
================================================================================
1   2   3   4   5  6A  6B    7    8   9   10  11  12  13   14  15   16   17  18
                                     12Z  AVG MX 2MIN
DY MAX MIN AVG DEP HDD CDD  WTR  SNW DPTH SPD SPD DIR MIN PSBL S-S WX    SPD DR
================================================================================

 1  77  61  69  -2   0   4 0.00  0.0    0 11.0 16 160   M    M   8 1      21 160
 2  80  60  70   0   0   5 0.07  0.0    0 18.1 30 160   M    M   8 13     36 180
 3  90  60  75   5   0  10 1.45    T    0 15.4 46 320   M    M   6 1358   58 320
 4  90  62  76   6   0  11 0.15    T    0 16.0 32 240   M    M   2 135    40 220
 5  95  63  79  10   0  14 0.00  0.0    0 14.0 29 180   M    M   0 1      37 180
 6  77  62  70   1   0   5 0.00  0.0    0 10.7 29 210   M    M   3 12     42 200
 7  86  62  74   6   0   9 0.00  0.0    0  4.9 14 340   M    M   4 12     19 360
 8  82  59  71   3   0   6 0.00  0.0    0  5.6 13 160   M    M   4 12     21 160
 9  78  45  62  -6   3   0 0.00  0.0    0 14.0 29  20   M    M   3 12     37  30
10  78  42  60  -7   5   0 0.00  0.0    0 10.2 20 190   M    M   0        24 200
11  90  49  70   3   0   5 0.00  0.0    0 10.4 16 160   M    M   0        21 130
12  77  52  65  -1   0   0 0.00  0.0    0 15.5 29 330   M    M   2        38 340
13  62  49  56 -10   9   0 0.13  0.0    0  9.5 22  30   M    M   9 1      29  40
14  68  50  59  -7   6   0 0.00  0.0    0 13.3 23 160   M    M   7 1      28 160
15  84  50  67   2   0   2 0.50  0.0    0 10.6 55 340   M    M   3 1235   70 320
16  78  45  62  -2   3   0 0.00  0.0    0  8.4 18 340   M    M   1        23 340
17  82  46  64   0   1   0 0.07  0.0    0 10.2 30 300   M    M   1 13     40 300
18  90  52  71   7   0   6 0.00  0.0    0 10.1 15 200   M    M   0        19 280
19  91  53  72   9   0   7 0.00  0.0    0  9.8 17  20   M    M   0        20  30
20  94  57  76  13   0  11 0.00  0.0    0 12.7 23 190   M    M   0        29 200
21  92  65  79  17   0  14 0.00  0.0    0 10.7 20 240   M    M   0        26 240
22  86  50  68   6   0   3 0.10  0.0    0  8.9 32 250   M    M   3 123    39 250
23  88  59  74  13   0   9 0.02  0.0    0 22.5 37 170   M    M   1 3      49 170
24  76  45  61   0   4   0 0.00  0.0    0  8.0 23 340   M    M   1        30 350
25  72  42  57  -3   8   0 0.00  0.0    0 13.1 28 350   M    M   1        35 330
26  80  38  59  -1   6   0 0.00  0.0    0  7.4 18 340   M    M   0        26 260
27  87  45  66   7   0   1 0.00  0.0    0  5.2 13 290   M    M   0        17 300
28  84  44  64   5   1   0 0.00  0.0    0  7.1 15  30   M    M   0        19  30
================================================================================
SM 2314 1467        46 122  2.49    T    313.3          M       67
================================================================================
AV 82.6 52.4                              11.2 FASTST   M    M   2    MAX(MPH)
                                 MISC ---->  # 55 340               # 70  320
================================================================================
NOTES:
# LAST OF SEVERAL OCCURRENCES

COLUMN 17 PEAK WIND IN M.P.H.

PRELIMINARY LOCAL CLIMATOLOGICAL DATA (WS FORM: F-6) , PAGE 2

                                          STATION:  GOODLAND KS
                                          MONTH:    SEPTEMBER
                                          YEAR:     2016
                                          LATITUDE:   39 22 N
                                          LONGITUDE: 101 42 W

[TEMPERATURE DATA]      [PRECIPITATION DATA]       SYMBOLS USED IN COLUMN 16

AVERAGE MONTHLY: 67.5   TOTAL FOR MONTH:   2.49    1 = FOG OR MIST
DPTR FM NORMAL:   2.4   DPTR FM NORMAL:    1.35    2 = FOG REDUCING VISIBILITY
HIGHEST:    95 ON  5    GRTST 24HR  1.60 ON  3- 4      TO 1/4 MILE OR LESS
LOWEST:     38 ON 26                               3 = THUNDER
                        SNOW, ICE PELLETS, HAIL    4 = ICE PELLETS
                        TOTAL MONTH:    T          5 = HAIL
                        GRTST 24HR    T  ON  4- 4  6 = FREEZING RAIN OR DRIZZLE
                        GRTST DEPTH:   0           7 = DUSTSTORM OR SANDSTORM:
                                                       VSBY 1/2 MILE OR LESS
                                                   8 = SMOKE OR HAZE
[NO. OF DAYS WITH]      [WEATHER - DAYS WITH]      9 = BLOWING SNOW
                                                   X = TORNADO
MAX 32 OR BELOW:   0    0.01 INCH OR MORE:   8
MAX 90 OR ABOVE:   8    0.10 INCH OR MORE:   5
MIN 32 OR BELOW:   0    0.50 INCH OR MORE:   2
MIN  0 OR BELOW:   0    1.00 INCH OR MORE:   1

[HDD (BASE 65) ]
TOTAL THIS MO.    46    CLEAR  (SCALE 0-3)  18
DPTR FM NORMAL   -51    PTCLDY (SCALE 4-7)   9
TOTAL FM JUL 1    53    CLOUDY (SCALE 8-10)  1
DPTR FM NORMAL   -56

[CDD (BASE 65) ]
TOTAL THIS MO.   122
DPTR FM NORMAL    23    [PRESSURE DATA]
TOTAL FM JAN 1  1071    HIGHEST SLP M ON M
DPTR FM NORMAL   139    LOWEST  SLP 29.59 ON  4

[REMARKS]
