000
CXUS54 KHGX 221415
CF6GLS
PRELIMINARY LOCAL CLIMATOLOGICAL DATA (WS FORM: F-6)

                                          STATION:   GALVESTON
                                          MONTH:     MAY
                                          YEAR:      2015
                                          LATITUDE:   29 16 N
                                          LONGITUDE:  94 52 W

  TEMPERATURE IN F:       :PCPN:    SNOW:  WIND      :SUNSHINE: SKY     :PK WND
================================================================================
1   2   3   4   5  6A  6B    7    8   9   10  11  12  13   14  15   16   17  18
                                     12Z  AVG MX 2MIN
DY MAX MIN AVG DEP HDD CDD  WTR  SNW DPTH SPD SPD DIR MIN PSBL S-S WX    SPD DR
================================================================================

 1  81  65  73  -1   0   8 0.00  0.0    0  6.1 12 280   M    M   0        14 280
 2  79  66  73  -1   0   8 0.00  0.0    0  6.8 15 170   M    M   1        18 170
 3  80  70  75   1   0  10 0.00  0.0    0 12.6 18 130   M    M   2        22 150
 4  80  71  76   1   0  11 0.00  0.0    0 12.7 17 100   M    M   0        22 110
 5  82  73  78   3   0  13    T  0.0    0 17.4 25 110   M    M   5        31 110
 6  83  74  79   4   0  14 0.00  0.0    0 17.2 24 130   M    M   5 18     30 120
 7  82  75  79   3   0  14 0.00  0.0    0 14.3 22 130   M    M  10        26 140
 8  83  76  80   4   0  15 0.00  0.0    0 13.8 24 130   M    M  10 18     30 160
 9  84  77  81   5   0  16    T  0.0    0 18.1 35 140   M    M  10 18     41 130
10  83  77  80   4   0  15 0.00  0.0    0 18.9 25 150   M    M  10 18     34 130
11  84  73  79   3   0  14 0.38  0.0    0 14.3 28 110   M    M   9 13     35 110
12  80  71  76  -1   0  11 0.38  0.0    0 13.3 26 130   M    M   7 13     32 130
13  81  76  79   2   0  14 0.25  0.0    0 13.2 25 150   M    M   6 1      32 130
14  83  76  80   3   0  15 0.00  0.0    0 12.1 17 150   M    M   6        20 150
15  82  77  80   2   0  15    T  0.0    0 13.3 29 140   M    M   6        33 140
16  85  78  82   4   0  17 0.00  0.0    0 16.1 22 160   M    M   8 18     27 160
17  84  75  80   2   0  15 0.39  0.0    0 15.2 25 150   M    M  10 18     30 150
18  85  77  81   3   0  16 0.00  0.0    0 12.8 18 150   M    M   7        21 140
19  85  78  82   4   0  17 0.00  0.0    0 12.8 18 170   M    M   6        22 140
20  86  79  83   4   0  18 0.00  0.0    0 12.8 23 170   M    M   4        28 170
21  85  72  79   0   0  14 0.00  0.0    0 10.3 23  20   M    M   4 3      27  20
================================================================================
SM 1737 1556         0 290  1.40     0.0 284.1          M      126
================================================================================
AV 82.7 74.1                              13.5 FASTST   M    M   6    MAX(MPH)
                                 MISC ---->  # 35 140               # 41  130
================================================================================
NOTES:
# LAST OF SEVERAL OCCURRENCES

COLUMN 17 PEAK WIND IN M.P.H.

PRELIMINARY LOCAL CLIMATOLOGICAL DATA (WS FORM: F-6) , PAGE 2

                                          STATION:  GALVESTON
                                          MONTH:    MAY
                                          YEAR:     2015
                                          LATITUDE:   29 16 N
                                          LONGITUDE:  94 52 W

[TEMPERATURE DATA]      [PRECIPITATION DATA]       SYMBOLS USED IN COLUMN 16

AVERAGE MONTHLY: 78.4   TOTAL FOR MONTH:   1.40    1 = FOG OR MIST
DPTR FM NORMAL:   1.9   DPTR FM NORMAL:   -0.93    2 = FOG REDUCING VISIBILITY
HIGHEST:    86 ON 20    GRTST 24HR  0.55 ON 11-12      TO 1/4 MILE OR LESS
LOWEST:     65 ON  1                               3 = THUNDER
                        SNOW, ICE PELLETS, HAIL    4 = ICE PELLETS
                        TOTAL MONTH:   0.0 INCH    5 = HAIL
                        GRTST 24HR     0.0         6 = FREEZING RAIN OR DRIZZLE
                        GRTST DEPTH:   0           7 = DUSTSTORM OR SANDSTORM:
                                                       VSBY 1/2 MILE OR LESS
                                                   8 = SMOKE OR HAZE
[NO. OF DAYS WITH]      [WEATHER - DAYS WITH]      9 = BLOWING SNOW
                                                   X = TORNADO
MAX 32 OR BELOW:   0    0.01 INCH OR MORE:   4
MAX 90 OR ABOVE:   0    0.10 INCH OR MORE:   4
MIN 32 OR BELOW:   0    0.50 INCH OR MORE:   0
MIN  0 OR BELOW:   0    1.00 INCH OR MORE:   0

[HDD (BASE 65) ]
TOTAL THIS MO.     0    CLEAR  (SCALE 0-3)   4
DPTR FM NORMAL     0    PTCLDY (SCALE 4-7)  10
TOTAL FM JUL 1  1182    CLOUDY (SCALE 8-10)  7
DPTR FM NORMAL   173

[CDD (BASE 65) ]
TOTAL THIS MO.   290
DPTR FM NORMAL    47    [PRESSURE DATA]
TOTAL FM JAN 1   573    HIGHEST SLP M ON M
DPTR FM NORMAL    87    LOWEST  SLP 29.82 ON 15

[REMARKS]
