000
CXUS55 KLIX 251000
CF6GPT
PRELIMINARY LOCAL CLIMATOLOGICAL DATA (WS FORM: F-6)

                                          STATION:   GULFPORT
                                          MONTH:     MAY
                                          YEAR:      2015
                                          LATITUDE:   30 23 N
                                          LONGITUDE:  89  4 W

  TEMPERATURE IN F:       :PCPN:    SNOW:  WIND      :SUNSHINE: SKY     :PK WND
================================================================================
1   2   3   4   5  6A  6B    7    8   9   10  11  12  13   14  15   16   17  18
                                     12Z  AVG MX 2MIN
DY MAX MIN AVG DEP HDD CDD  WTR  SNW DPTH SPD SPD DIR MIN PSBL S-S WX    SPD DR
================================================================================

 1  83  55  69  -2   0   4 0.00  0.0    0  6.0 14 350   M    M   1        19  10
 2  78  52  65  -6   0   0 0.00  0.0    0  4.6 13 160   M    M   0        16 150
 3  78  55  67  -4   0   2    T  0.0    0  5.9 16 150   M    M   0        21 140
 4  81  65  73   2   0   8 0.05  0.0    0 12.3 24 140   M    M   3 1      28 130
 5  80  64  72   0   0   7 0.00  0.0    0 11.5 23 140   M    M   1        28 140
 6  80  64  72   0   0   7 0.00  0.0    0 10.1 22 110   M    M   4        28 120
 7  82  64  73   1   0   8 0.00  0.0    0  5.1 16 130   M    M   0        19 130
 8  83  65  74   2   0   9 0.00  0.0    0  4.7 16 150   M    M   1        22 130
 9  82  66  74   1   0   9 0.00  0.0    0  5.8 14 140   M    M   2        18 150
10  83  65  74   1   0   9 0.00  0.0    0  7.4 17 140   M    M   3        23 130
11  84  72  78   5   0  13 0.00  0.0    0  6.4 16 140   M    M   5        20 140
12  87  72  80   7   0  15 0.19  0.0    0  4.4 12 160   M    M   6        14 160
13  87  71  79   5   0  14 0.00  0.0    0  5.3 13 130   M    M   3        17 140
14  85  72  79   5   0  14 0.00  0.0    0  7.0 17 120   M    M   2        22 140
15  86  75  81   7   0  16 0.04  0.0    0 13.3 22 150   M    M   5 13     30 140
16  85  70  78   4   0  13 2.15  0.0    0 13.3 24 150   M    M   8 13     29 150
17  84  71  78   3   0  13 0.49  0.0    0 11.8 21 150   M    M   7 1      24 160
18  85  70  78   3   0  13 0.03  0.0    0  8.2 20 290   M    M   4 1      25 300
19  86  69  78   3   0  13 0.00  0.0    0  3.9 13 160   M    M   4 18     16 190
20  88  71  80   5   0  15    T  0.0    0  3.3 14  30   M    M   2 3      20 180
21  90  70  80   4   0  15 0.23  0.0    0  6.4 21 330   M    M   3 13     27 340
22  84  61  73  -3   0   8 0.00  0.0    0  6.4 17  20   M    M   7        23  20
23  85  67  76   0   0  11 0.00  0.0    0 10.4 21 140   M    M   0        28 110
24  88  75  82   6   0  17 0.18  0.0    0 18.5 29 160   M    M   6 13     37 150
================================================================================
SM 2014 1601         0 253  3.36     0.0 192.0          M       77
================================================================================
AV 83.9 66.7                               8.0 FASTST   M    M   3    MAX(MPH)
                                 MISC ---->  # 29 160               # 37  150
================================================================================
NOTES:
# LAST OF SEVERAL OCCURRENCES

COLUMN 17 PEAK WIND IN M.P.H.

PRELIMINARY LOCAL CLIMATOLOGICAL DATA (WS FORM: F-6) , PAGE 2

                                          STATION:  GULFPORT
                                          MONTH:    MAY
                                          YEAR:     2015
                                          LATITUDE:   30 23 N
                                          LONGITUDE:  89  4 W

[TEMPERATURE DATA]      [PRECIPITATION DATA]       SYMBOLS USED IN COLUMN 16

AVERAGE MONTHLY: 75.3   TOTAL FOR MONTH:   3.36    1 = FOG OR MIST
DPTR FM NORMAL:   1.8   DPTR FM NORMAL:   -0.21    2 = FOG REDUCING VISIBILITY
HIGHEST:    90 ON 21    GRTST 24HR  2.63 ON 16-17      TO 1/4 MILE OR LESS
LOWEST:     52 ON  2                               3 = THUNDER
                        SNOW, ICE PELLETS, HAIL    4 = ICE PELLETS
                        TOTAL MONTH:   0.0 INCH    5 = HAIL
                        GRTST 24HR     0.0         6 = FREEZING RAIN OR DRIZZLE
                        GRTST DEPTH:   0           7 = DUSTSTORM OR SANDSTORM:
                                                       VSBY 1/2 MILE OR LESS
                                                   8 = SMOKE OR HAZE
[NO. OF DAYS WITH]      [WEATHER - DAYS WITH]      9 = BLOWING SNOW
                                                   X = TORNADO
MAX 32 OR BELOW:   0    0.01 INCH OR MORE:   8
MAX 90 OR ABOVE:   1    0.10 INCH OR MORE:   5
MIN 32 OR BELOW:   0    0.50 INCH OR MORE:   1
MIN  0 OR BELOW:   0    1.00 INCH OR MORE:   1

[HDD (BASE 65) ]
TOTAL THIS MO.     0    CLEAR  (SCALE 0-3)  13
DPTR FM NORMAL     0    PTCLDY (SCALE 4-7)  11
TOTAL FM JUL 1  1636    CLOUDY (SCALE 8-10)  0
DPTR FM NORMAL    11

[CDD (BASE 65) ]
TOTAL THIS MO.   253
DPTR FM NORMAL    47    [PRESSURE DATA]
TOTAL FM JAN 1   544    HIGHEST SLP M ON M
DPTR FM NORMAL   194    LOWEST  SLP 29.95 ON M

[REMARKS]
