000
CXUS53 KGID 240730
CF6GRI
PRELIMINARY LOCAL CLIMATOLOGICAL DATA (WS FORM: F-6)

                                          STATION:   GRAND ISLAND NE
                                          MONTH:     MAY
                                          YEAR:      2017
                                          LATITUDE:   40 58 N
                                          LONGITUDE:  98 19 W

  TEMPERATURE IN F:       :PCPN:    SNOW:  WIND      :SUNSHINE: SKY     :PK WND
================================================================================
1   2   3   4   5  6A  6B    7    8   9   10  11  12  13   14  15   16   17  18
                                     12Z  AVG MX 2MIN
DY MAX MIN AVG DEP HDD CDD  WTR  SNW DPTH SPD SPD DIR MIN PSBL S-S WX    SPD DR
================================================================================

 1  64  32  48  -8  17   0 0.21  0.3    T 17.1 31 320   M    M   4 1      41 310
 2  64  39  52  -4  13   0 0.00  0.0    0  9.3 17 320   M    M   1        22 320
 3  64  40  52  -5  13   0    T  0.0    0 10.7 30 330   M    M   7        37 330
 4  70  39  55  -2  10   0 0.00  0.0    0 10.1 22  10   M    M   0        31  10
 5  78  39  59   1   6   0 0.00  0.0    0  6.1 13 240   M    M   0        19 240
 6  83  48  66   8   0   1 0.00  0.0    0  7.5 16 150   M    M   0        20  20
 7  87  51  69  11   0   4 0.00  0.0    0 15.9 28 170   M    M   0        38 150
 8  91  60  76  18   0  11    T  0.0    0 11.9 21 350   M    M   1 3      27 190
 9  78  56  67   8   0   2 0.00  0.0    0  9.4 22  60   M    M   1 8      26  40
10  61  51  56  -3   9   0 0.87  0.0    0 11.1 21  40   M    M   9 13     23  40
11  69  46  58  -2   7   0 0.00  0.0    0 11.1 23  20   M    M   3        28  10
12  74  42  58  -2   7   0 0.00  0.0    0  5.6 12 110   M    M   0        15 100
13  78  47  63   3   2   0 0.00  0.0    0 15.4 25 190   M    M   0        35 190
14  85  59  72  12   0   7 0.00  0.0    0 10.7 21 180   M    M   0        30 170
15  88  57  73  12   0   8 0.30  0.0    0 11.4 46 250   M    M   0 13     73 250
16  83  60  72  11   0   7 0.62  0.0    0  9.7 40 200   M    M   4 138    53 210
17  66  53  60  -2   5   0 1.61  0.0    0 14.8 40 290   M    M   8 13     51 280
18  55  50  53  -9  12   0 0.65  0.0    0 19.3 31  30   M    M  10 13     36  30
19  53  45  49 -13  16   0 0.63  0.0    0 17.7 31  70   M    M  10 13     37  60
20  48  39  44 -18  21   0 0.30  0.0    0 16.4 26  30   M    M  10 13     33  40
21  70  37  54  -9  11   0 0.00  0.0    0  8.9 18 290   M    M   0        24 290
22  75  52  64   1   1   0    T  0.0    0 12.3 28 340   M    M   3 3      33 340
23  59  45  52 -12  13   0 0.00  0.0    0 16.2 30 330   M    M   7        36 320
================================================================================
SM 1643 1087       163  40  5.19     0.3 278.6          M       78
================================================================================
AV 71.4 47.3                              12.1 FASTST   M    M   3    MAX(MPH)
                                 MISC ---->  # 46 250               # 73  250
================================================================================
NOTES:
# LAST OF SEVERAL OCCURRENCES

COLUMN 17 PEAK WIND IN M.P.H.

PRELIMINARY LOCAL CLIMATOLOGICAL DATA (WS FORM: F-6) , PAGE 2

                                          STATION:  GRAND ISLAND NE
                                          MONTH:    MAY
                                          YEAR:     2017
                                          LATITUDE:   40 58 N
                                          LONGITUDE:  98 19 W

[TEMPERATURE DATA]      [PRECIPITATION DATA]       SYMBOLS USED IN COLUMN 16

AVERAGE MONTHLY: 59.4   TOTAL FOR MONTH:   5.19    1 = FOG OR MIST
DPTR FM NORMAL:  -0.5   DPTR FM NORMAL:    1.99    2 = FOG REDUCING VISIBILITY
HIGHEST:    91 ON  8    GRTST 24HR  1.71 ON 30- 1      TO 1/4 MILE OR LESS
LOWEST:     32 ON  1                               3 = THUNDER
                        SNOW, ICE PELLETS, HAIL    4 = ICE PELLETS
                        TOTAL MONTH:   0.3 INCH    5 = HAIL
                        GRTST 24HR   0.3 ON  1- 1  6 = FREEZING RAIN OR DRIZZLE
                        GRTST DEPTH:   T           7 = DUSTSTORM OR SANDSTORM:
                                                       VSBY 1/2 MILE OR LESS
                                                   8 = SMOKE OR HAZE
[NO. OF DAYS WITH]      [WEATHER - DAYS WITH]      9 = BLOWING SNOW
                                                   X = TORNADO
MAX 32 OR BELOW:   0    0.01 INCH OR MORE:   8
MAX 90 OR ABOVE:   1    0.10 INCH OR MORE:   8
MIN 32 OR BELOW:   1    0.50 INCH OR MORE:   5
MIN  0 OR BELOW:   0    1.00 INCH OR MORE:   1

[HDD (BASE 65) ]
TOTAL THIS MO.   163    CLEAR  (SCALE 0-3)  13
DPTR FM NORMAL    14    PTCLDY (SCALE 4-7)   6
TOTAL FM JUL 1  5339    CLOUDY (SCALE 8-10)  4
DPTR FM NORMAL  -812

[CDD (BASE 65) ]
TOTAL THIS MO.    40
DPTR FM NORMAL     9    [PRESSURE DATA]
TOTAL FM JAN 1    45    HIGHEST SLP M ON M
DPTR FM NORMAL     3    LOWEST  SLP 29.31 ON 17

[REMARKS]
