000
CXUS53 KGID 300730
CF6GRI
PRELIMINARY LOCAL CLIMATOLOGICAL DATA (WS FORM: F-6)

                                          STATION:   GRAND ISLAND NE
                                          MONTH:     MARCH
                                          YEAR:      2017
                                          LATITUDE:   40 58 N
                                          LONGITUDE:  98 19 W

  TEMPERATURE IN F:       :PCPN:    SNOW:  WIND      :SUNSHINE: SKY     :PK WND
================================================================================
1   2   3   4   5  6A  6B    7    8   9   10  11  12  13   14  15   16   17  18
                                     12Z  AVG MX 2MIN
DY MAX MIN AVG DEP HDD CDD  WTR  SNW DPTH SPD SPD DIR MIN PSBL S-S WX    SPD DR
================================================================================

 1  47  22  35   1  30   0 0.00  0.0    0 14.2 39 310   M    M   1        47 320
 2  47  23  35   1  30   0 0.00  0.0    0 11.2 25 320   M    M   0        33 300
 3  59  22  41   7  24   0 0.00  0.0    0 11.6 28 180   M    M   0        35 160
 4  72  21  47  12  18   0 0.00  0.0    0 13.3 29 190   M    M   0        35 200
 5  73  44  59  24   6   0 0.00  0.0    0 16.0 25 180   M    M   2        36 170
 6  77  34  56  20   9   0 0.00  0.0    0 28.0 46 290   M    M   1        55 280
 7  55  29  42   6  23   0 0.00  0.0    0 18.7 37 290   M    M   1        49 280
 8  61  24  43   7  22   0 0.00  0.0    0  7.5 16 180   M    M   0        21 290
 9  51  25  38   1  27   0 0.00  0.0    0 14.0 29  20   M    M   0        35  20
10  30  18  24 -13  41   0 0.00  0.0    0 12.6 21  10   M    M   9        27  10
11  35  20  28 -10  37   0 0.00  0.0    0  7.5 15 100   M    M   9        19 110
12  48  19  34  -4  31   0    T  0.0    0 18.7 36 330   M    M   6        45 330
13  30  16  23 -15  42   0    T    T    0 16.8 38 320   M    M   6        47 330
14  26  17  22 -17  43   0 0.06  0.9    1  8.7 13 140   M    M  10        15 130
15  54  24  39   0  26   0 0.03  0.3    T 13.4 22 190   M    M   3 1      28 180
16  70  29  50  11  15   0 0.00  0.0    0 13.8 24 190   M    M   0        30 200
17  67  32  50  10  15   0 0.00  0.0    0 10.0 22 340   M    M   0        27 350
18  63  26  45   5  20   0 0.00  0.0    0  8.6 20 160   M    M   1        24 170
19  82  44  63  23   2   0 0.00  0.0    0  9.0 16 160   M    M   0        21 170
20  66  41  54  13  11   0 0.00  0.0    0 13.1 22  20   M    M   0        28  30
21  46  33  40  -1  25   0    T  0.0    0 14.1 25  40   M    M   5        33  50
22  57  31  44   2  21   0    T  0.0    0 14.4 24 160   M    M   8        32 160
23  74  46  60  18   5   0 0.04  0.0    0 17.3 56 200   M    M   6 138    70 210
24  58  39  49   7  16   0 0.26  0.0    0 18.2 28  20   M    M  10 1      35  10
25  41  35  38  -5  27   0    T  0.0    0 11.7 22 360   M    M  10 1      27  10
26  51  38  45   2  20   0 0.00  0.0    0  4.5 10  60   M    M  10 1      13  60
27  55  37  46   2  19   0 0.00  0.0    0  5.0 10  40   M    M   6 1      13  60
28  52  31  42  -2  23   0 0.12  0.0    0  8.7 15  90   M    M   7 12      M  M
29  44  36  40  -4  25   0 0.30  0.0    0 17.4 25  40   M    M  10 1      34  40
================================================================================
SM 1591  856       653   0  0.81     1.2 378.0          M      121
================================================================================
AV 54.9 29.5                              13.0 FASTST   M    M   4    MAX(MPH)
                                 MISC ---->  # 56 200               # 70  210
================================================================================
NOTES:
# LAST OF SEVERAL OCCURRENCES

COLUMN 17 PEAK WIND IN M.P.H.

PRELIMINARY LOCAL CLIMATOLOGICAL DATA (WS FORM: F-6) , PAGE 2

                                          STATION:  GRAND ISLAND NE
                                          MONTH:    MARCH
                                          YEAR:     2017
                                          LATITUDE:   40 58 N
                                          LONGITUDE:  98 19 W

[TEMPERATURE DATA]      [PRECIPITATION DATA]       SYMBOLS USED IN COLUMN 16

AVERAGE MONTHLY: 42.2   TOTAL FOR MONTH:   0.81    1 = FOG OR MIST
DPTR FM NORMAL:   3.2   DPTR FM NORMAL:   -0.83    2 = FOG REDUCING VISIBILITY
HIGHEST:    82 ON 19    GRTST 24HR  0.30 ON 29-29      TO 1/4 MILE OR LESS
LOWEST:     16 ON 13                               3 = THUNDER
                        SNOW, ICE PELLETS, HAIL    4 = ICE PELLETS
                        TOTAL MONTH:   1.2 INCHES  5 = HAIL
                        GRTST 24HR   0.9 ON   M    6 = FREEZING RAIN OR DRIZZLE
                        GRTST DEPTH:   1 ON 14     7 = DUSTSTORM OR SANDSTORM:
                                                       VSBY 1/2 MILE OR LESS
                                                   8 = SMOKE OR HAZE
[NO. OF DAYS WITH]      [WEATHER - DAYS WITH]      9 = BLOWING SNOW
                                                   X = TORNADO
MAX 32 OR BELOW:   3    0.01 INCH OR MORE:   6
MAX 90 OR ABOVE:   0    0.10 INCH OR MORE:   3
MIN 32 OR BELOW:  18    0.50 INCH OR MORE:   0
MIN  0 OR BELOW:   0    1.00 INCH OR MORE:   0

[HDD (BASE 65) ]
TOTAL THIS MO.   653    CLEAR  (SCALE 0-3)  14
DPTR FM NORMAL  -102    PTCLDY (SCALE 4-7)   7
TOTAL FM JUL 1  4719    CLOUDY (SCALE 8-10)  8
DPTR FM NORMAL  -797

[CDD (BASE 65) ]
TOTAL THIS MO.     0
DPTR FM NORMAL     0    [PRESSURE DATA]
TOTAL FM JAN 1     0    HIGHEST SLP M ON M
DPTR FM NORMAL     0    LOWEST  SLP 29.20 ON  6

[REMARKS]
