000
CXUS53 KGRR 241017
CF6GRR
PRELIMINARY LOCAL CLIMATOLOGICAL DATA (WS FORM: F-6)

                                          STATION:   GRAND RAPIDS
                                          MONTH:     MARCH
                                          YEAR:      2017
                                          LATITUDE:   42 52 N
                                          LONGITUDE:  85 31 W

  TEMPERATURE IN F:       :PCPN:    SNOW:  WIND      :SUNSHINE: SKY     :PK WND
================================================================================
1   2   3   4   5  6A  6B    7    8   9   10  11  12  13   14  15   16   17  18
                                     12Z  AVG MX 2MIN
DY MAX MIN AVG DEP HDD CDD  WTR  SNW DPTH SPD SPD DIR MIN PSBL S-S WX    SPD DR
================================================================================

 1  54  27  41  11  24   0 0.27  1.0    0 15.4 33 270  95   14   9 1      45 280
 2  32  23  28  -3  37   0 0.01  0.3    1 13.1 25 310 342   51   9 18     35 320
 3  27  16  22  -9  43   0 0.01  0.4    1 10.3 22 350 615   90   5 18     29 350
 4  34  14  24  -7  41   0 0.00  0.0    T  9.5 18 130 650   95   3        25 120
 5  49  25  37   5  28   0    T  0.0    0 12.7 20 150 384   57   7        26 160
 6  58  44  51  19  14   0    T  0.0    0 14.8 26 180   0    0  10 18     34 160
 7  59  40  50  18  15   0 0.14  0.0    0 21.2 36 240 406   59   6 13     43 260
 8  46  36  41   8  24   0 0.00  0.0    0 28.2 51 250 695  100   3        64 240
 9  41  30  36   3  29   0 0.00  0.0    0 10.4 25 270 294   42   8        33 270
10  30  16  23 -10  42   0    T    T    0 13.9 25 320 573   82   5        34 320
11  28  15  22 -12  43   0    T    T    0 10.8 21 330 589   84   7        30 310
12  30  12  21 -13  44   0    T    T    0  3.2 10 280 328   46   8        13 280
13  27  15  21 -13  44   0 0.26  2.5    2  9.7 17  90   3    0  10 18     21  90
14  26  12  19 -16  46   0    T    T    2 11.4 20 340 482   68   5 18     26  20
15  31  15  23 -12  42   0    T    T    1 11.5 25 310 393   55   3        33 310
16  41  15  28  -8  37   0 0.00  0.0    T  6.4 18 270 707   98   1        23 270
17  34  22  28  -8  37   0 0.22  0.5    0  8.4 16 170   0    0   8 18     20 150
18  40  34  37   1  28   0 0.08  0.0    0  9.7 16 300  12    2  10 12     21 320
19  49  34  42   5  23   0 0.00  0.0    0  6.0 16 170 474   65   9        20 160
20  58  36  47  10  18   0 0.11  0.0    0  7.0 15 160 532   73   8 138    18 140
21  51  24  38   1  27   0 0.00  0.0    0 12.8 24 350 714   97   3 1      35 340
22  37  18  28 -10  37   0 0.00  0.0    0  7.0 18  10 710   96   2        24  10
23  48  23  36  -2  29   0 0.24  0.0    0 10.7 22 160 426   58   7 3      26 160
================================================================================
SM  930  546       752   0  1.34     4.7 264.1         9424    146
================================================================================
AV 40.4 23.7                              11.5 FASTST  410  58   6    MAX(MPH)
                                 MISC ---->  # 51 250               # 64  240
================================================================================
NOTES:
# LAST OF SEVERAL OCCURRENCES

COLUMN 17 PEAK WIND IN M.P.H.

PRELIMINARY LOCAL CLIMATOLOGICAL DATA (WS FORM: F-6) , PAGE 2

                                          STATION:  GRAND RAPIDS
                                          MONTH:    MARCH
                                          YEAR:     2017
                                          LATITUDE:   42 52 N
                                          LONGITUDE:  85 31 W

[TEMPERATURE DATA]      [PRECIPITATION DATA]       SYMBOLS USED IN COLUMN 16

AVERAGE MONTHLY: 32.1   TOTAL FOR MONTH:   1.34    1 = FOG OR MIST
DPTR FM NORMAL:  -2.0   DPTR FM NORMAL:   -0.35    2 = FOG REDUCING VISIBILITY
HIGHEST:    59 ON  7    GRTST 24HR  0.27 ON  1- 1      TO 1/4 MILE OR LESS
LOWEST:     12 ON 14,12                            3 = THUNDER
                        SNOW, ICE PELLETS, HAIL    4 = ICE PELLETS
                        TOTAL MONTH:   4.7 INCHES  5 = HAIL
                        GRTST 24HR   2.5 ON 13-13  6 = FREEZING RAIN OR DRIZZLE
                        GRTST DEPTH:   2 ON 14,13  7 = DUSTSTORM OR SANDSTORM:
                                                       VSBY 1/2 MILE OR LESS
                                                   8 = SMOKE OR HAZE
[NO. OF DAYS WITH]      [WEATHER - DAYS WITH]      9 = BLOWING SNOW
                                                   X = TORNADO
MAX 32 OR BELOW:   8    0.01 INCH OR MORE:   9
MAX 90 OR ABOVE:   0    0.10 INCH OR MORE:   6
MIN 32 OR BELOW:  17    0.50 INCH OR MORE:   0
MIN  0 OR BELOW:   0    1.00 INCH OR MORE:   0

[HDD (BASE 65) ]
TOTAL THIS MO.   752    CLEAR  (SCALE 0-3)   5
DPTR FM NORMAL    41    PTCLDY (SCALE 4-7)  11
TOTAL FM JUL 1  4806    CLOUDY (SCALE 8-10)  7
DPTR FM NORMAL  -682

[CDD (BASE 65) ]
TOTAL THIS MO.     0
DPTR FM NORMAL     0    [PRESSURE DATA]
TOTAL FM JAN 1     0    HIGHEST SLP M ON M
DPTR FM NORMAL     0    LOWEST  SLP 29.34 ON  1

[REMARKS]
