000
CXUS53 KIWX 200800
CF6GSH
PRELIMINARY LOCAL CLIMATOLOGICAL DATA (WS FORM: F-6)

                                          STATION:   GOSHEN
                                          MONTH:     AUGUST
                                          YEAR:      2017
                                          LATITUDE:   41 31 N
                                          LONGITUDE:  85 47 W

  TEMPERATURE IN F:       :PCPN:    SNOW:  WIND      :SUNSHINE: SKY     :PK WND
================================================================================
1   2   3   4   5  6A  6B    7    8   9   10  11  12  13   14  15   16   17  18
                                     12Z  AVG MX 2MIN
DY MAX MIN AVG DEP HDD CDD  WTR  SNW DPTH SPD SPD DIR MIN PSBL S-S WX    SPD DR
================================================================================

 1  86  58  72   1   0   7 0.00  0.0    0  4.5 17 230   M    M   2 18     23 200
 2  86  59  73   2   0   8 0.00  0.0    0  3.7 13 240   M    M   1 18     17 250
 3  86  60  73   2   0   8 1.43  0.0    0  7.3 33 260   M    M   1 1238   45 260
 4  67  56  62  -9   3   0 0.23  0.0    0 13.6 24 250   M    M   8 138    31 240
 5  77  53  65  -6   0   0 0.00  0.0    0  7.6 16 250   M    M   3        21 270
 6  75  58  67  -4   0   2 0.00  0.0    0  3.1 13 210   M    M   1        16 230
 7  77  54  66  -5   0   1 0.01  0.0    0  4.7 16 360   M    M   3 18     20 350
 8  81  51  66  -5   0   1 0.00  0.0    0  4.3 14 300   M    M   2 12     21 280
 9  82  54  68  -3   0   3 0.00  0.0    0  2.5 12 210   M    M   0 1      13 200
10  81  55  68  -3   0   3 0.02  0.0    0  5.2 26 300   M    M   1 13     32 300
11  81  61  71   1   0   6 0.01  0.0    0  8.4 20 250   M    M   5 138    24 200
12  77  55  66  -4   0   1 0.00  0.0    0  6.9 17 320   M    M   3 12     22 330
13  79  52  66  -4   0   1 0.00  0.0    0  1.9  9 250   M    M   1 1      12 260
14  82  57  70   0   0   5 0.00  0.0    0  3.5 13 220   M    M   2 1      16 220
15  86  61  74   4   0   9    T  0.0    0  4.5 15 320   M    M   1 18     19 290
16  89  59  74   4   0   9    T  0.0    0  4.9 13 130   M    M   3 128    17 150
17  83  70  77   7   0  12 0.41  0.0    0 10.0 22 230   M    M   6 13     27 220
18  80  64  72   2   0   7 0.00  0.0    0  9.4 23 290   M    M   4        28 280
19  81  60  71   1   0   6 0.19  0.0    0  4.5 13 310   M    M   3 123    16 330
================================================================================
SM 1536 1097         3  89  2.30     0.0 110.5          M       50
================================================================================
AV 80.8 57.7                               5.8 FASTST   M    M   3    MAX(MPH)
                                 MISC ---->  # 33 260               # 45  260
================================================================================
NOTES:
# LAST OF SEVERAL OCCURRENCES

COLUMN 17 PEAK WIND IN M.P.H.

PRELIMINARY LOCAL CLIMATOLOGICAL DATA (WS FORM: F-6) , PAGE 2

                                          STATION:  GOSHEN
                                          MONTH:    AUGUST
                                          YEAR:     2017
                                          LATITUDE:   41 31 N
                                          LONGITUDE:  85 47 W

[TEMPERATURE DATA]      [PRECIPITATION DATA]       SYMBOLS USED IN COLUMN 16

AVERAGE MONTHLY: 69.3   TOTAL FOR MONTH:   2.30    1 = FOG OR MIST
DPTR FM NORMAL:  -1.2   DPTR FM NORMAL:   -0.62    2 = FOG REDUCING VISIBILITY
HIGHEST:    89 ON 16    GRTST 24HR  1.43 ON  3- 3      TO 1/4 MILE OR LESS
LOWEST:     51 ON  8                               3 = THUNDER
                        SNOW, ICE PELLETS, HAIL    4 = ICE PELLETS
                        TOTAL MONTH:   0.0 INCH    5 = HAIL
                        GRTST 24HR     0.0         6 = FREEZING RAIN OR DRIZZLE
                        GRTST DEPTH:   0           7 = DUSTSTORM OR SANDSTORM:
                                                       VSBY 1/2 MILE OR LESS
                                                   8 = SMOKE OR HAZE
[NO. OF DAYS WITH]      [WEATHER - DAYS WITH]      9 = BLOWING SNOW
                                                   X = TORNADO
MAX 32 OR BELOW:   0    0.01 INCH OR MORE:   7
MAX 90 OR ABOVE:   0    0.10 INCH OR MORE:   4
MIN 32 OR BELOW:   0    0.50 INCH OR MORE:   1
MIN  0 OR BELOW:   0    1.00 INCH OR MORE:   1

[HDD (BASE 65) ]
TOTAL THIS MO.     3    CLEAR  (SCALE 0-3)  12
DPTR FM NORMAL     3    PTCLDY (SCALE 4-7)   7
TOTAL FM JUL 1     3    CLOUDY (SCALE 8-10)  0
DPTR FM NORMAL    -3

[CDD (BASE 65) ]
TOTAL THIS MO.    89
DPTR FM NORMAL   -23    [PRESSURE DATA]
TOTAL FM JAN 1   553    HIGHEST SLP M ON M
DPTR FM NORMAL    19    LOWEST  SLP 29.70 ON 17

[REMARKS]
