000
CXGM50 PGUM 231850
CF6GSN
PRELIMINARY LOCAL CLIMATOLOGICAL DATA (WS FORM: F-6)

                                          STATION:   SAIPAN/ISLEY_(CGS) MP
                                          MONTH:     AUGUST
                                          YEAR:      2017
                                          LATITUDE:   15  7 N
                                          LONGITUDE: 145-44 E

  TEMPERATURE IN F:       :PCPN:    SNOW:  WIND      :SUNSHINE: SKY     :PK WND
================================================================================
1   2   3   4   5  6A  6B    7    8   9   10  11  12  13   14  15   16   17  18
                                     12Z  AVG MX 2MIN
DY MAX MIN AVG DEP HDD CDD  WTR  SNW DPTH SPD SPD DIR MIN PSBL S-S WX    SPD DR
================================================================================

 1  90  82  86   M   0  21    T  0.0    0 11.9 21 190   M    M   5        27 160
 2  90  82  86   M   0  21 0.16  0.0    0  6.9 14 220   M    M   5        20 210
 3  91  83  87   M   0  22    T  0.0    0  5.4 13 180   M    M   6        16 180
 4  92  80  86   M   0  21 0.14  0.0    0  2.9  9 160   M    M   6 138    21 150
 5  92  81  87   M   0  22 0.01  0.0    0  2.6 10 200   M    M   5        12 210
 6  92  83  88   M   0  23    T  0.0    0  4.5 12 180   M    M   3        15 180
 7  92  83  88   M   0  23    T  0.0    0  3.9 12 240   M    M   5 8      17 210
 8  94  84  89   M   0  24    T  0.0    0  3.8 13  50   M    M   6        15  50
 9  94  83  89   M   0  24 0.04  0.0    0  4.2 13  50   M    M   5 3      15 150
10  92  82  87   M   0  22    T  0.0    0  2.5 10 250   M    M   5        14 260
11  93  83  88   M   0  23 0.03  0.0    0  1.7 15  60   M    M   6        17  70
12  93  83  88   M   0  23 0.00  0.0    0  2.4  9 150   M    M   6        11 140
13  95  83  89   M   0  24 0.00  0.0    0  3.9 12  60   M    M   4        14 170
14  94  84  89   M   0  24 0.00  0.0    0  4.9 12 100   M    M   6        14  90
15  95  84  90   M   0  25 0.01  0.0    0  4.4  9 170   M    M   6         M  M
16  94  83  89   M   0  24    T  0.0    0  3.3 12 180   M    M   4        16 170
17  91  82  87   M   0  22 0.46  0.0    0  7.7 21 130   M    M   5        26 130
18  91  78  85   M   0  20 1.23  0.0    0  6.1 18  90   M    M   4 18     26 170
19  90  81  86   M   0  21 0.13  0.0    0  6.7 17 190   M    M   6        22 180
20  92  81  87   M   0  22 0.04  0.0    0  5.1 10 130   M    M   6 X      19 150
21  92  77  85   M   0  20 0.92  0.0    0  5.5 22  60   M    M   6 38     26  60
22  93  82  88   M   0  23 0.01  0.0    0  9.4 21  80   M    M   6        25  80
23  94  82  88   M   0  23 0.14  0.0    0  8.5 15 100   M    M   6        20 100
================================================================================
SM 2126 1886         0 517  3.32     0.0 118.2          M      122
================================================================================
AV 92.4 82.0                               5.1 FASTST   M    M   5    MAX(MPH)
                                 MISC ---->  # 22  60               # 27  160
================================================================================
NOTES:
# LAST OF SEVERAL OCCURRENCES

COLUMN 17 PEAK WIND IN M.P.H.

PRELIMINARY LOCAL CLIMATOLOGICAL DATA (WS FORM: F-6) , PAGE 2

                                          STATION:  SAIPAN/ISLEY_(CGS) MP
                                          MONTH:    AUGUST
                                          YEAR:     2017
                                          LATITUDE:   15  7 N
                                          LONGITUDE: 145-44 E

[TEMPERATURE DATA]      [PRECIPITATION DATA]       SYMBOLS USED IN COLUMN 16

AVERAGE MONTHLY: 87.2   TOTAL FOR MONTH:   3.32    1 = FOG OR MIST
DPTR FM NORMAL:     M   DPTR FM NORMAL:   -5.66    2 = FOG REDUCING VISIBILITY
HIGHEST:    95 ON 15,13 GRTST 24HR  1.23 ON 18-18      TO 1/4 MILE OR LESS
LOWEST:     77 ON 21                               3 = THUNDER
                        SNOW, ICE PELLETS, HAIL    4 = ICE PELLETS
                        TOTAL MONTH:   0.0 INCH    5 = HAIL
                        GRTST 24HR     0.0         6 = FREEZING RAIN OR DRIZZLE
                        GRTST DEPTH:   0           7 = DUSTSTORM OR SANDSTORM:
                                                       VSBY 1/2 MILE OR LESS
                                                   8 = SMOKE OR HAZE
[NO. OF DAYS WITH]      [WEATHER - DAYS WITH]      9 = BLOWING SNOW
                                                   X = TORNADO
MAX 32 OR BELOW:   0    0.01 INCH OR MORE:  13
MAX 90 OR ABOVE:  23    0.10 INCH OR MORE:   7
MIN 32 OR BELOW:   0    0.50 INCH OR MORE:   2
MIN  0 OR BELOW:   0    1.00 INCH OR MORE:   1

[HDD (BASE 65) ]
TOTAL THIS MO.     0    CLEAR  (SCALE 0-3)   0
DPTR FM NORMAL     M    PTCLDY (SCALE 4-7)  23
TOTAL FM JUL 1     0    CLOUDY (SCALE 8-10)  0
DPTR FM NORMAL     M

[CDD (BASE 65) ]
TOTAL THIS MO.   517
DPTR FM NORMAL     M    [PRESSURE DATA]
TOTAL FM JAN 1  4287    HIGHEST SLP M ON M
DPTR FM NORMAL     M    LOWEST  SLP 29.79 ON  1

[REMARKS]
