000
CXGM50 PGUM 271850
CF6GSN
PRELIMINARY LOCAL CLIMATOLOGICAL DATA (WS FORM: F-6)

                                          STATION:   SAIPAN/ISLEY_(CGS) MP
                                          MONTH:     AUGUST
                                          YEAR:      2014
                                          LATITUDE:   15  7 N
                                          LONGITUDE: 145-44 E

  TEMPERATURE IN F:       :PCPN:    SNOW:  WIND      :SUNSHINE: SKY     :PK WND
================================================================================
1   2   3   4   5  6A  6B    7    8   9   10  11  12  13   14  15   16   17  18
                                     12Z  AVG MX 2MIN
DY MAX MIN AVG DEP HDD CDD  WTR  SNW DPTH SPD SPD DIR MIN PSBL S-S WX    SPD DR
================================================================================

 1  87  78  83   M   0  18 0.00  0.0    0  4.8 12 140   M    M   1        15 110
 2  87  73  80   M   0  15 1.92  0.0    M  4.9 17 250   M    M   2 1      25 250
 3  85  75  80   M   0  15 0.21  0.0    M  6.1 13 270   M    M   M 1      17 240
 4  86  76  81   M   0  16 0.42  0.0    0  6.6 21 280   M    M   4 18     26 270
 5  87  77  82   M   0  17 0.22  0.0    0  6.4 14 350   M    M   2 1      18 340
 6  85  76  81   M   0  16 1.95  0.0    0  5.5 13 360   M    M   5 13     17 330
 7  88  79  84   M   0  19 0.00  0.0    0  7.6 13 150   M    M   3        17 160
 8  88  79  84   M   0  19 0.05  0.0    0  5.6 16 120   M    M   3 1      21 130
 9  88  79  84   M   0  19    T  0.0    0  5.2 12 110   M    M   3        16 100
10  89  78  84   M   0  19 0.54  0.0    0  6.8 15  80   M    M   3 1      18  70
11  88  78  83   M   0  18 0.66  0.0    0  8.5 22  90   M    M   3 18     29  90
12  86  78  82   M   0  17 0.41  0.0    0  7.3 16 160   M    M   5 1      22 190
13  88  80  84   M   0  19    T  0.0    0  5.4 12 180   M    M   4        18 190
14  86  77  82   M   0  17 0.25  0.0    0  4.6 23 160   M    M   3 1      32 150
15  87  76  82   M   0  17    T  0.0    0  6.0 16 110   M    M   2        21 120
16  88  79  84   M   0  19    T  0.0    0  4.0 14  50   M    M   2        18  70
17  89  77  83   M   0  18 0.04  0.0    0  5.5 21  50   M    M   3 138    26  10
18  89  78  84   M   0  19 0.14  0.0    0  8.4 21 150   M    M   2 1      29 140
19  87  79  83   M   0  18 0.02  0.0    0  6.4 13  60   M    M   3        15  60
20  88  80  84   M   0  19    T  0.0    0  7.2 15  80   M    M   1        18  70
21  88  78  83   M   0  18    T  0.0    0  3.5  8  80   M    M   2        10 200
22  89  79  84   M   0  19    T  0.0    0  4.8 12  90   M    M   3        17 150
23  89  78  84   M   0  19 0.01  0.0    0  5.4 14  80   M    M   2        17  70
24  89  79  84   M   0  19 0.04  0.0    0  8.2 16  40   M    M   2 1      21  80
25  88  78  83   M   0  18 0.15  0.0    0 10.2 21  80   M    M   2 138    26  80
26  90  80  85   M   0  20 0.28  0.0    0  8.8 22  90   M    M   3 138    25 110
27  90  79  85   M   0  20    T  0.0    0  8.5 15  90   M    M   3        18  90
================================================================================
SM 2369 2103         0 487  7.31     0.0 172.2          M       71
================================================================================
AV 87.7 77.9                               6.4 FASTST   M    M   3    MAX(MPH)
                                 MISC ---->  # 23 160               # 32  150
================================================================================
NOTES:
# LAST OF SEVERAL OCCURRENCES

COLUMN 17 PEAK WIND IN M.P.H.

PRELIMINARY LOCAL CLIMATOLOGICAL DATA (WS FORM: F-6) , PAGE 2

                                          STATION:  SAIPAN/ISLEY_(CGS) MP
                                          MONTH:    AUGUST
                                          YEAR:     2014
                                          LATITUDE:   15  7 N
                                          LONGITUDE: 145-44 E

[TEMPERATURE DATA]      [PRECIPITATION DATA]       SYMBOLS USED IN COLUMN 16

AVERAGE MONTHLY: 82.8   TOTAL FOR MONTH:   7.31    1 = FOG OR MIST
DPTR FM NORMAL:     M   DPTR FM NORMAL:   -3.28    2 = FOG REDUCING VISIBILITY
HIGHEST:    90 ON 27,26 GRTST 24HR  2.13 ON  2- 3      TO 1/4 MILE OR LESS
LOWEST:     73 ON  2                               3 = THUNDER
                        SNOW, ICE PELLETS, HAIL    4 = ICE PELLETS
                        TOTAL MONTH:   0.0 INCH    5 = HAIL
                        GRTST 24HR     0.0         6 = FREEZING RAIN OR DRIZZLE
                        GRTST DEPTH:   0           7 = DUSTSTORM OR SANDSTORM:
                                                       VSBY 1/2 MILE OR LESS
                                                   8 = SMOKE OR HAZE
[NO. OF DAYS WITH]      [WEATHER - DAYS WITH]      9 = BLOWING SNOW
                                                   X = TORNADO
MAX 32 OR BELOW:   0    0.01 INCH OR MORE:  17
MAX 90 OR ABOVE:   2    0.10 INCH OR MORE:  12
MIN 32 OR BELOW:   0    0.50 INCH OR MORE:   4
MIN  0 OR BELOW:   0    1.00 INCH OR MORE:   2

[HDD (BASE 65) ]
TOTAL THIS MO.     0    CLEAR  (SCALE 0-3)  21
DPTR FM NORMAL     M    PTCLDY (SCALE 4-7)   5
TOTAL FM JUL 1     0    CLOUDY (SCALE 8-10)  0
DPTR FM NORMAL     M

[CDD (BASE 65) ]
TOTAL THIS MO.   487
DPTR FM NORMAL     M    [PRESSURE DATA]
TOTAL FM JAN 1  4086    HIGHEST SLP M ON M
DPTR FM NORMAL     M    LOWEST  SLP 29.79 ON M

[REMARKS]
