000
CXUS52 KRAH 301345
CF6GSO
PRELIMINARY LOCAL CLIMATOLOGICAL DATA (WS FORM: F-6)

                                          STATION:   PIEDMONT TRIAD INTL AIRPORT NC
                                          MONTH:     APRIL
                                          YEAR:      2016
                                          LATITUDE:   36  4 N
                                          LONGITUDE:  79 57 W

  TEMPERATURE IN F:       :PCPN:    SNOW:  WIND      :SUNSHINE: SKY     :PK WND
================================================================================
1   2   3   4   5  6A  6B    7    8   9   10  11  12  13   14  15   16   17  18
                                     12Z  AVG MX 2MIN
DY MAX MIN AVG DEP HDD CDD  WTR  SNW DPTH SPD SPD DIR MIN PSBL S-S WX    SPD DR
================================================================================

 1  74  63  69  14   0   4 0.06  0.0    0 13.7 25 240   M    M  10 138    33 240
 2  71  54  63   8   2   0 0.01  0.0    0 14.3 29 300   M    M   6 1      37 290
 3  63  40  52  -3  13   0 0.00  0.0    0 10.9 26 300   M    M   0        36 320
 4  76  46  61   5   4   0    T  0.0    0 11.5 24 220   M    M   2        30 250
 5  62  39  51  -5  14   0 0.00  0.0    0  8.8 18  40   M    M   1        26  40
 6  60  32  46 -10  19   0 0.00  0.0    0  9.1 20 220   M    M   5        24 220
 7  69  48  59   3   6   0 0.37  0.0    0 15.6 33 280   M    M   7 1      41 260
 8  61  39  50  -7  15   0 0.01  0.0    0  8.1 29 320   M    M   4        39 290
 9  50  34  42 -15  23   0    T  0.0    0 13.8 36 300   M    M   4        47 300
10  60  29  45 -12  20   0 0.00  0.0    0  6.2 14 220   M    M   4        18 180
11  73  45  59   1   6   0 0.00  0.0    0 13.0 24 230   M    M   9        33 210
12  70  49  60   2   5   0 0.12    M    0  7.1 18 210   M    M   8 1      25 210
13  64  45  55  -3  10   0 0.00  0.0    0  7.8 20  70   M    M   4        28  80
14  66  41  54  -4  11   0 0.00  0.0    0  7.1 16  80   M    M   4        20  90
15  66  41  54  -5  11   0 0.00  0.0    0  9.2 20  60   M    M   6        25  80
16  69  39  54  -5  11   0 0.00  0.0    0  5.9 14  60   M    M   5        20  80
17  74  40  57  -2   8   0 0.00  0.0    0  3.4 14  50   M    M   0        18  70
18  86  47  67   7   0   2 0.00  0.0    0  3.2  9 240   M    M   0        14  10
19  87  55  71  11   0   6 0.00  0.0    0  5.8 20 290   M    M   8        26 290
20  75  58  67   7   0   2 0.00  0.0    0  9.3 20  60   M    M   5        24  70
21  77  58  68   8   0   3 0.00  0.0    0 10.2 20 210   M    M  10 8      23 200
22  69  59  64   4   1   0 0.40  0.0    0  6.6 21 310   M    M  10 1      28 290
23  77  55  66   5   0   1 0.02  0.0    0  7.1 16 340   M    M   5 1      24 310
24  74  50  62   1   3   0 0.00  0.0    0  4.7 13  70   M    M   1        18 200
25  81  53  67   6   0   2 0.00  0.0    0  9.0 20 220   M    M   4 1      25 210
26  84  60  72  10   0   7 0.00  0.0    0 10.7 17 250   M    M   2        23 260
27  86  62  74  12   0   9 0.62  0.0    0  5.3 17 200   M    M   8 138    24 210
28  83  64  74  12   0   9 0.44  0.0    0  4.9 21 210   M    M   7 138    26 210
29  82  59  71   9   0   6 0.00  0.0    0  5.8 15  30   M    M   8 128    20 320
================================================================================
SM 2089 1404       182  51  2.05     0.0 248.1          M      147
================================================================================
AV 72.0 48.4                               8.6 FASTST   M    M   5    MAX(MPH)
                                 MISC ---->  # 36 300               # 47  300
================================================================================
NOTES:
# LAST OF SEVERAL OCCURRENCES

COLUMN 17 PEAK WIND IN M.P.H.

PRELIMINARY LOCAL CLIMATOLOGICAL DATA (WS FORM: F-6) , PAGE 2

                                          STATION:  PIEDMONT TRIAD INTL AIRPORT NC
                                          MONTH:    APRIL
                                          YEAR:     2016
                                          LATITUDE:   36  4 N
                                          LONGITUDE:  79 57 W

[TEMPERATURE DATA]      [PRECIPITATION DATA]       SYMBOLS USED IN COLUMN 16

AVERAGE MONTHLY: 60.2   TOTAL FOR MONTH:   2.05    1 = FOG OR MIST
DPTR FM NORMAL:   1.6   DPTR FM NORMAL:   -1.42    2 = FOG REDUCING VISIBILITY
HIGHEST:    87 ON 19    GRTST 24HR  1.06 ON 27-28      TO 1/4 MILE OR LESS
LOWEST:     29 ON 10                               3 = THUNDER
                        SNOW, ICE PELLETS, HAIL    4 = ICE PELLETS
                        TOTAL MONTH:   0.0 INCH    5 = HAIL
                        GRTST 24HR     0.0         6 = FREEZING RAIN OR DRIZZLE
                        GRTST DEPTH:   0           7 = DUSTSTORM OR SANDSTORM:
                                                       VSBY 1/2 MILE OR LESS
                                                   8 = SMOKE OR HAZE
[NO. OF DAYS WITH]      [WEATHER - DAYS WITH]      9 = BLOWING SNOW
                                                   X = TORNADO
MAX 32 OR BELOW:   0    0.01 INCH OR MORE:   9
MAX 90 OR ABOVE:   0    0.10 INCH OR MORE:   5
MIN 32 OR BELOW:   2    0.50 INCH OR MORE:   1
MIN  0 OR BELOW:   0    1.00 INCH OR MORE:   0

[HDD (BASE 65) ]
TOTAL THIS MO.   182    CLEAR  (SCALE 0-3)   7
DPTR FM NORMAL   -34    PTCLDY (SCALE 4-7)  18
TOTAL FM JUL 1  2836    CLOUDY (SCALE 8-10)  4
DPTR FM NORMAL  -705

[CDD (BASE 65) ]
TOTAL THIS MO.    51
DPTR FM NORMAL    16    [PRESSURE DATA]
TOTAL FM JAN 1    77    HIGHEST SLP M ON M
DPTR FM NORMAL    37    LOWEST  SLP 29.52 ON  2

[REMARKS]
