000
CXUS52 KGSP 010817
CF6GSP
PRELIMINARY LOCAL CLIMATOLOGICAL DATA (WS FORM: F-6)

                                          STATION:   GREENVILLE-SPARTANBURG SC
                                          MONTH:     APRIL
                                          YEAR:      2016
                                          LATITUDE:   34 54 N
                                          LONGITUDE:  82 13 W

  TEMPERATURE IN F:       :PCPN:    SNOW:  WIND      :SUNSHINE: SKY     :PK WND
================================================================================
1   2   3   4   5  6A  6B    7    8   9   10  11  12  13   14  15   16   17  18
                                     12Z  AVG MX 2MIN
DY MAX MIN AVG DEP HDD CDD  WTR  SNW DPTH SPD SPD DIR MIN PSBL S-S WX    SPD DR
================================================================================

 1  70  62  66   9   0   1 0.55  0.0    0 11.9 22 200   M    M   7 13     28 210
 2  71  51  61   4   4   0 0.02  0.0    0 10.7 25 260   M    M   3 1      32 250
 3  69  44  57   0   8   0 0.00  0.0    0  7.4 17  10   M    M   0        26  20
 4  77  43  60   2   5   0 0.00  0.0    0 10.7 24 220   M    M   0        32 200
 5  64  44  54  -4  11   0 0.00  0.0    0  8.0 22 350   M    M   0        31 360
 6  59  35  47 -11  18   0 0.00  0.0    0  5.8 18 170   M    M   1 3      27 180
 7  73  48  61   3   4   0 0.43  0.0    0 13.4 28 250   M    M   7 13     36 280
 8  64  45  55  -4  10   0 0.00  0.0    0  7.4 20 240   M    M   4        27 280
 9  59  41  50  -9  15   0 0.00  0.0    0 10.2 22 270   M    M   0        32 270
10  58  31  45 -14  20   0 0.00  0.0    0  4.2 13 200   M    M   1        17 210
11  71  40  56  -3   9   0 0.01  0.0    0  6.1 18 210   M    M   8        25 220
12  75  57  66   6   0   1 0.07  0.0    0  6.1 17  50   M    M   7 1      21  40
13  66  52  59  -1   6   0 0.00  0.0    0  8.2 21  50   M    M   3        27  50
14  69  50  60   0   5   0 0.00  0.0    0  7.3 14  70   0    0   0        19  90
15  66  46  56  -4   9   0 0.00  0.0    0  9.3 23  50   M    M   0        30  50
16  69  45  57  -4   8   0 0.00  0.0    0  8.0 18  20   M    M   2        24  70
17  75  42  59  -2   6   0 0.00  0.0    0  4.0 15  90   M    M   0        19  90
18  84  44  64   3   1   0 0.00  0.0    0  3.3 12 120   M    M   0        17 120
19  87  52  70   9   0   5 0.00  0.0    0  5.0 12 210   M    M   0        17 240
20  80  61  71   9   0   6 0.00  0.0    0  7.4 20  60   M    M   0        29  40
21  79  57  68   6   0   3 0.00  0.0    0  7.7 20 190   M    M   4 1      24 190
22  69  58  64   2   1   0 0.33  0.0    0  4.8 14 190   M    M   8 123    17 200
23  77  52  65   3   0   0 0.00  0.0    0  3.6 14  20   M    M   4 12     21  10
24  78  49  64   1   1   0 0.00  0.0    0  3.8 12  60   M    M   0        15  50
25  80  53  67   4   0   2 0.00  0.0    0  8.2 18 210   M    M   1        26 200
26  84  60  72   9   0   7 0.00  0.0    0  9.0 18 210   M    M   2        23 200
27  86  63  75  11   0  10 0.00  0.0    0  9.8 22 210   M    M   1        29 200
28  84  66  75  11   0  10 0.00  0.0    0 10.5 24 210   M    M   1        32 200
29  87  58  73   9   0   8 0.00  0.0    0  5.1 14 200   M    M   0        21 350
30  81  61  71   7   0   6 0.91  0.0    0  7.8 15  50   M    M   2 13     20  50
================================================================================
SM 2211 1510       141  59  2.32     0.0 224.7            0     66
================================================================================
AV 73.7 50.3                               7.5 FASTST    0   0   2    MAX(MPH)
                                 MISC ---->  # 28 250               # 36  280
================================================================================
NOTES:
# LAST OF SEVERAL OCCURRENCES

COLUMN 17 PEAK WIND IN M.P.H.

PRELIMINARY LOCAL CLIMATOLOGICAL DATA (WS FORM: F-6) , PAGE 2

                                          STATION:  GREENVILLE-SPARTANBURG SC
                                          MONTH:    APRIL
                                          YEAR:     2016
                                          LATITUDE:   34 54 N
                                          LONGITUDE:  82 13 W

[TEMPERATURE DATA]      [PRECIPITATION DATA]       SYMBOLS USED IN COLUMN 16

AVERAGE MONTHLY: 62.0   TOTAL FOR MONTH:   2.32    1 = FOG OR MIST
DPTR FM NORMAL:   1.5   DPTR FM NORMAL:   -1.04    2 = FOG REDUCING VISIBILITY
HIGHEST:    87 ON 29,19 GRTST 24HR  0.91 ON 30-30      TO 1/4 MILE OR LESS
LOWEST:     31 ON 10                               3 = THUNDER
                        SNOW, ICE PELLETS, HAIL    4 = ICE PELLETS
                        TOTAL MONTH:   0.0 INCH    5 = HAIL
                        GRTST 24HR     0.0         6 = FREEZING RAIN OR DRIZZLE
                        GRTST DEPTH:   0           7 = DUSTSTORM OR SANDSTORM:
                                                       VSBY 1/2 MILE OR LESS
                                                   8 = SMOKE OR HAZE
[NO. OF DAYS WITH]      [WEATHER - DAYS WITH]      9 = BLOWING SNOW
                                                   X = TORNADO
MAX 32 OR BELOW:   0    0.01 INCH OR MORE:   7
MAX 90 OR ABOVE:   0    0.10 INCH OR MORE:   4
MIN 32 OR BELOW:   1    0.50 INCH OR MORE:   2
MIN  0 OR BELOW:   0    1.00 INCH OR MORE:   0

[HDD (BASE 65) ]
TOTAL THIS MO.   141    CLEAR  (SCALE 0-3)  20
DPTR FM NORMAL   -32    PTCLDY (SCALE 4-7)   9
TOTAL FM JUL 1  2464    CLOUDY (SCALE 8-10)  1
DPTR FM NORMAL  -542

[CDD (BASE 65) ]
TOTAL THIS MO.    59
DPTR FM NORMAL    19    [PRESSURE DATA]
TOTAL FM JAN 1    85    HIGHEST SLP 30.42 ON 17
DPTR FM NORMAL    37    LOWEST  SLP 29.63 ON  7

[REMARKS]
#FINAL-04-16#
