000
CXUS51 KGYX 281000
CF6GYX
PRELIMINARY LOCAL CLIMATOLOGICAL DATA (WS FORM: F-6)

                                          STATION:   GRAY ME
                                          MONTH:     AUGUST
                                          YEAR:      2014
                                          LATITUDE:   43 53 N
                                          LONGITUDE:  70 15 W

  TEMPERATURE IN F:       :PCPN:    SNOW:  WIND      :SUNSHINE: SKY     :PK WND
================================================================================
1   2   3   4   5  6A  6B    7    8   9   10  11  12  13   14  15   16   17  18
                                     12Z  AVG MX 2MIN
DY MAX MIN AVG DEP HDD CDD  WTR  SNW DPTH SPD SPD DIR MIN PSBL S-S WX    SPD DR
================================================================================

 1  77  60  69  -1   0   4 0.00  0.0    0   M   M   M   M    M   M         M  M
 2  74  59  67  -3   0   2 0.01  0.0    0   M   M   M   M    M   M         M  M
 3  74  56  65  -5   0   0 0.00  0.0    0   M   M   M   M    M   M         M  M
 4  77  55  66  -4   0   1    T  0.0    0   M   M   M   M    M   M         M  M
 5  80  63  72   2   0   7 0.96  0.0    0   M   M   M   M    M   M         M  M
 6  78  60  69  -1   0   4 0.25  0.0    0   M   M   M   M    M   M         M  M
 7  72  57  65  -5   0   0 0.01  0.0    0   M   M   M   M    M   M         M  M
 8  80  58  69  -1   0   4 0.00  0.0    0   M   M   M   M    M   M         M  M
 9  80  61  71   1   0   6 0.37  0.0    0   M   M   M   M    M   M         M  M
10  79  61  70   0   0   5 0.00  0.0    0   M   M   M   M    M   M         M  M
11  82  59  71   2   0   6    T  0.0    0   M   M   M   M    M   M         M  M
12  75  60  68  -1   0   3 0.02  0.0    0   M   M   M   M    M   M         M  M
13  64  61  63  -6   2   0 4.91  0.0    0   M   M   M   M    M   M         M  M
14  75  58  67  -2   0   2 0.06  0.0    0   M   M   M   M    M   M         M  M
15  69  53  61  -8   4   0    T  0.0    0   M   M   M   M    M   M         M  M
16  72  55  64  -5   1   0 0.00  0.0    0   M   M   M   M    M   M         M  M
17  73  58  66  -3   0   1 0.02  0.0    0   M   M   M   M    M   M         M  M
18  72  55  64  -5   1   0 0.03  0.0    0   M   M   M   M    M   M         M  M
19  72  55  64  -5   1   0 0.00  0.0    0   M   M   M   M    M   M         M  M
20  77  56  67  -1   0   2 0.00  0.0    0   M   M   M   M    M   M         M  M
21  75  57  66  -2   0   1 0.05  0.0    0   M   M   M   M    M   M         M  M
22  70  57  64  -4   1   0 0.04  0.0    0   M   M   M   M    M   M         M  M
23  71  56  64  -4   1   0 0.00  0.0    0   M   M   M   M    M   M         M  M
24  82  54  68   0   0   3 0.00  0.0    0   M   M   M   M    M   M         M  M
25  87  63  75   7   0  10 0.00  0.0    M   M   M   M   M    M   M         M  M
26  83  60  72   5   0   7 0.00  0.0    0   M   M   M   M    M   M         M  M
27  86  62  74   7   0   9 0.07  0.0    0   M   M   M   M    M   M         M  M
================================================================================
SM 2056 1569        11  77  6.80     0.0     M          M        M
================================================================================
AV 76.1 58.1                                 M FASTST   M    M   5    MAX(MPH)
                                 MISC ---->     M   M                  M    M
================================================================================
NOTES:
# LAST OF SEVERAL OCCURRENCES

COLUMN 17 PEAK WIND IN M.P.H.

PRELIMINARY LOCAL CLIMATOLOGICAL DATA (WS FORM: F-6) , PAGE 2

                                          STATION:  GRAY ME
                                          MONTH:    AUGUST
                                          YEAR:     2014
                                          LATITUDE:   43 53 N
                                          LONGITUDE:  70 15 W

[TEMPERATURE DATA]      [PRECIPITATION DATA]       SYMBOLS USED IN COLUMN 16

AVERAGE MONTHLY: 67.1   TOTAL FOR MONTH:   6.80    1 = FOG OR MIST
DPTR FM NORMAL:  -1.9   DPTR FM NORMAL:    3.69    2 = FOG REDUCING VISIBILITY
HIGHEST:    87 ON 25    GRTST 24HR  4.91 ON 13-13      TO 1/4 MILE OR LESS
LOWEST:     53 ON 15                               3 = THUNDER
                        SNOW, ICE PELLETS, HAIL    4 = ICE PELLETS
                        TOTAL MONTH:   0.0 INCH    5 = HAIL
                        GRTST 24HR     0.0         6 = FREEZING RAIN OR DRIZZLE
                        GRTST DEPTH:   0           7 = DUSTSTORM OR SANDSTORM:
                                                       VSBY 1/2 MILE OR LESS
                                                   8 = SMOKE OR HAZE
[NO. OF DAYS WITH]      [WEATHER - DAYS WITH]      9 = BLOWING SNOW
                                                   X = TORNADO
MAX 32 OR BELOW:   0    0.01 INCH OR MORE:  13
MAX 90 OR ABOVE:   0    0.10 INCH OR MORE:   4
MIN 32 OR BELOW:   0    0.50 INCH OR MORE:   2
MIN  0 OR BELOW:   0    1.00 INCH OR MORE:   1

[HDD (BASE 65) ]
TOTAL THIS MO.    11    CLEAR  (SCALE 0-3)   0
DPTR FM NORMAL    -4    PTCLDY (SCALE 4-7)   0
TOTAL FM JUL 1    11    CLOUDY (SCALE 8-10)  0
DPTR FM NORMAL   -18

[CDD (BASE 65) ]
TOTAL THIS MO.    77
DPTR FM NORMAL   -45    [PRESSURE DATA]
TOTAL FM JAN 1   305    HIGHEST SLP M ON M
DPTR FM NORMAL   -43    LOWEST  SLP M ON M

[REMARKS]
