580
CXUS54 KJAN 211200
CF6HBG
PRELIMINARY LOCAL CLIMATOLOGICAL DATA (WS FORM: F-6)

                                          STATION:   HATTIESBURG
                                          MONTH:     JANUARY
                                          YEAR:      2018
                                          LATITUDE:   31 16 N
                                          LONGITUDE:  89 15 W

  TEMPERATURE IN F:       :PCPN:    SNOW:  WIND      :SUNSHINE: SKY     :PK WND
================================================================================
1   2   3   4   5  6A  6B    7    8   9   10  11  12  13   14  15   16   17  18
                                     12Z  AVG MX 2MIN
DY MAX MIN AVG DEP HDD CDD  WTR  SNW DPTH SPD SPD DIR MIN PSBL S-S WX    SPD DR
================================================================================

 1  33  21  27 -22  38   0 0.00  0.0    0 11.7 21  10   M    M   0        27  10
 2  39  17  28 -21  37   0 0.00  0.0    0   M   M   M   M    M   1         M  M
 3  43  25  34 -15  31   0 0.00  0.0    0  6.1 18 300   M    M   5        25 300
 4  45  20  33 -16  32   0 0.00  0.0    0  5.6 16 300   M    M   0        20 290
 5  50  23  37 -12  28   0 0.00  0.0    0  1.3  8  60   M    M   0        10  60
 6  57  22  40  -9  25   0 0.00  0.0    0  1.1  8  70   M    M   0        10  80
 7  59  28  44  -5  21   0 0.13  0.0    0  7.8 22 140   M    M   5 1      26 120
 8  61  44  53   4  12   0 0.98  0.0    0  8.6 16 120   M    M  10 1      22 120
 9  58  51  55   6  10   0    T  0.0    0  3.5  9 350   M    M  10 12     12  20
10  68  53  61  12   4   0 0.00  0.0    0  4.3 14 130   M    M   9 12     17 130
11  73  56  65  16   0   0 0.24  0.0    0  8.6 28 310   M    M   9 1      34 300
12  56  30  43  -6  22   0 0.30    T    0 12.4 22 310   M    M  10 1      31 320
13  38  28  33 -16  32   0 0.00  0.0    0 10.2 17 360   M    M   6        23  20
14  49  23  36 -12  29   0 0.00  0.0    0  3.8 10  10   M    M   0        13  10
15  59  24  42  -6  23   0 0.00  0.0    0  0.9 10 170   M    M   0        13 170
16  44  22  33 -15  32   0 0.10  1.5    0 10.2 18 330   M    M   8 1      25 340
17  33  12  23 -25  42   0 0.00  0.0    2  9.3 17 360   M    M   1        24 360
18  45  15  30 -18  35   0 0.00  0.0    0  3.3 10 310   M    M   0        13 320
19  60  22  41  -7  24   0 0.00  0.0    0  1.9  9 110   M    M   4        11 110
20  69  38  54   6  11   0 0.00  0.0    0  4.8 15 170   M    M   4        22 180
================================================================================
SM 1039  574       488   0  1.75     1.5 115.4          M       82
================================================================================
AV 52.0 28.7                               6.1 FASTST   M    M   4    MAX(MPH)
                                 MISC ---->  # 28 310               # 34  300
================================================================================
NOTES:
# LAST OF SEVERAL OCCURRENCES

COLUMN 17 PEAK WIND IN M.P.H.

PRELIMINARY LOCAL CLIMATOLOGICAL DATA (WS FORM: F-6) , PAGE 2

                                          STATION:  HATTIESBURG
                                          MONTH:    JANUARY
                                          YEAR:     2018
                                          LATITUDE:   31 16 N
                                          LONGITUDE:  89 15 W

[TEMPERATURE DATA]      [PRECIPITATION DATA]       SYMBOLS USED IN COLUMN 16

AVERAGE MONTHLY: 40.3   TOTAL FOR MONTH:   1.75    1 = FOG OR MIST
DPTR FM NORMAL:  -8.3   DPTR FM NORMAL:   -1.82    2 = FOG REDUCING VISIBILITY
HIGHEST:    73 ON 11    GRTST 24HR  0.98 ON  8- 8      TO 1/4 MILE OR LESS
LOWEST:     12 ON 17                               3 = THUNDER
                        SNOW, ICE PELLETS, HAIL    4 = ICE PELLETS
                        TOTAL MONTH:   1.5 INCHES  5 = HAIL
                        GRTST 24HR   1.5 ON 16-16  6 = FREEZING RAIN OR DRIZZLE
                        GRTST DEPTH:   2 ON 17     7 = DUSTSTORM OR SANDSTORM:
                                                       VSBY 1/2 MILE OR LESS
                                                   8 = SMOKE OR HAZE
[NO. OF DAYS WITH]      [WEATHER - DAYS WITH]      9 = BLOWING SNOW
                                                   X = TORNADO
MAX 32 OR BELOW:   0    0.01 INCH OR MORE:   5
MAX 90 OR ABOVE:   0    0.10 INCH OR MORE:   5
MIN 32 OR BELOW:  15    0.50 INCH OR MORE:   1
MIN  0 OR BELOW:   0    1.00 INCH OR MORE:   0

[HDD (BASE 65) ]
TOTAL THIS MO.   488    CLEAR  (SCALE 0-3)   9
DPTR FM NORMAL   155    PTCLDY (SCALE 4-7)   6
TOTAL FM JUL 1  1279    CLOUDY (SCALE 8-10)  5
DPTR FM NORMAL   161

[CDD (BASE 65) ]
TOTAL THIS MO.     0
DPTR FM NORMAL     0    [PRESSURE DATA]
TOTAL FM JAN 1     0    HIGHEST SLP M ON M
DPTR FM NORMAL     0    LOWEST  SLP 29.64 ON 12

[REMARKS]
