000
CXUS54 KOUN 200700
CF6HBR
PRELIMINARY LOCAL CLIMATOLOGICAL DATA (WS FORM: F-6)

                                          STATION:   HOBART
                                          MONTH:     FEBRUARY
                                          YEAR:      2018
                                          LATITUDE:   35  0 N
                                          LONGITUDE:  99  3 W

  TEMPERATURE IN F:       :PCPN:    SNOW:  WIND      :SUNSHINE: SKY     :PK WND
================================================================================
1   2   3   4   5  6A  6B    7    8   9   10  11  12  13   14  15   16   17  18
                                     12Z  AVG MX 2MIN
DY MAX MIN AVG DEP HDD CDD  WTR  SNW DPTH SPD SPD DIR MIN PSBL S-S WX    SPD DR
================================================================================

 1  53  32  43   3  22   0 0.00  0.0    0 19.7 30  40   M    M   0        37  40
 2  51  26  39  -1  26   0 0.00  0.0    0 10.0 20 190   M    M   0        24 170
 3  60  34  47   7  18   0 0.00  0.0    0 13.4 33 180   M    M   0        39 180
 4  45  18  32  -8  33   0 0.00  0.0    0 17.3 37  20   M    M   1        43  20
 5  48  12  30 -10  35   0 0.00  0.0    0 10.8 26 230   M    M   1        34 200
 6  35  19  27 -13  38   0 0.00  0.0    0 12.6 24  50   M    M   5        29  40
 7  47  17  32  -8  33   0 0.00  0.0    0  8.6 20  30   M    M   0        25  30
 8  60  21  41   0  24   0 0.00  0.0    0 14.6 26 190   M    M   0        32 190
 9  65  29  47   6  18   0 0.00  0.0    0 15.7 24  40   M    M   0        30  40
10  29  19  24 -17  41   0 0.00  0.0    0 18.4 30  30   M    M   8        35  20
11  42  17  30 -11  35   0 0.00  0.0    0 10.2 24  10   M    M   3        29  10
12  50  11  31 -11  34   0 0.00  0.0    0  8.7 20  80   M    M   1        23  80
13  53  23  38  -4  27   0 0.00  0.0    0  9.8 17 180   M    M   4 1      20 200
14  77  40  59  17   6   0 0.00  0.0    0 17.1 23 210   M    M   4 12     27 180
15  79  56  68  26   0   3 0.00  0.0    0 12.2 26 360   M    M   2        33 360
16  61  36  49   7  16   0 0.03  0.0    0 17.3 35  20   M    M   6        45  20
17  60  35  48   5  17   0 0.24  0.0    0 10.4 25  40   M    M   3 1      29  40
18  67  36  52   9  13   0 0.00  0.0    0 18.8 31 180   M    M   1 18     37 170
19  77  61  69  26   0   4 0.04  0.0    0 20.6 30 190   M    M   2 3      35 180
================================================================================
SM 1059  542       436   7  0.31     0.0 266.2          M       41
================================================================================
AV 55.7 28.5                              14.0 FASTST   M    M   2    MAX(MPH)
                                 MISC ---->  # 37  20               # 45   20
================================================================================
NOTES:
# LAST OF SEVERAL OCCURRENCES

COLUMN 17 PEAK WIND IN M.P.H.

PRELIMINARY LOCAL CLIMATOLOGICAL DATA (WS FORM: F-6) , PAGE 2

                                          STATION:  HOBART
                                          MONTH:    FEBRUARY
                                          YEAR:     2018
                                          LATITUDE:   35  0 N
                                          LONGITUDE:  99  3 W

[TEMPERATURE DATA]      [PRECIPITATION DATA]       SYMBOLS USED IN COLUMN 16

AVERAGE MONTHLY: 42.1   TOTAL FOR MONTH:   0.31    1 = FOG OR MIST
DPTR FM NORMAL:   0.9   DPTR FM NORMAL:   -0.35    2 = FOG REDUCING VISIBILITY
HIGHEST:    79 ON 15    GRTST 24HR  0.24 ON 17-17      TO 1/4 MILE OR LESS
LOWEST:     11 ON 12                               3 = THUNDER
                        SNOW, ICE PELLETS, HAIL    4 = ICE PELLETS
                        TOTAL MONTH:   0.0 INCH    5 = HAIL
                        GRTST 24HR     0.0         6 = FREEZING RAIN OR DRIZZLE
                        GRTST DEPTH:   0           7 = DUSTSTORM OR SANDSTORM:
                                                       VSBY 1/2 MILE OR LESS
                                                   8 = SMOKE OR HAZE
[NO. OF DAYS WITH]      [WEATHER - DAYS WITH]      9 = BLOWING SNOW
                                                   X = TORNADO
MAX 32 OR BELOW:   1    0.01 INCH OR MORE:   3
MAX 90 OR ABOVE:   0    0.10 INCH OR MORE:   1
MIN 32 OR BELOW:  12    0.50 INCH OR MORE:   0
MIN  0 OR BELOW:   0    1.00 INCH OR MORE:   0

[HDD (BASE 65) ]
TOTAL THIS MO.   436    CLEAR  (SCALE 0-3)  14
DPTR FM NORMAL   -15    PTCLDY (SCALE 4-7)   5
TOTAL FM JUL 1  2464    CLOUDY (SCALE 8-10)  0
DPTR FM NORMAL  -293

[CDD (BASE 65) ]
TOTAL THIS MO.     7
DPTR FM NORMAL     7    [PRESSURE DATA]
TOTAL FM JAN 1     7    HIGHEST SLP M ON M
DPTR FM NORMAL     7    LOWEST  SLP 29.68 ON 19

[REMARKS]
