000
CXUS53 KGID 270730
CF6HDE
PRELIMINARY LOCAL CLIMATOLOGICAL DATA (WS FORM: F-6)

                                          STATION:   HOLDREGE
                                          MONTH:     MAY
                                          YEAR:      2015
                                          LATITUDE:   40 27 N
                                          LONGITUDE:  99 20 W

  TEMPERATURE IN F:       :PCPN:    SNOW:  WIND      :SUNSHINE: SKY     :PK WND
================================================================================
1   2   3   4   5  6A  6B    7    8   9   10  11  12  13   14  15   16   17  18
                                     12Z  AVG MX 2MIN
DY MAX MIN AVG DEP HDD CDD  WTR  SNW DPTH SPD SPD DIR MIN PSBL S-S WX    SPD DR
================================================================================

 1  77  53  65  10   0   0 0.00    M    M  6.5 10 330   M    M   3        17 330
 2  85  56  71  16   0   6 0.00    M    M 10.1 16 200   M    M   1        24 210
 3  88  53  71  15   0   6 0.00    M    M 11.2 24  20   M    M   1        30  20
 4  61  53  57   1   8   0 0.11    M    M 13.6 25  30   M    M   9 13     31  30
 5  76  54  65   9   0   0 0.18    M    M 11.0 22 150   M    M   9 123    31 150
 6  71  58  65   8   0   0 0.08    M    M 14.4 20 170   M    M   9 3      27 160
 7  69  50  60   3   5   0 0.00    M    M 11.9 16 360   M    M   5        23 250
 8  68  43  56  -1   9   0 0.00    M    M  9.8 18  90   M    M   4        20  10
 9  62  50  56  -2   9   0 0.15    M    M 17.0 24  70   M    M  10 13     33  70
10  62  38  50  -8  15   0 0.01    M    M 18.6 24 220   M    M   6        31 290
11  56  34  45 -13  20   0 0.00    M    M 17.0 28 310   M    M   4        38 300
12  70  32  51  -8  14   0 0.00    M    M 14.5 29 170   M    M   0        38 180
13  68  47  58  -1   7   0 0.33    M    M 18.4 28 170   M    M   4        37 180
14  74  53  64   5   1   0 0.02    M    M  6.2 10 150   M    M   6 1       M  M
15  77  57  67   7   0   2 0.31    M    M 14.6 24 150   M    M   3 3      30 140
16  71  53  62   2   3   0 0.21    M    M 15.3 25 160   M    M   3 3      33 180
17  78  51  65   5   0   0 0.01    M    M  9.9 22 300   M    M   3 3      30 300
18  63  44  54  -6  11   0 0.00    M    M 11.2 17 360   M    M   2        24 350
19  46  40  43 -18  22   0 0.59    M    M 12.2 25  50   M    M   8 1      29  50
20  50  38  44 -17  21   0    T    M    M  8.9 13  10   M    M   8 1      16 340
21  63  36  50 -12  15   0 0.00    M    M  4.3  8 160   M    M   0         M  M
22  53  44  49 -13  16   0 0.30    M    M 10.5 20 140   M    M   7 1      24 140
23  60  52  56  -6   9   0 0.03    M    M 13.0 20  90   M    M  10 1      23 160
24  65  56  61  -2   4   0 0.01    M    M  5.3 12 110   M    M   9 13      M  M
25  75  52  64   1   1   0 0.03    M    M  8.2 15 250   M    M   3 3      20 250
26  71  53  62  -1   3   0 0.00    M    M  9.4 15 340   M    M   4        24 310
================================================================================
SM 1759 1250       193  14  2.37    M    303.0          M      131
================================================================================
AV 67.7 48.1                              11.7 FASTST   M    M   5    MAX(MPH)
                                 MISC ---->    29   M               # 38  300
================================================================================
NOTES:
# LAST OF SEVERAL OCCURRENCES

COLUMN 17 PEAK WIND IN M.P.H.

PRELIMINARY LOCAL CLIMATOLOGICAL DATA (WS FORM: F-6) , PAGE 2

                                          STATION:  HOLDREGE
                                          MONTH:    MAY
                                          YEAR:     2015
                                          LATITUDE:   40 27 N
                                          LONGITUDE:  99 20 W

[TEMPERATURE DATA]      [PRECIPITATION DATA]       SYMBOLS USED IN COLUMN 16

AVERAGE MONTHLY: 57.9   TOTAL FOR MONTH:   2.37    1 = FOG OR MIST
DPTR FM NORMAL:  -1.2   DPTR FM NORMAL:   -1.35    2 = FOG REDUCING VISIBILITY
HIGHEST:    88 ON  3    GRTST 24HR  0.59 ON 19-19      TO 1/4 MILE OR LESS
LOWEST:     32 ON 12                               3 = THUNDER
                        SNOW, ICE PELLETS, HAIL    4 = ICE PELLETS
                        TOTAL MONTH:    M          5 = HAIL
                        GRTST 24HR    M  ON   M    6 = FREEZING RAIN OR DRIZZLE
                        GRTST DEPTH:  M  ON   M    7 = DUSTSTORM OR SANDSTORM:
                                                       VSBY 1/2 MILE OR LESS
                                                   8 = SMOKE OR HAZE
[NO. OF DAYS WITH]      [WEATHER - DAYS WITH]      9 = BLOWING SNOW
                                                   X = TORNADO
MAX 32 OR BELOW:   0    0.01 INCH OR MORE:  15
MAX 90 OR ABOVE:   0    0.10 INCH OR MORE:   8
MIN 32 OR BELOW:   1    0.50 INCH OR MORE:   1
MIN  0 OR BELOW:   0    1.00 INCH OR MORE:   0

[HDD (BASE 65) ]
TOTAL THIS MO.   193    CLEAR  (SCALE 0-3)   7
DPTR FM NORMAL     9    PTCLDY (SCALE 4-7)  12
TOTAL FM JUL 1  5807    CLOUDY (SCALE 8-10)  7
DPTR FM NORMAL  -413

[CDD (BASE 65) ]
TOTAL THIS MO.    14
DPTR FM NORMAL   -18    [PRESSURE DATA]
TOTAL FM JAN 1    17    HIGHEST SLP M ON M
DPTR FM NORMAL   -22    LOWEST  SLP M ON M

[REMARKS]
