000
CXUS54 KEWX 230910
CF6HDO
PRELIMINARY LOCAL CLIMATOLOGICAL DATA (WS FORM: F-6)

                                          STATION:   HONDO
                                          MONTH:     APRIL
                                          YEAR:      2014
                                          LATITUDE:   29 21 N
                                          LONGITUDE:  99 10 W

  TEMPERATURE IN F:       :PCPN:    SNOW:  WIND      :SUNSHINE: SKY     :PK WND
================================================================================
1   2   3   4   5  6A  6B    7    8   9   10  11  12  13   14  15   16   17  18
                                     12Z  AVG MX 2MIN
DY MAX MIN AVG DEP HDD CDD  WTR  SNW DPTH SPD SPD DIR MIN PSBL S-S WX    SPD DR
================================================================================

 1  91  67  79  14   0  14 0.00    M    M 12.8 23 140   M    M   7        28 140
 2  91  73  82  16   0  17    T    M    M 11.8 21 160   M    M   7 18     24 160
 3  90  73  82  16   0  17    T    M    M  8.7 18  10   M    M   5 3      22  10
 4  81  62  72   6   0   7    T    M    M 13.2 30  20   M    M   3 3      36  20
 5  69  58  64  -2   1   0    T    M    M 11.1 18 120   M    M   8        23  80
 6  75  49  62  -4   3   0 0.02    M    M  8.4 21 360   M    M   7 18     24 360
 7  81  43  62  -5   3   0 0.08    M    M  8.3 32 290   M    M   1 1238   45 290
 8  86  44  65  -2   0   0 0.00    M    M 10.1 25 330   M    M   0        32 350
 9  91  43  67   0   0   2 0.00    M    M  9.6 21 150   M    M   0        26 130
10  95  51  73   6   0   8 0.00    M    M 12.4 23 140   M    M   0        30 160
11  93  59  76   8   0  11 0.00    M    M 10.6 24 140   M    M   2        30 140
12  91  67  79  11   0  14 0.00    M    M 13.9 26 140   M    M   5        33 140
13  90  71  81  13   0  16 0.00    M    M 10.5 21 150   M    M   5        25 150
14  75  48  62  -6   3   0 0.89    M    M 17.7 40  10   M    M   5 138    49 360
15  69  38  54 -15  11   0 0.00    M    M  7.0 17  10   M    M   0        23  10
16  78  38  58 -11   7   0 0.00    M    M 11.3 22 160   M    M   0        26 140
17  79  59  69   0   0   4 0.00    M    M 10.7 18  80   M    M   8        24 160
18  83  63  73   4   0   8 0.00    M    M  7.6 16 120   M    M   5        19 120
19  84  55  70   0   0   5 0.00    M    M  9.8 21 140   M    M   4 18     25 140
20  74  67  71   1   0   6 0.01    M    M  8.7 17 160   M    M  10 18     21 140
21  86  66  76   6   0  11 0.00    M    M  7.6 20 340   M    M   7        23 360
22  95  60  78   8   0  13 0.00    M    M  8.0 20 350   M    M   0        24 350
================================================================================
SM 1847 1254        28 153  1.00    M    229.8          M       89
================================================================================
AV 84.0 57.0                              10.4 FASTST   M    M   4    MAX(MPH)
                                 MISC ---->  # 40  10               # 49  360
================================================================================
NOTES:
# LAST OF SEVERAL OCCURRENCES

COLUMN 17 PEAK WIND IN M.P.H.

PRELIMINARY LOCAL CLIMATOLOGICAL DATA (WS FORM: F-6) , PAGE 2

                                          STATION:  HONDO
                                          MONTH:    APRIL
                                          YEAR:     2014
                                          LATITUDE:   29 21 N
                                          LONGITUDE:  99 10 W

[TEMPERATURE DATA]      [PRECIPITATION DATA]       SYMBOLS USED IN COLUMN 16

AVERAGE MONTHLY: 70.5   TOTAL FOR MONTH:   1.00    1 = FOG OR MIST
DPTR FM NORMAL:   2.7   DPTR FM NORMAL:   -0.32    2 = FOG REDUCING VISIBILITY
HIGHEST:    95 ON 22,10 GRTST 24HR  0.89 ON 14-14      TO 1/4 MILE OR LESS
LOWEST:     38 ON 16,15                            3 = THUNDER
                        SNOW, ICE PELLETS, HAIL    4 = ICE PELLETS
                        TOTAL MONTH:    M          5 = HAIL
                        GRTST 24HR    M  ON   M    6 = FREEZING RAIN OR DRIZZLE
                        GRTST DEPTH:  M  ON   M    7 = DUSTSTORM OR SANDSTORM:
                                                       VSBY 1/2 MILE OR LESS
                                                   8 = SMOKE OR HAZE
[NO. OF DAYS WITH]      [WEATHER - DAYS WITH]      9 = BLOWING SNOW
                                                   X = TORNADO
MAX 32 OR BELOW:   0    0.01 INCH OR MORE:   4
MAX 90 OR ABOVE:   9    0.10 INCH OR MORE:   1
MIN 32 OR BELOW:   0    0.50 INCH OR MORE:   1
MIN  0 OR BELOW:   0    1.00 INCH OR MORE:   0

[HDD (BASE 65) ]
TOTAL THIS MO.    28    CLEAR  (SCALE 0-3)   8
DPTR FM NORMAL   -11    PTCLDY (SCALE 4-7)  12
TOTAL FM JUL 1  1580    CLOUDY (SCALE 8-10)  2
DPTR FM NORMAL    -1

[CDD (BASE 65) ]
TOTAL THIS MO.   153
DPTR FM NORMAL    53    [PRESSURE DATA]
TOTAL FM JAN 1   269    HIGHEST SLP M ON M
DPTR FM NORMAL    91    LOWEST  SLP 29.61 ON 13

[REMARKS]
