000
CXUS56 KPQR 201200
CF6HIO
PRELIMINARY LOCAL CLIMATOLOGICAL DATA (WS FORM: F-6)

                                          STATION:   HILLSBORO OR
                                          MONTH:     OCTOBER
                                          YEAR:      2017
                                          LATITUDE:   45 32 N
                                          LONGITUDE: 122 57 W

  TEMPERATURE IN F:       :PCPN:    SNOW:  WIND      :SUNSHINE: SKY     :PK WND
================================================================================
1   2   3   4   5  6A  6B    7    8   9   10  11  12  13   14  15   16   17  18
                                     12Z  AVG MX 2MIN
DY MAX MIN AVG DEP HDD CDD  WTR  SNW DPTH SPD SPD DIR MIN PSBL S-S WX    SPD DR
================================================================================

 1  67  41  54  -2  11   0 0.02    M    M  4.5 17 310   M    M   6 12     21 300
 2  65  41  53  -3  12   0    T    M    0  4.4 14  40   M    M   5        19  50
 3  70  39  55   0  10   0 0.00  0.0    0  4.9 15  70   M    M   0        21  60
 4  72  36  54  -1  11   0 0.00  0.0    0  2.0  8 330   M    M   0 8      11  60
 5  75  36  56   1   9   0 0.00  0.0    0  1.5  9 100   M    M   0        12  50
 6  73  37  55   1  10   0 0.00  0.0    0  4.8 15 260   M    M   3        19 240
 7  64  48  56   2   9   0 0.03    M    0  6.6 18 280   M    M   8 1      23 290
 8  65  39  52  -2  13   0 0.01    M    0  2.3 10  70   M    M   6 12     14  60
 9  68  34  51  -2  14   0 0.00  0.0    0  2.2  9  80   M    M   0 1      12  80
10  55  36  46  -7  19   0 0.05    M    0  2.0  9 340   M    M   5 128    11 330
11  59  36  48  -5  17   0 0.13    M    0  4.3 16 280   M    M   7 128    22 280
12  58  40  49  -3  16   0 0.25    M    0  5.8 15 310   M    M   8 12     20 310
13  57  34  46  -6  19   0 0.06    M    0  3.3 16 300   M    M   6 1238   21 310
14  59  32  46  -6  19   0 0.00  0.0    0  1.4  7 350   M    M   4 12      9 320
15  69  33  51  -1  14   0 0.00  0.0    0  0.4  5 310   M    M   0 18      7  70
16  67  35  51   0  14   0 0.00  0.0    0  0.7  6  40   M    M   3 128     8 140
17  55  37  46  -5  19   0 0.02    M    0  1.5  9 350   M    M   9 12     11 340
18  64  47  56   5   9   0 0.02    M    0  7.6 21 170   M    M   9 1      26 170
19  58  49  54   4  11   0 0.88    M    0  9.8 16 200   M    M  10 1      22 180
================================================================================
SM 1220  730       256   0  1.47     0.0  70.0          M       89
================================================================================
AV 64.2 38.4                               3.7 FASTST   M    M   5    MAX(MPH)
                                 MISC ---->  # 21 170               # 26  170
================================================================================
NOTES:
# LAST OF SEVERAL OCCURRENCES

COLUMN 17 PEAK WIND IN M.P.H.

PRELIMINARY LOCAL CLIMATOLOGICAL DATA (WS FORM: F-6) , PAGE 2

                                          STATION:  HILLSBORO OR
                                          MONTH:    OCTOBER
                                          YEAR:     2017
                                          LATITUDE:   45 32 N
                                          LONGITUDE: 122 57 W

[TEMPERATURE DATA]      [PRECIPITATION DATA]       SYMBOLS USED IN COLUMN 16

AVERAGE MONTHLY: 51.3   TOTAL FOR MONTH:   1.47    1 = FOG OR MIST
DPTR FM NORMAL:  -1.8   DPTR FM NORMAL:   -0.17    2 = FOG REDUCING VISIBILITY
HIGHEST:    75 ON  5    GRTST 24HR  0.88 ON 19-19      TO 1/4 MILE OR LESS
LOWEST:     32 ON 14                               3 = THUNDER
                        SNOW, ICE PELLETS, HAIL    4 = ICE PELLETS
                        TOTAL MONTH:   0.0 INCH    5 = HAIL
                        GRTST 24HR     0.0         6 = FREEZING RAIN OR DRIZZLE
                        GRTST DEPTH:   0           7 = DUSTSTORM OR SANDSTORM:
                                                       VSBY 1/2 MILE OR LESS
                                                   8 = SMOKE OR HAZE
[NO. OF DAYS WITH]      [WEATHER - DAYS WITH]      9 = BLOWING SNOW
                                                   X = TORNADO
MAX 32 OR BELOW:   0    0.01 INCH OR MORE:  10
MAX 90 OR ABOVE:   0    0.10 INCH OR MORE:   3
MIN 32 OR BELOW:   1    0.50 INCH OR MORE:   1
MIN  0 OR BELOW:   0    1.00 INCH OR MORE:   0

[HDD (BASE 65) ]
TOTAL THIS MO.   256    CLEAR  (SCALE 0-3)   7
DPTR FM NORMAL    30    PTCLDY (SCALE 4-7)   9
TOTAL FM JUL 1   376    CLOUDY (SCALE 8-10)  3
DPTR FM NORMAL  -112

[CDD (BASE 65) ]
TOTAL THIS MO.     0
DPTR FM NORMAL     0    [PRESSURE DATA]
TOTAL FM JAN 1   496    HIGHEST SLP M ON M
DPTR FM NORMAL   299    LOWEST  SLP 29.57 ON 19

[REMARKS]
