000
CXUS56 KPQR 011200
CF6HIO
PRELIMINARY LOCAL CLIMATOLOGICAL DATA (WS FORM: F-6)

                                          STATION:   HILLSBORO OR
                                          MONTH:     AUGUST
                                          YEAR:      2015
                                          LATITUDE:   45 32 N
                                          LONGITUDE: 122 57 W

  TEMPERATURE IN F:       :PCPN:    SNOW:  WIND      :SUNSHINE: SKY     :PK WND
================================================================================
1   2   3   4   5  6A  6B    7    8   9   10  11  12  13   14  15   16   17  18
                                     12Z  AVG MX 2MIN
DY MAX MIN AVG DEP HDD CDD  WTR  SNW DPTH SPD SPD DIR MIN PSBL S-S WX    SPD DR
================================================================================

 1 100  51  76   9   0  11 0.00  0.0    0  6.0 16 320   M    M   0        20 300
 2  81  58  70   3   0   5    T  0.0    0  4.3 13 170   M    M   0        18 220
 3  83  60  72   5   0   7 0.00  0.0    0  5.2 17 310   M    M   0        22 320
 4  83  51  67   0   0   2 0.00  0.0    0  8.3 22 330   M    M   0        28 320
 5  78  52  65  -2   0   0 0.00  0.0    0  6.7 20 320   M    M   3        25 320
 6  80  48  64  -3   1   0 0.00  0.0    0  5.5 14 300   M    M   2        19  10
 7  87  53  70   3   0   5 0.00  0.0    0  7.5 17 310   M    M   0        20 320
 8  81  53  67   0   0   2 0.00  0.0    0  5.8 16 250   M    M   5        21 260
 9  85  50  68   1   0   3 0.00  0.0    0  3.8 15 230   M    M   2        20 210
10  84  61  73   6   0   8 0.00  0.0    0  3.9 14 300   M    M   2 8      19 160
11  90  60  75   9   0  10 0.00  0.0    0  3.6 13 340   M    M   0        17 350
12  90  57  74   8   0   9 0.00  0.0    0  3.6 14 300   M    M   0        16 300
13  88  59  74   8   0   9 0.00  0.0    0  4.8 15 300   M    M   3 8      18 290
14  74  61  68   2   0   3    T  0.0    0  7.3 15 190   M    M   9 3      20 200
15  77  56  67   1   0   2 0.00  0.0    0  5.3 15 330   M    M   5        19 350
16  84  50  67   1   0   2 0.00  0.0    0  7.0 18 310   M    M   0        25 320
17  90  53  72   6   0   7 0.00  0.0    0  6.5 15 310   M    M   0        20 310
18  98  52  75   9   0  10 0.00  0.0    0  4.3 10 300   M    M   0 8      14  20
19  98  57  78  12   0  13 0.00  0.0    0  7.8 25 300   M    M   0        32 310
20  81  56  69   3   0   4 0.00  0.0    0  6.6 21 330   M    M   2        26 330
21  80  52  66   0   0   1 0.00  0.0    0  6.9 17 320   M    M   4        23 330
22  85  47  66   1   0   1 0.00  0.0    0  5.9 16  80   M    M   7 8      22  80
23  89  51  70   5   0   5 0.00  0.0    0  5.3 16 330   M    M   7 8      20 340
24  83  49  66   1   0   1 0.00  0.0    0  6.3 16 320   M    M   0 8      21 330
25  85  46  66   1   0   1 0.00  0.0    0  2.7 12  60   M    M   0        13  60
26  88  49  69   4   0   4 0.00  0.0    0  2.9 18 290   M    M   0        24 290
27  89  50  70   5   0   5 0.00  0.0    0  2.8 10 280   M    M   0        13 280
28  78  60  69   5   0   4 0.02  0.0    0  3.1 14 230   M    M   6        17 220
29  73  60  67   3   0   2 0.27    M    0 13.4 28 180   M    M   9 13     41 220
30  73  58  66   2   0   1 0.26    M    M  8.7 17 270   M    M   9 1      22 260
31  73  57  65   1   0   0 0.00    M    M  6.9 14 310   M    M   8        19 220
================================================================================
SM 2608 1677         1 137  0.55     0.0 178.7          M       83
================================================================================
AV 84.1 54.1                               5.8 FASTST   M    M   3    MAX(MPH)
                                 MISC ---->  # 28 180               # 41  220
================================================================================
NOTES:
# LAST OF SEVERAL OCCURRENCES

COLUMN 17 PEAK WIND IN M.P.H.

PRELIMINARY LOCAL CLIMATOLOGICAL DATA (WS FORM: F-6) , PAGE 2

                                          STATION:  HILLSBORO OR
                                          MONTH:    AUGUST
                                          YEAR:     2015
                                          LATITUDE:   45 32 N
                                          LONGITUDE: 122 57 W

[TEMPERATURE DATA]      [PRECIPITATION DATA]       SYMBOLS USED IN COLUMN 16

AVERAGE MONTHLY: 69.1   TOTAL FOR MONTH:   0.55    1 = FOG OR MIST
DPTR FM NORMAL:   3.2   DPTR FM NORMAL:   -0.08    2 = FOG REDUCING VISIBILITY
HIGHEST:   100 ON  1    GRTST 24HR  0.41 ON 29-30      TO 1/4 MILE OR LESS
LOWEST:     46 ON 25                               3 = THUNDER
                        SNOW, ICE PELLETS, HAIL    4 = ICE PELLETS
                        TOTAL MONTH:   0.0 INCH    5 = HAIL
                        GRTST 24HR     0.0         6 = FREEZING RAIN OR DRIZZLE
                        GRTST DEPTH:   0           7 = DUSTSTORM OR SANDSTORM:
                                                       VSBY 1/2 MILE OR LESS
                                                   8 = SMOKE OR HAZE
[NO. OF DAYS WITH]      [WEATHER - DAYS WITH]      9 = BLOWING SNOW
                                                   X = TORNADO
MAX 32 OR BELOW:   0    0.01 INCH OR MORE:   3
MAX 90 OR ABOVE:   6    0.10 INCH OR MORE:   2
MIN 32 OR BELOW:   0    0.50 INCH OR MORE:   0
MIN  0 OR BELOW:   0    1.00 INCH OR MORE:   0

[HDD (BASE 65) ]
TOTAL THIS MO.     1    CLEAR  (SCALE 0-3)  21
DPTR FM NORMAL   -50    PTCLDY (SCALE 4-7)   6
TOTAL FM JUL 1    13    CLOUDY (SCALE 8-10)  4
DPTR FM NORMAL   -94

[CDD (BASE 65) ]
TOTAL THIS MO.   137
DPTR FM NORMAL    60    [PRESSURE DATA]
TOTAL FM JAN 1   478    HIGHEST SLP 30.25 ON 15
DPTR FM NORMAL   300    LOWEST  SLP 29.54 ON 29

[REMARKS]
#FINAL-08-15#
