000
CXUS54 KJAN 290800
CF6HKS
PRELIMINARY LOCAL CLIMATOLOGICAL DATA (WS FORM: F-6)

                                          STATION:   JACKSON HAWKINS
                                          MONTH:     DECEMBER
                                          YEAR:      2014
                                          LATITUDE:   32 20 N
                                          LONGITUDE:  90 14 W

  TEMPERATURE IN F:       :PCPN:    SNOW:  WIND      :SUNSHINE: SKY     :PK WND
================================================================================
1   2   3   4   5  6A  6B    7    8   9   10  11  12  13   14  15   16   17  18
                                     12Z  AVG MX 2MIN
DY MAX MIN AVG DEP HDD CDD  WTR  SNW DPTH SPD SPD DIR MIN PSBL S-S WX    SPD DR
================================================================================

 1  77  44  61   9   4   0 0.00  0.0    0  6.7 13 320   M    M   6 1      18 320
 2  53  42  48  -3  17   0 0.00  0.0    0  3.4  9 300   M    M  10 18     13 310
 3  71  46  59   8   6   0 0.00  0.0    0  2.3  7 360   M    M   5 12     10  10
 4  77  48  63  12   2   0 0.00  0.0    0  2.9  9 170   M    M   4 128    14 190
 5  76  60  68  17   0   3 0.01  0.0    0 10.0 20 190   M    M   7 1      26 190
 6  69  49  59   9   6   0 0.06  0.0    0  8.7 15 350   M    M   8 1      20 350
 7  51  43  47  -3  18   0 0.00  0.0    0  5.4 13  20   M    M   7        20  10
 8  62  41  52   2  13   0 0.00  0.0    0  2.4 12 330   M    M   0 1      16 330
 9  65  37  51   1  14   0 0.00  0.0    0  5.9 17 290   M    M   0 18     22 320
10  53  33  43  -7  22   0 0.00  0.0    0  3.5 10 300   M    M   0        14 360
11  57  31  44  -5  21   0 0.00  0.0    0  2.6  9  90   M    M   5 18     12 290
12  55  44  50   1  15   0 0.02  0.0    0  1.6  8  80   M    M   9 8      10  80
13  68  42  55   6  10   0 0.00  0.0    0  2.4  8  40   M    M   5 18     11 280
14  69  41  55   6  10   0 0.00  0.0    0  4.3  8 120   M    M   0 1      11  70
15  68  48  58   9   7   0 0.45  0.0    0  9.0 17 280   M    M   6 1      22 270
16  57  36  47  -1  18   0 0.00  0.0    0  6.6 20 300   M    M   0        28 300
17  57  33  45  -3  20   0 0.00  0.0    0  2.5  8  10   M    M   0        10 300
18  51  42  47  -1  18   0 0.03  0.0    0  4.8 10 110   M    M   8 1      14  90
19  49  45  47  -1  18   0 0.28  0.0    0  5.7 13 110   M    M  10 1      17 120
20  57  41  49   1  16   0 0.00  0.0    0  4.9 10  40   M    M   4 1      15  30
21  61  35  48   0  17   0 0.00  0.0    0  4.8 17 140   M    M   2 1      21 160
22  64  50  57   9   8   0    T  0.0    0  7.3 14 150   M    M   8 1      17 140
23  65  47  56   8   9   0 0.95  0.0    0  6.7 16 300   M    M   9 123    24 320
24  49  38  44  -3  21   0 0.00  0.0    0  9.6 20 280   M    M   9        24 290
25  56  31  44  -3  21   0 0.00  0.0    0  4.4 13 150   M    M   0        16 220
26  61  36  49   2  16   0    T  0.0    0  6.8 15 140   M    M   4 8      20 130
27  64  53  59  12   6   0 1.80  0.0    0  8.2 15 150   M    M  10 13     22 150
28  62  45  54   7  11   0 0.84  0.0    0  6.2 16 320   M    M  10 1      22 300
================================================================================
SM 1724 1181       364   3  4.44     0.0 149.6          M      146
================================================================================
AV 61.6 42.2                               5.3 FASTST   M    M   5    MAX(MPH)
                                 MISC ---->  # 20 190               # 28  300
================================================================================
NOTES:
# LAST OF SEVERAL OCCURRENCES

COLUMN 17 PEAK WIND IN M.P.H.

PRELIMINARY LOCAL CLIMATOLOGICAL DATA (WS FORM: F-6) , PAGE 2

                                          STATION:  JACKSON HAWKINS
                                          MONTH:    DECEMBER
                                          YEAR:     2014
                                          LATITUDE:   32 20 N
                                          LONGITUDE:  90 14 W

[TEMPERATURE DATA]      [PRECIPITATION DATA]       SYMBOLS USED IN COLUMN 16

AVERAGE MONTHLY: 51.9   TOTAL FOR MONTH:   4.44    1 = FOG OR MIST
DPTR FM NORMAL:   2.9   DPTR FM NORMAL:   -0.33    2 = FOG REDUCING VISIBILITY
HIGHEST:    77 ON  4, 1 GRTST 24HR  2.33 ON 27-28      TO 1/4 MILE OR LESS
LOWEST:     31 ON 25,11                            3 = THUNDER
                        SNOW, ICE PELLETS, HAIL    4 = ICE PELLETS
                        TOTAL MONTH:   0.0 INCH    5 = HAIL
                        GRTST 24HR     0.0         6 = FREEZING RAIN OR DRIZZLE
                        GRTST DEPTH:   0           7 = DUSTSTORM OR SANDSTORM:
                                                       VSBY 1/2 MILE OR LESS
                                                   8 = SMOKE OR HAZE
[NO. OF DAYS WITH]      [WEATHER - DAYS WITH]      9 = BLOWING SNOW
                                                   X = TORNADO
MAX 32 OR BELOW:   0    0.01 INCH OR MORE:   9
MAX 90 OR ABOVE:   0    0.10 INCH OR MORE:   5
MIN 32 OR BELOW:   2    0.50 INCH OR MORE:   3
MIN  0 OR BELOW:   0    1.00 INCH OR MORE:   1

[HDD (BASE 65) ]
TOTAL THIS MO.   364    CLEAR  (SCALE 0-3)   8
DPTR FM NORMAL   -96    PTCLDY (SCALE 4-7)  11
TOTAL FM JUL 1   842    CLOUDY (SCALE 8-10)  9
DPTR FM NORMAL    18

[CDD (BASE 65) ]
TOTAL THIS MO.     3
DPTR FM NORMAL     3    [PRESSURE DATA]
TOTAL FM JAN 1  2424    HIGHEST SLP M ON M
DPTR FM NORMAL    97    LOWEST  SLP 29.51 ON 23

[REMARKS]
